File: /home/mykopera/access-logs/mapabackup.mykoperasi.coop-ssl_log
57.141.0.45 - - [12/Jul/2026:12:48:48 +0000] "GET /panduan/ HTTP/2" 200 129703 "-" "Mozilla/5.0 (Macintosh; Intel Mac OS X 10_15_7) AppleWebKit/537.36 (KHTML, like Gecko) Chrome/145.0.0.0 Safari/537.36 (compatible; meta-externalagent/1.1 (+https://developers.facebook.com/docs/sharing/webmasters/crawler))"
202.78.167.217 - - [12/Jul/2026:12:55:22 +0000] "GET / HTTP/1.1" 301 0 "https://www.mapabackup.mykoperasi.coop/" "Mozilla/5.0 (iPhone; CPU iPhone OS 17_5 like Mac OS X) AppleWebKit/605.1.15 (KHTML, like Gecko) Version/17.5 Mobile/15E148 Safari/604.1"
35.254.136.216 - - [12/Jul/2026:13:07:43 +0000] "GET / HTTP/1.1" 200 149455 "-" "Mozilla/5.0 (Windows NT 10.0; Win64; x64) AppleWebKit/537.36 (KHTML, like Gecko) Chrome/89.0.4389.114 Safari/537.36"
35.254.136.216 - - [12/Jul/2026:13:07:45 +0000] "GET //wp-includes/wlwmanifest.xml HTTP/1.1" 301 0 "-" "Mozilla/5.0 (Windows NT 10.0; Win64; x64) AppleWebKit/537.36 (KHTML, like Gecko) Chrome/89.0.4389.114 Safari/537.36"
35.254.136.216 - - [12/Jul/2026:13:07:46 +0000] "GET //xmlrpc.php?rsd HTTP/1.1" 403 1242 "-" "Mozilla/5.0 (Windows NT 10.0; Win64; x64) AppleWebKit/537.36 (KHTML, like Gecko) Chrome/89.0.4389.114 Safari/537.36"
35.254.136.216 - - [12/Jul/2026:13:07:46 +0000] "GET / HTTP/1.1" 200 149455 "-" "Mozilla/5.0 (Windows NT 10.0; Win64; x64) AppleWebKit/537.36 (KHTML, like Gecko) Chrome/89.0.4389.114 Safari/537.36"
35.254.136.216 - - [12/Jul/2026:13:07:47 +0000] "GET //?author=1 HTTP/1.1" 301 0 "-" "Mozilla/5.0 (Windows NT 10.0; Win64; x64) AppleWebKit/537.36 (KHTML, like Gecko) Chrome/89.0.4389.114 Safari/537.36"
35.254.136.216 - - [12/Jul/2026:13:07:47 +0000] "GET //?author=2 HTTP/1.1" 301 0 "-" "Mozilla/5.0 (Windows NT 10.0; Win64; x64) AppleWebKit/537.36 (KHTML, like Gecko) Chrome/89.0.4389.114 Safari/537.36"
35.254.136.216 - - [12/Jul/2026:13:07:48 +0000] "GET //?author=3 HTTP/1.1" 301 0 "-" "Mozilla/5.0 (Windows NT 10.0; Win64; x64) AppleWebKit/537.36 (KHTML, like Gecko) Chrome/89.0.4389.114 Safari/537.36"
35.254.136.216 - - [12/Jul/2026:13:07:48 +0000] "GET //wp-json/wp/v2/users/ HTTP/1.1" 200 1599 "-" "Mozilla/5.0 (Windows NT 10.0; Win64; x64) AppleWebKit/537.36 (KHTML, like Gecko) Chrome/89.0.4389.114 Safari/537.36"
35.254.136.216 - - [12/Jul/2026:13:07:49 +0000] "POST //xmlrpc.php HTTP/1.1" 403 1242 "-" "Mozilla/5.0 (Windows NT 10.0; Win64; x64) AppleWebKit/537.36 (KHTML, like Gecko) Chrome/89.0.4389.114 Safari/537.36"
35.254.136.216 - - [12/Jul/2026:13:07:49 +0000] "POST //xmlrpc.php HTTP/1.1" 403 1242 "-" "Mozilla/5.0 (Windows NT 10.0; Win64; x64) AppleWebKit/537.36 (KHTML, like Gecko) Chrome/89.0.4389.114 Safari/537.36"
173.252.70.27 - - [12/Jul/2026:13:40:15 +0000] "GET /robots.txt HTTP/2" 200 0 "-" "facebookexternalhit/1.1 (+http://www.facebook.com/externalhit_uatext.php)"
209.42.27.159 - - [12/Jul/2026:13:40:16 +0000] "POST /wp-cron.php?doing_wp_cron=1783863616.6987140178680419921875 HTTP/1.1" 200 0 "-" "WordPress/7.0.1; https://mapabackup.mykoperasi.coop"
173.252.70.6 - - [12/Jul/2026:13:40:16 +0000] "GET /robots.txt HTTP/2" 200 127 "-" "facebookexternalhit/1.1 (+http://www.facebook.com/externalhit_uatext.php)"
173.252.70.114 - - [12/Jul/2026:13:40:17 +0000] "GET /robots.txt HTTP/2" 200 127 "-" "facebookexternalhit/1.1 (+http://www.facebook.com/externalhit_uatext.php)"
57.141.0.1 - - [12/Jul/2026:13:40:17 +0000] "GET /akses_wilayah_persekutuan/ HTTP/2" 200 137823 "-" "Mozilla/5.0 (Windows NT 10.0; Win64; x64) AppleWebKit/537.36 (KHTML, like Gecko) Chrome/145.0.0.0 Safari/537.36 (compatible; meta-externalagent/1.1 (+https://developers.facebook.com/docs/sharing/webmasters/crawler))"
209.42.27.159 - - [12/Jul/2026:13:59:10 +0000] "POST /wp-cron.php?doing_wp_cron=1783864750.0113689899444580078125 HTTP/1.1" 200 0 "-" "WordPress/7.0.1; https://mapabackup.mykoperasi.coop"
216.73.216.94 - - [12/Jul/2026:13:59:09 +0000] "GET /robots.txt HTTP/2" 200 103 "-" "Mozilla/5.0 AppleWebKit/537.36 (KHTML, like Gecko; compatible; ClaudeBot/1.0; +claudebot@anthropic.com)"
216.73.216.94 - - [12/Jul/2026:13:59:10 +0000] "GET /wp-sitemap.xml HTTP/2" 200 194 "-" "Mozilla/5.0 AppleWebKit/537.36 (KHTML, like Gecko; compatible; ClaudeBot/1.0; +claudebot@anthropic.com)"
52.167.144.229 - - [12/Jul/2026:14:11:15 +0000] "GET /wp-sitemap-posts-elementor-hf-1.xml HTTP/2" 200 230 "-" "Mozilla/5.0 AppleWebKit/537.36 (KHTML, like Gecko; compatible; bingbot/2.0; +http://www.bing.com/bingbot.htm) Chrome/116.0.1938.76 Safari/537.36"
209.42.27.159 - - [12/Jul/2026:14:17:04 +0000] "POST /wp-cron.php?doing_wp_cron=1783865824.4694309234619140625000 HTTP/1.1" 200 0 "-" "WordPress/7.0.1; https://mapabackup.mykoperasi.coop"
74.7.175.166 - - [12/Jul/2026:14:17:03 +0000] "GET /robots.txt HTTP/2" 200 103 "-" "Mozilla/5.0 (Macintosh; Intel Mac OS X 10_15_7) AppleWebKit/537.36 (KHTML, like Gecko) Chrome/131.0.0.0 Safari/537.36; compatible; OAI-SearchBot/1.4; robots.txt; +https://openai.com/searchbot"
209.42.27.159 - - [12/Jul/2026:14:28:46 +0000] "POST /wp-cron.php?doing_wp_cron=1783866526.7983789443969726562500 HTTP/1.1" 200 0 "-" "WordPress/7.0.1; https://mapabackup.mykoperasi.coop"
66.132.172.189 - - [12/Jul/2026:14:28:46 +0000] "GET /wp-json/?_fields=name,description,home,gmt_offset,timezone_string,namespaces HTTP/1.1" 200 306 "-" "Mozilla/5.0 (compatible; CensysInspect/1.1; +https://about.censys.io/)"
209.42.27.159 - - [12/Jul/2026:14:49:38 +0000] "POST /wp-cron.php?doing_wp_cron=1783867778.3141250610351562500000 HTTP/1.1" 200 0 "-" "WordPress/7.0.1; https://mapabackup.mykoperasi.coop"
52.167.144.166 - - [12/Jul/2026:14:49:37 +0000] "GET /wp-sitemap-posts-page-1.xml HTTP/2" 200 845 "-" "Mozilla/5.0 AppleWebKit/537.36 (KHTML, like Gecko; compatible; bingbot/2.0; +http://www.bing.com/bingbot.htm) Chrome/116.0.1938.76 Safari/537.36"
209.42.27.159 - - [12/Jul/2026:15:01:57 +0000] "POST /wp-cron.php?doing_wp_cron=1783868517.1588549613952636718750 HTTP/1.1" 200 0 "-" "WordPress/7.0.1; https://mapabackup.mykoperasi.coop"
40.77.167.21 - - [12/Jul/2026:15:01:56 +0000] "GET /wp-sitemap-users-1.xml HTTP/2" 200 176 "-" "Mozilla/5.0 AppleWebKit/537.36 (KHTML, like Gecko; compatible; bingbot/2.0; +http://www.bing.com/bingbot.htm) Chrome/116.0.1938.76 Safari/537.36"
209.42.27.159 - - [12/Jul/2026:15:50:33 +0000] "POST /wp-cron.php?doing_wp_cron=1783871433.0237588882446289062500 HTTP/1.1" 200 0 "-" "WordPress/7.0.1; https://mapabackup.mykoperasi.coop"
52.167.144.142 - - [12/Jul/2026:15:50:32 +0000] "GET / HTTP/2" 200 27008 "-" "Mozilla/5.0 AppleWebKit/537.36 (KHTML, like Gecko; compatible; bingbot/2.0; +http://www.bing.com/bingbot.htm) Chrome/116.0.1938.76 Safari/537.36"
40.77.167.28 - - [12/Jul/2026:15:50:43 +0000] "GET /wp-content/plugins/click-to-chat-for-whatsapp/new/inc/assets/js/app.js?ver=4.20 HTTP/2" 200 2906 "https://mapabackup.mykoperasi.coop/" "Mozilla/5.0 AppleWebKit/537.36 (KHTML, like Gecko; compatible; bingbot/2.0; +http://www.bing.com/bingbot.htm) Chrome/136.0.0.0 Safari/537.36 AppleWebKit/537.36 (KHTML, like Gecko; compatible; bingbot/2.0; +http://www.bing.com/bingbot.htm) Chrome/116.0.1938.76 Safari/537.36"
40.77.167.28 - - [12/Jul/2026:15:50:43 +0000] "GET /wp-includes/js/dist/i18n.min.js?ver=781d11515ad3d91786ec HTTP/2" 200 2354 "https://mapabackup.mykoperasi.coop/" "Mozilla/5.0 AppleWebKit/537.36 (KHTML, like Gecko; compatible; bingbot/2.0; +http://www.bing.com/bingbot.htm) Chrome/136.0.0.0 Safari/537.36 AppleWebKit/537.36 (KHTML, like Gecko; compatible; bingbot/2.0; +http://www.bing.com/bingbot.htm) Chrome/116.0.1938.76 Safari/537.36"
40.77.167.28 - - [12/Jul/2026:15:50:43 +0000] "GET /wp-content/plugins/contact-form-7/includes/js/index.js?ver=6.0.6 HTTP/2" 200 4008 "https://mapabackup.mykoperasi.coop/" "Mozilla/5.0 AppleWebKit/537.36 (KHTML, like Gecko; compatible; bingbot/2.0; +http://www.bing.com/bingbot.htm) Chrome/136.0.0.0 Safari/537.36 AppleWebKit/537.36 (KHTML, like Gecko; compatible; bingbot/2.0; +http://www.bing.com/bingbot.htm) Chrome/116.0.1938.76 Safari/537.36"
52.167.144.191 - - [12/Jul/2026:15:50:47 +0000] "GET /wp-content/plugins/elementor/assets/js/frontend.min.js?ver=3.28.4 HTTP/2" 200 13099 "https://mapabackup.mykoperasi.coop/" "Mozilla/5.0 AppleWebKit/537.36 (KHTML, like Gecko; compatible; bingbot/2.0; +http://www.bing.com/bingbot.htm) Chrome/136.0.0.0 Safari/537.36 AppleWebKit/537.36 (KHTML, like Gecko; compatible; bingbot/2.0; +http://www.bing.com/bingbot.htm) Chrome/116.0.1938.76 Safari/537.36"
52.167.144.191 - - [12/Jul/2026:15:50:48 +0000] "GET /wp-content/plugins/elementor/assets/js/frontend-modules.min.js?ver=3.28.4 HTTP/2" 200 14421 "https://mapabackup.mykoperasi.coop/" "Mozilla/5.0 AppleWebKit/537.36 (KHTML, like Gecko; compatible; bingbot/2.0; +http://www.bing.com/bingbot.htm) Chrome/136.0.0.0 Safari/537.36 AppleWebKit/537.36 (KHTML, like Gecko; compatible; bingbot/2.0; +http://www.bing.com/bingbot.htm) Chrome/116.0.1938.76 Safari/537.36"
52.167.144.191 - - [12/Jul/2026:15:50:48 +0000] "GET /wp-includes/js/jquery/ui/core.min.js?ver=1.13.3 HTTP/2" 200 6812 "https://mapabackup.mykoperasi.coop/" "Mozilla/5.0 AppleWebKit/537.36 (KHTML, like Gecko; compatible; bingbot/2.0; +http://www.bing.com/bingbot.htm) Chrome/136.0.0.0 Safari/537.36 AppleWebKit/537.36 (KHTML, like Gecko; compatible; bingbot/2.0; +http://www.bing.com/bingbot.htm) Chrome/116.0.1938.76 Safari/537.36"
52.167.144.191 - - [12/Jul/2026:15:50:48 +0000] "GET /wp-content/plugins/header-footer-elementor/inc/js/frontend.js?ver=2.3.0 HTTP/2" 200 3944 "https://mapabackup.mykoperasi.coop/" "Mozilla/5.0 AppleWebKit/537.36 (KHTML, like Gecko; compatible; bingbot/2.0; +http://www.bing.com/bingbot.htm) Chrome/136.0.0.0 Safari/537.36 AppleWebKit/537.36 (KHTML, like Gecko; compatible; bingbot/2.0; +http://www.bing.com/bingbot.htm) Chrome/116.0.1938.76 Safari/537.36"
52.167.144.191 - - [12/Jul/2026:15:50:49 +0000] "GET /wp-content/plugins/elementor/assets/js/webpack.runtime.min.js?ver=3.28.4 HTTP/2" 200 2228 "https://mapabackup.mykoperasi.coop/" "Mozilla/5.0 AppleWebKit/537.36 (KHTML, like Gecko; compatible; bingbot/2.0; +http://www.bing.com/bingbot.htm) Chrome/136.0.0.0 Safari/537.36 AppleWebKit/537.36 (KHTML, like Gecko; compatible; bingbot/2.0; +http://www.bing.com/bingbot.htm) Chrome/116.0.1938.76 Safari/537.36"
52.167.144.191 - - [12/Jul/2026:15:50:49 +0000] "GET /wp-includes/js/dist/hooks.min.js?ver=7496969728ca0f95732d HTTP/2" 200 1734 "https://mapabackup.mykoperasi.coop/" "Mozilla/5.0 AppleWebKit/537.36 (KHTML, like Gecko; compatible; bingbot/2.0; +http://www.bing.com/bingbot.htm) Chrome/136.0.0.0 Safari/537.36 AppleWebKit/537.36 (KHTML, like Gecko; compatible; bingbot/2.0; +http://www.bing.com/bingbot.htm) Chrome/116.0.1938.76 Safari/537.36"
52.167.144.142 - - [12/Jul/2026:15:50:53 +0000] "GET /wp-content/plugins/elementor/assets/css/conditionals/e-swiper.min.css?ver=3.28.4 HTTP/2" 200 699 "https://mapabackup.mykoperasi.coop/" "Mozilla/5.0 AppleWebKit/537.36 (KHTML, like Gecko; compatible; bingbot/2.0; +http://www.bing.com/bingbot.htm) Chrome/136.0.0.0 Safari/537.36 AppleWebKit/537.36 (KHTML, like Gecko; compatible; bingbot/2.0; +http://www.bing.com/bingbot.htm) Chrome/116.0.1938.76 Safari/537.36"
52.167.144.142 - - [12/Jul/2026:15:50:53 +0000] "GET /wp-includes/js/jquery/jquery.min.js?ver=3.7.1 HTTP/2" 200 29744 "https://mapabackup.mykoperasi.coop/" "Mozilla/5.0 AppleWebKit/537.36 (KHTML, like Gecko; compatible; bingbot/2.0; +http://www.bing.com/bingbot.htm) Chrome/136.0.0.0 Safari/537.36 AppleWebKit/537.36 (KHTML, like Gecko; compatible; bingbot/2.0; +http://www.bing.com/bingbot.htm) Chrome/116.0.1938.76 Safari/537.36"
52.167.144.142 - - [12/Jul/2026:15:50:53 +0000] "GET /wp-includes/js/jquery/jquery-migrate.min.js?ver=3.4.1 HTTP/2" 200 4678 "https://mapabackup.mykoperasi.coop/" "Mozilla/5.0 AppleWebKit/537.36 (KHTML, like Gecko; compatible; bingbot/2.0; +http://www.bing.com/bingbot.htm) Chrome/136.0.0.0 Safari/537.36 AppleWebKit/537.36 (KHTML, like Gecko; compatible; bingbot/2.0; +http://www.bing.com/bingbot.htm) Chrome/116.0.1938.76 Safari/537.36"
52.167.144.142 - - [12/Jul/2026:15:50:54 +0000] "GET /wp-content/themes/astra/assets/js/minified/frontend.min.js?ver=4.10.1 HTTP/2" 200 5606 "https://mapabackup.mykoperasi.coop/" "Mozilla/5.0 AppleWebKit/537.36 (KHTML, like Gecko; compatible; bingbot/2.0; +http://www.bing.com/bingbot.htm) Chrome/136.0.0.0 Safari/537.36 AppleWebKit/537.36 (KHTML, like Gecko; compatible; bingbot/2.0; +http://www.bing.com/bingbot.htm) Chrome/116.0.1938.76 Safari/537.36"
52.167.144.142 - - [12/Jul/2026:15:50:54 +0000] "GET /wp-content/plugins/qi-addons-for-elementor/assets/js/main.min.js?ver=1.8.9 HTTP/2" 200 12756 "https://mapabackup.mykoperasi.coop/" "Mozilla/5.0 AppleWebKit/537.36 (KHTML, like Gecko; compatible; bingbot/2.0; +http://www.bing.com/bingbot.htm) Chrome/136.0.0.0 Safari/537.36 AppleWebKit/537.36 (KHTML, like Gecko; compatible; bingbot/2.0; +http://www.bing.com/bingbot.htm) Chrome/116.0.1938.76 Safari/537.36"
52.167.144.142 - - [12/Jul/2026:15:50:54 +0000] "GET /wp-content/plugins/contact-form-7/includes/swv/js/index.js?ver=6.0.6 HTTP/2" 200 3369 "https://mapabackup.mykoperasi.coop/" "Mozilla/5.0 AppleWebKit/537.36 (KHTML, like Gecko; compatible; bingbot/2.0; +http://www.bing.com/bingbot.htm) Chrome/136.0.0.0 Safari/537.36 AppleWebKit/537.36 (KHTML, like Gecko; compatible; bingbot/2.0; +http://www.bing.com/bingbot.htm) Chrome/116.0.1938.76 Safari/537.36"
40.77.179.73 - - [12/Jul/2026:16:06:55 +0000] "GET /wp-content/plugins/elementor/assets/js/text-editor.c084ef86600b6f11690d.bundle.min.js HTTP/2" 200 1394 "https://mapabackup.mykoperasi.coop/" "Mozilla/5.0 AppleWebKit/537.36 (KHTML, like Gecko; compatible; bingbot/2.0; +http://www.bing.com/bingbot.htm) Chrome/136.0.0.0 Safari/537.36"
209.42.27.159 - - [12/Jul/2026:16:07:37 +0000] "POST /wp-cron.php?doing_wp_cron=1783872457.2340650558471679687500 HTTP/1.1" 200 0 "-" "WordPress/7.0.1; https://mapabackup.mykoperasi.coop"
52.167.144.222 - - [12/Jul/2026:16:07:36 +0000] "GET /wp-content/uploads/2022/11/Untitled.jpg HTTP/2" 404 24946 "-" "Mozilla/5.0 AppleWebKit/537.36 (KHTML, like Gecko; compatible; bingbot/2.0; +http://www.bing.com/bingbot.htm) Chrome/116.0.1938.76 Safari/537.36"
34.24.77.103 - - [12/Jul/2026:16:18:09 +0000] "GET / HTTP/2" 200 31420 "http://www.mapabackup.mykoperasi.coop" "Mozilla/5.0 (compatible; CMS-Checker/1.0; +https://example.com)"
40.77.167.67 - - [12/Jul/2026:16:26:04 +0000] "GET /wp-sitemap.xml HTTP/2" 200 194 "-" "Mozilla/5.0 AppleWebKit/537.36 (KHTML, like Gecko; compatible; bingbot/2.0; +http://www.bing.com/bingbot.htm) Chrome/116.0.1938.76 Safari/537.36"
34.24.77.103 - - [12/Jul/2026:17:01:01 +0000] "GET / HTTP/1.1" 200 149455 "-" "Mozilla/5.0 (Windows NT 10.0; Win64; x64) AppleWebKit/537.36 (KHTML, like Gecko) Chrome/78.0.3904.108 Safari/537.36"
34.24.77.103 - - [12/Jul/2026:17:01:03 +0000] "GET //wp-includes/wlwmanifest.xml HTTP/1.1" 301 0 "-" "Mozilla/5.0 (Windows NT 10.0; Win64; x64) AppleWebKit/537.36 (KHTML, like Gecko) Chrome/78.0.3904.108 Safari/537.36"
34.24.77.103 - - [12/Jul/2026:17:01:03 +0000] "GET //xmlrpc.php?rsd HTTP/1.1" 403 1242 "-" "Mozilla/5.0 (Windows NT 10.0; Win64; x64) AppleWebKit/537.36 (KHTML, like Gecko) Chrome/78.0.3904.108 Safari/537.36"
34.24.77.103 - - [12/Jul/2026:17:01:04 +0000] "GET / HTTP/1.1" 200 149455 "-" "Mozilla/5.0 (Windows NT 10.0; Win64; x64) AppleWebKit/537.36 (KHTML, like Gecko) Chrome/78.0.3904.108 Safari/537.36"
34.24.77.103 - - [12/Jul/2026:17:01:05 +0000] "GET //?author=1 HTTP/1.1" 301 0 "-" "Mozilla/5.0 (Windows NT 10.0; Win64; x64) AppleWebKit/537.36 (KHTML, like Gecko) Chrome/78.0.3904.108 Safari/537.36"
34.24.77.103 - - [12/Jul/2026:17:01:05 +0000] "GET //?author=2 HTTP/1.1" 301 0 "-" "Mozilla/5.0 (Windows NT 10.0; Win64; x64) AppleWebKit/537.36 (KHTML, like Gecko) Chrome/78.0.3904.108 Safari/537.36"
34.24.77.103 - - [12/Jul/2026:17:01:06 +0000] "GET //wp-json/wp/v2/users/ HTTP/1.1" 200 1599 "-" "Mozilla/5.0 (Windows NT 10.0; Win64; x64) AppleWebKit/537.36 (KHTML, like Gecko) Chrome/78.0.3904.108 Safari/537.36"
34.24.77.103 - - [12/Jul/2026:17:01:06 +0000] "POST //xmlrpc.php HTTP/1.1" 403 1242 "-" "Mozilla/5.0 (Windows NT 10.0; Win64; x64) AppleWebKit/537.36 (KHTML, like Gecko) Chrome/78.0.3904.108 Safari/537.36"
34.24.77.103 - - [12/Jul/2026:17:01:07 +0000] "POST //xmlrpc.php HTTP/1.1" 403 1242 "-" "Mozilla/5.0 (Windows NT 10.0; Win64; x64) AppleWebKit/537.36 (KHTML, like Gecko) Chrome/78.0.3904.108 Safari/537.36"
216.73.216.94 - - [12/Jul/2026:17:05:17 +0000] "GET /robots.txt HTTP/2" 200 103 "-" "Mozilla/5.0 AppleWebKit/537.36 (KHTML, like Gecko; compatible; ClaudeBot/1.0; +claudebot@anthropic.com)"
216.73.216.94 - - [12/Jul/2026:17:05:19 +0000] "GET /wp-sitemap.xml HTTP/2" 200 194 "-" "Mozilla/5.0 AppleWebKit/537.36 (KHTML, like Gecko; compatible; ClaudeBot/1.0; +claudebot@anthropic.com)"
209.42.27.159 - - [12/Jul/2026:17:25:35 +0000] "POST /wp-cron.php?doing_wp_cron=1783877135.2530179023742675781250 HTTP/1.1" 200 0 "-" "WordPress/7.0.1; https://mapabackup.mykoperasi.coop"
209.42.27.159 - - [12/Jul/2026:17:25:35 +0000] "POST /wp-cron.php?doing_wp_cron=1783877135.5949430465698242187500 HTTP/1.1" 200 0 "-" "WordPress/7.0.1; https://mapabackup.mykoperasi.coop"
57.141.0.42 - - [12/Jul/2026:17:25:34 +0000] "GET /akses_pulau_pinang/ HTTP/2" 200 138038 "-" "Mozilla/5.0 (Windows NT 10.0; Win64; x64) AppleWebKit/537.36 (KHTML, like Gecko) Chrome/145.0.0.0 Safari/537.36 (compatible; meta-externalagent/1.1 (+https://developers.facebook.com/docs/sharing/webmasters/crawler))"
57.141.0.12 - - [12/Jul/2026:17:26:43 +0000] "GET /wp-sitemap-posts-elementor-hf-1.xml HTTP/2" 200 448 "-" "Mozilla/5.0 (Windows NT 10.0; Win64; x64) AppleWebKit/537.36 (KHTML, like Gecko) Chrome/145.0.0.0 Safari/537.36 (compatible; meta-externalagent/1.1 (+https://developers.facebook.com/docs/sharing/webmasters/crawler))"
209.42.27.159 - - [12/Jul/2026:17:38:14 +0000] "POST /wp-cron.php?doing_wp_cron=1783877893.8687469959259033203125 HTTP/1.1" 200 0 "-" "WordPress/7.0.1; https://mapabackup.mykoperasi.coop"
57.141.0.28 - - [12/Jul/2026:17:38:13 +0000] "GET /borang-kaji-selidik/ HTTP/2" 200 129608 "-" "Mozilla/5.0 (Windows NT 10.0; Win64; x64) AppleWebKit/537.36 (KHTML, like Gecko) Chrome/145.0.0.0 Safari/537.36 (compatible; meta-externalagent/1.1 (+https://developers.facebook.com/docs/sharing/webmasters/crawler))"
209.42.27.159 - - [12/Jul/2026:18:35:38 +0000] "POST /wp-cron.php?doing_wp_cron=1783881337.8488891124725341796875 HTTP/1.1" 200 0 "-" "WordPress/7.0.1; https://mapabackup.mykoperasi.coop"
209.42.27.159 - - [12/Jul/2026:18:35:38 +0000] "POST /wp-cron.php?doing_wp_cron=1783881338.2524209022521972656250 HTTP/1.1" 200 0 "-" "WordPress/7.0.1; https://mapabackup.mykoperasi.coop"
57.141.0.4 - - [12/Jul/2026:18:35:37 +0000] "GET /akses_selangor/ HTTP/2" 200 137963 "-" "Mozilla/5.0 (Windows NT 10.0; Win64; x64) AppleWebKit/537.36 (KHTML, like Gecko) Chrome/145.0.0.0 Safari/537.36 (compatible; meta-externalagent/1.1 (+https://developers.facebook.com/docs/sharing/webmasters/crawler))"
57.141.0.39 - - [12/Jul/2026:18:45:16 +0000] "GET /wp-sitemap.xml HTTP/2" 200 499 "-" "Mozilla/5.0 (Macintosh; Intel Mac OS X 10_15_7) AppleWebKit/537.36 (KHTML, like Gecko) Chrome/145.0.0.0 Safari/537.36 (compatible; meta-externalagent/1.1 (+https://developers.facebook.com/docs/sharing/webmasters/crawler))"
146.190.83.166 - - [12/Jul/2026:19:09:37 +0000] "GET //xmlrpc.php?rsd HTTP/1.1" 403 1242 "https://mahamtejaratarshin.com//wp-login.php" "Mozilla/5.0 (Windows NT 10.0; Win64; x64) AppleWebKit/537.36 (KHTML, like Gecko) Chrome/131.0.0.0 Safari/537.36"
146.190.83.166 - - [12/Jul/2026:19:09:37 +0000] "GET //blog/robots.txt HTTP/1.1" 301 0 "https://mahamtejaratarshin.com//wp-login.php" "Mozilla/5.0 (Windows NT 10.0; Win64; x64) AppleWebKit/537.36 (KHTML, like Gecko) Chrome/131.0.0.0 Safari/537.36"
146.190.83.166 - - [12/Jul/2026:19:09:37 +0000] "GET //blog/ HTTP/1.1" 301 0 "https://mahamtejaratarshin.com//wp-login.php" "Mozilla/5.0 (Windows NT 10.0; Win64; x64) AppleWebKit/537.36 (KHTML, like Gecko) Chrome/131.0.0.0 Safari/537.36"
146.190.83.166 - - [12/Jul/2026:19:09:38 +0000] "GET //wordpress/ HTTP/1.1" 301 0 "https://mahamtejaratarshin.com//wp-login.php" "Mozilla/5.0 (Windows NT 10.0; Win64; x64) AppleWebKit/537.36 (KHTML, like Gecko) Chrome/131.0.0.0 Safari/537.36"
146.190.83.166 - - [12/Jul/2026:19:09:38 +0000] "GET //wp/ HTTP/1.1" 301 0 "https://mahamtejaratarshin.com//wp-login.php" "Mozilla/5.0 (Windows NT 10.0; Win64; x64) AppleWebKit/537.36 (KHTML, like Gecko) Chrome/131.0.0.0 Safari/537.36"
209.42.27.159 - - [12/Jul/2026:19:33:12 +0000] "POST /wp-cron.php?doing_wp_cron=1783884792.5221021175384521484375 HTTP/1.1" 200 0 "-" "WordPress/7.0.1; https://mapabackup.mykoperasi.coop"
40.77.167.136 - - [12/Jul/2026:19:33:12 +0000] "GET /notis_dan_borang_pencalonan/ HTTP/2" 200 25217 "-" "Mozilla/5.0 AppleWebKit/537.36 (KHTML, like Gecko; compatible; bingbot/2.0; +http://www.bing.com/bingbot.htm) Chrome/116.0.1938.76 Safari/537.36"
209.42.27.159 - - [12/Jul/2026:20:06:38 +0000] "POST /wp-cron.php?doing_wp_cron=1783886798.5543980598449707031250 HTTP/1.1" 200 0 "-" "WordPress/7.0.1; https://mapabackup.mykoperasi.coop"
216.73.216.94 - - [12/Jul/2026:20:06:38 +0000] "GET /robots.txt HTTP/2" 200 103 "-" "Mozilla/5.0 AppleWebKit/537.36 (KHTML, like Gecko; compatible; ClaudeBot/1.0; +claudebot@anthropic.com)"
216.73.216.94 - - [12/Jul/2026:20:06:38 +0000] "GET /wp-sitemap.xml HTTP/2" 200 194 "-" "Mozilla/5.0 AppleWebKit/537.36 (KHTML, like Gecko; compatible; ClaudeBot/1.0; +claudebot@anthropic.com)"
209.42.27.159 - - [12/Jul/2026:21:17:26 +0000] "POST /wp-cron.php?doing_wp_cron=1783891046.2704200744628906250000 HTTP/1.1" 200 0 "-" "WordPress/7.0.1; https://mapabackup.mykoperasi.coop"
209.42.27.159 - - [12/Jul/2026:21:17:26 +0000] "POST /wp-cron.php?doing_wp_cron=1783891046.4212310314178466796875 HTTP/1.1" 200 0 "-" "WordPress/7.0.1; https://mapabackup.mykoperasi.coop"
74.7.243.197 - - [12/Jul/2026:21:17:26 +0000] "GET / HTTP/2" 301 0 "-" "Mozilla/5.0 AppleWebKit/537.36 (KHTML, like Gecko; compatible; GPTBot/1.4; +https://openai.com/gptbot)"
209.42.27.159 - - [12/Jul/2026:21:17:26 +0000] "POST /wp-cron.php?doing_wp_cron=1783891046.4653089046478271484375 HTTP/1.1" 200 0 "-" "WordPress/7.0.1; https://mapabackup.mykoperasi.coop"
74.7.175.145 - - [12/Jul/2026:21:17:25 +0000] "GET /robots.txt HTTP/2" 301 0 "-" "Mozilla/5.0 (Macintosh; Intel Mac OS X 10_15_7) AppleWebKit/537.36 (KHTML, like Gecko) Chrome/131.0.0.0 Safari/537.36; compatible; OAI-SearchBot/1.4; robots.txt; +https://openai.com/searchbot"
74.7.175.145 - - [12/Jul/2026:21:17:27 +0000] "GET /robots.txt HTTP/2" 200 103 "https://www.mapabackup.mykoperasi.coop/robots.txt" "Mozilla/5.0 (Macintosh; Intel Mac OS X 10_15_7) AppleWebKit/537.36 (KHTML, like Gecko) Chrome/131.0.0.0 Safari/537.36; compatible; OAI-SearchBot/1.4; robots.txt; +https://openai.com/searchbot"
74.7.241.32 - - [12/Jul/2026:22:16:07 +0000] "GET /wp-sitemap.xml HTTP/2" 200 194 "-" "Mozilla/5.0 AppleWebKit/537.36 (KHTML, like Gecko; compatible; GPTBot/1.4; +https://openai.com/gptbot)"
209.42.27.159 - - [12/Jul/2026:22:16:07 +0000] "POST /wp-cron.php?doing_wp_cron=1783894567.7690329551696777343750 HTTP/1.1" 200 0 "-" "WordPress/7.0.1; https://mapabackup.mykoperasi.coop"
74.7.175.166 - - [12/Jul/2026:22:16:07 +0000] "GET /robots.txt HTTP/2" 200 103 "-" "Mozilla/5.0 (Macintosh; Intel Mac OS X 10_15_7) AppleWebKit/537.36 (KHTML, like Gecko) Chrome/131.0.0.0 Safari/537.36; compatible; OAI-SearchBot/1.4; robots.txt; +https://openai.com/searchbot"
209.42.27.159 - - [12/Jul/2026:22:25:17 +0000] "POST /wp-cron.php?doing_wp_cron=1783895117.2190270423889160156250 HTTP/1.1" 200 0 "-" "WordPress/7.0.1; https://mapabackup.mykoperasi.coop"
209.42.27.159 - - [12/Jul/2026:22:25:18 +0000] "POST /wp-cron.php?doing_wp_cron=1783895118.2952098846435546875000 HTTP/1.1" 200 0 "-" "WordPress/7.0.1; https://mapabackup.mykoperasi.coop"
57.141.0.17 - - [12/Jul/2026:22:25:16 +0000] "GET /borang-bantahan/ HTTP/2" 200 132540 "-" "Mozilla/5.0 (Windows NT 10.0; Win64; x64) AppleWebKit/537.36 (KHTML, like Gecko) Chrome/145.0.0.0 Safari/537.36 Edg/145.0.0.0 (compatible; meta-externalagent/1.1 (+https://developers.facebook.com/docs/sharing/webmasters/crawler))"
57.141.0.38 - - [12/Jul/2026:22:57:53 +0000] "GET /buku_laporan/ HTTP/2" 200 133552 "-" "Mozilla/5.0 (Windows NT 10.0; Win64; x64) AppleWebKit/537.36 (KHTML, like Gecko) Chrome/145.0.0.0 Safari/537.36 (compatible; meta-externalagent/1.1 (+https://developers.facebook.com/docs/sharing/webmasters/crawler))"
104.210.140.132 - - [12/Jul/2026:23:14:24 +0000] "GET /robots.txt HTTP/2" 200 103 "-" "Mozilla/5.0 (Macintosh; Intel Mac OS X 10_15_7) AppleWebKit/537.36 (KHTML, like Gecko) Chrome/131.0.0.0 Safari/537.36; compatible; OAI-SearchBot/1.0; +https://openai.com/searchbot"
216.73.216.94 - - [12/Jul/2026:23:16:24 +0000] "GET /robots.txt HTTP/2" 200 103 "-" "Mozilla/5.0 AppleWebKit/537.36 (KHTML, like Gecko; compatible; ClaudeBot/1.0; +claudebot@anthropic.com)"
209.42.27.159 - - [12/Jul/2026:23:16:29 +0000] "POST /wp-cron.php?doing_wp_cron=1783898189.0166459083557128906250 HTTP/1.1" 200 0 "-" "WordPress/7.0.1; https://mapabackup.mykoperasi.coop"
216.73.216.94 - - [12/Jul/2026:23:16:28 +0000] "GET /wp-sitemap.xml HTTP/2" 200 194 "-" "Mozilla/5.0 AppleWebKit/537.36 (KHTML, like Gecko; compatible; ClaudeBot/1.0; +claudebot@anthropic.com)"
209.42.27.159 - - [12/Jul/2026:23:27:02 +0000] "POST /wp-cron.php?doing_wp_cron=1783898822.7774949073791503906250 HTTP/1.1" 200 0 "-" "WordPress/7.0.1; https://mapabackup.mykoperasi.coop"
209.42.27.159 - - [12/Jul/2026:23:27:03 +0000] "POST /wp-cron.php?doing_wp_cron=1783898823.1320140361785888671875 HTTP/1.1" 200 0 "-" "WordPress/7.0.1; https://mapabackup.mykoperasi.coop"
57.141.0.4 - - [12/Jul/2026:23:27:02 +0000] "GET / HTTP/2" 200 149455 "-" "Mozilla/5.0 (Macintosh; Intel Mac OS X 10_15_7) AppleWebKit/537.36 (KHTML, like Gecko) Chrome/145.0.0.0 Safari/537.36 (compatible; meta-externalagent/1.1 (+https://developers.facebook.com/docs/sharing/webmasters/crawler))"
209.42.27.159 - - [13/Jul/2026:00:46:06 +0000] "POST /wp-cron.php?doing_wp_cron=1783903566.0893769264221191406250 HTTP/1.1" 200 0 "-" "WordPress/7.0.1; https://mapabackup.mykoperasi.coop"
209.42.27.159 - - [13/Jul/2026:00:46:06 +0000] "POST /wp-cron.php?doing_wp_cron=1783903566.2974879741668701171875 HTTP/1.1" 200 0 "-" "WordPress/7.0.1; https://mapabackup.mykoperasi.coop"
57.141.0.71 - - [13/Jul/2026:00:46:04 +0000] "GET /elementor-hf/web-header/ HTTP/2" 301 0 "-" "Mozilla/5.0 (Windows NT 10.0; Win64; x64) AppleWebKit/537.36 (KHTML, like Gecko) Chrome/145.0.0.0 Safari/537.36 (compatible; meta-externalagent/1.1 (+https://developers.facebook.com/docs/sharing/webmasters/crawler))"
57.141.0.37 - - [13/Jul/2026:00:48:41 +0000] "GET /author/noh/ HTTP/2" 200 127900 "-" "Mozilla/5.0 (Windows NT 10.0; Win64; x64) AppleWebKit/537.36 (KHTML, like Gecko) Chrome/145.0.0.0 Safari/537.36 (compatible; meta-externalagent/1.1 (+https://developers.facebook.com/docs/sharing/webmasters/crawler))"
94.154.43.188 - - [13/Jul/2026:01:22:34 +0000] "GET /wp-content/plugins/click-to-chat-for-whatsapp/new/inc/assets/js/app.js HTTP/1.1" 200 9523 "-" "Mozilla/5.0 (Windows NT 10.0; Win64; x64) AppleWebKit/537.36 (KHTML, like Gecko) Chrome/147.0.0.0 Safari/537.36"
94.154.43.188 - - [13/Jul/2026:01:22:34 +0000] "GET /wp-content/plugins/contact-form-7/includes/swv/js/index.js HTTP/1.1" 200 12512 "-" "Mozilla/5.0 (Windows NT 10.0; Win64; x64) AppleWebKit/537.36 (KHTML, like Gecko) Chrome/147.0.0.0 Safari/537.36"
94.154.43.179 - - [13/Jul/2026:01:22:34 +0000] "GET /wp-content/plugins/qi-addons-for-elementor/assets/js/main.min.js HTTP/1.1" 200 63321 "-" "Mozilla/5.0 (Windows NT 10.0; Win64; x64) AppleWebKit/537.36 (KHTML, like Gecko) Chrome/147.0.0.0 Safari/537.36"
94.154.43.188 - - [13/Jul/2026:01:22:34 +0000] "GET /wp-content/plugins/contact-form-7/includes/js/index.js HTTP/1.1" 200 13452 "-" "Mozilla/5.0 (Windows NT 10.0; Win64; x64) AppleWebKit/537.36 (KHTML, like Gecko) Chrome/147.0.0.0 Safari/537.36"
209.42.27.159 - - [13/Jul/2026:01:37:55 +0000] "POST /wp-cron.php?doing_wp_cron=1783906675.3562710285186767578125 HTTP/1.1" 200 0 "-" "WordPress/7.0.1; https://mapabackup.mykoperasi.coop"
216.73.217.104 - - [13/Jul/2026:01:37:54 +0000] "GET /robots.txt HTTP/2" 200 103 "-" "Mozilla/5.0 AppleWebKit/537.36 (KHTML, like Gecko; compatible; ClaudeBot/1.0; +claudebot@anthropic.com)"
216.73.217.104 - - [13/Jul/2026:01:37:55 +0000] "GET /wp-sitemap.xml HTTP/2" 200 194 "-" "Mozilla/5.0 AppleWebKit/537.36 (KHTML, like Gecko; compatible; ClaudeBot/1.0; +claudebot@anthropic.com)"
156.59.198.136 - - [13/Jul/2026:01:52:28 +0000] "GET /wp-content/uploads/2025/04/SENARAI-PEJABAT-ANGKASA-NEGERI-2025_page-0001-725x1024.jpg HTTP/2" 200 121180 "https://mapabackup.mykoperasi.coop/helpdesk/" "Mozilla/5.0 (Linux; Android 5.0) AppleWebKit/537.36 (KHTML, like Gecko) Mobile Safari/537.36 (compatible; Bytespider; spider-feedback@bytedance.com)"
209.42.27.159 - - [13/Jul/2026:02:00:36 +0000] "POST /wp-cron.php?doing_wp_cron=1783908036.3194279670715332031250 HTTP/1.1" 200 0 "-" "WordPress/7.0.1; https://mapabackup.mykoperasi.coop"
207.46.13.230 - - [13/Jul/2026:02:00:35 +0000] "GET /robots.txt HTTP/2" 200 103 "-" "Mozilla/5.0 AppleWebKit/537.36 (KHTML, like Gecko; compatible; bingbot/2.0; +http://www.bing.com/bingbot.htm) Chrome/116.0.1938.76 Safari/537.36"
52.167.144.232 - - [13/Jul/2026:02:00:41 +0000] "GET /wp-content/uploads/2024/02/4.-Notis-14-hr-WP.pdf HTTP/2" 200 515651 "-" "Mozilla/5.0 AppleWebKit/537.36 (KHTML, like Gecko; compatible; bingbot/2.0; +http://www.bing.com/bingbot.htm) Chrome/116.0.1938.76 Safari/537.36"
57.141.0.1 - - [13/Jul/2026:02:13:58 +0000] "GET /akses_sarawak/ HTTP/2" 200 137875 "-" "Mozilla/5.0 (Windows NT 10.0; Win64; x64) AppleWebKit/537.36 (KHTML, like Gecko) Chrome/145.0.0.0 Safari/537.36 (compatible; meta-externalagent/1.1 (+https://developers.facebook.com/docs/sharing/webmasters/crawler))"
209.42.27.159 - - [13/Jul/2026:02:49:47 +0000] "POST /wp-cron.php?doing_wp_cron=1783910986.9576880931854248046875 HTTP/1.1" 200 0 "-" "WordPress/7.0.1; https://mapabackup.mykoperasi.coop"
45.94.31.183 - - [13/Jul/2026:02:49:46 +0000] "POST /index.php?option=com_sppagebuilder&task=asset.uploadCustomIcon HTTP/1.1" 200 31420 "-" "python-requests/2.27.1"
45.94.31.183 - - [13/Jul/2026:02:49:47 +0000] "GET /media/com_sppagebuilder/assets/iconfont/shxt_fwajid/fonts/shxt.php HTTP/1.1" 404 28685 "-" "python-requests/2.27.1"
45.94.31.183 - - [13/Jul/2026:02:49:49 +0000] "POST /index.php?option=com_sppagebuilder&task=asset.uploadCustomIcon HTTP/1.1" 200 31420 "-" "python-requests/2.27.1"
45.94.31.183 - - [13/Jul/2026:02:49:50 +0000] "GET /media/com_sppagebuilder/assets/iconfont/shxt_tjnbfl/fonts/shxt.PHP HTTP/1.1" 404 28685 "-" "python-requests/2.27.1"
209.42.27.159 - - [13/Jul/2026:03:06:02 +0000] "POST /wp-cron.php?doing_wp_cron=1783911962.2068009376525878906250 HTTP/1.1" 200 0 "-" "WordPress/7.0.1; https://mapabackup.mykoperasi.coop"
175.139.236.165 - - [13/Jul/2026:03:06:01 +0000] "GET /akses_kedah/ HTTP/2" 200 25716 "https://www.google.com/" "Mozilla/5.0 (Windows NT 10.0; Win64; x64) AppleWebKit/537.36 (KHTML, like Gecko) Chrome/109.0.0.0 Safari/537.36"
175.139.236.165 - - [13/Jul/2026:03:06:02 +0000] "GET /wp-content/themes/astra/assets/css/minified/main.min.css?ver=4.10.1 HTTP/2" 200 8479 "https://mapabackup.mykoperasi.coop/akses_kedah/" "Mozilla/5.0 (Windows NT 10.0; Win64; x64) AppleWebKit/537.36 (KHTML, like Gecko) Chrome/109.0.0.0 Safari/537.36"
175.139.236.165 - - [13/Jul/2026:03:06:02 +0000] "GET /wp-content/plugins/click-to-chat-for-whatsapp/new/inc/assets/css/main.css?ver=4.20 HTTP/2" 200 511 "https://mapabackup.mykoperasi.coop/akses_kedah/" "Mozilla/5.0 (Windows NT 10.0; Win64; x64) AppleWebKit/537.36 (KHTML, like Gecko) Chrome/109.0.0.0 Safari/537.36"
175.139.236.165 - - [13/Jul/2026:03:06:02 +0000] "GET /wp-content/plugins/header-footer-elementor/inc/widgets-css/frontend.css?ver=2.3.0 HTTP/2" 200 8133 "https://mapabackup.mykoperasi.coop/akses_kedah/" "Mozilla/5.0 (Windows NT 10.0; Win64; x64) AppleWebKit/537.36 (KHTML, like Gecko) Chrome/109.0.0.0 Safari/537.36"
175.139.236.165 - - [13/Jul/2026:03:06:02 +0000] "GET /wp-content/plugins/contact-form-7/includes/css/styles.css?ver=6.0.6 HTTP/2" 200 890 "https://mapabackup.mykoperasi.coop/akses_kedah/" "Mozilla/5.0 (Windows NT 10.0; Win64; x64) AppleWebKit/537.36 (KHTML, like Gecko) Chrome/109.0.0.0 Safari/537.36"
175.139.236.165 - - [13/Jul/2026:03:06:02 +0000] "GET /wp-content/themes/astra/assets/css/minified/compatibility/contact-form-7-main.min.css?ver=4.10.1 HTTP/2" 200 344 "https://mapabackup.mykoperasi.coop/akses_kedah/" "Mozilla/5.0 (Windows NT 10.0; Win64; x64) AppleWebKit/537.36 (KHTML, like Gecko) Chrome/109.0.0.0 Safari/537.36"
175.139.236.165 - - [13/Jul/2026:03:06:02 +0000] "GET /wp-content/plugins/qi-addons-for-elementor/assets/css/grid.min.css?ver=1.8.9 HTTP/2" 200 1459 "https://mapabackup.mykoperasi.coop/akses_kedah/" "Mozilla/5.0 (Windows NT 10.0; Win64; x64) AppleWebKit/537.36 (KHTML, like Gecko) Chrome/109.0.0.0 Safari/537.36"
175.139.236.165 - - [13/Jul/2026:03:06:02 +0000] "GET /wp-content/plugins/qi-addons-for-elementor/assets/css/helper-parts.min.css?ver=1.8.9 HTTP/2" 200 2881 "https://mapabackup.mykoperasi.coop/akses_kedah/" "Mozilla/5.0 (Windows NT 10.0; Win64; x64) AppleWebKit/537.36 (KHTML, like Gecko) Chrome/109.0.0.0 Safari/537.36"
175.139.236.165 - - [13/Jul/2026:03:06:02 +0000] "GET /wp-content/plugins/qi-addons-for-elementor/assets/css/main.min.css?ver=1.8.9 HTTP/2" 200 24437 "https://mapabackup.mykoperasi.coop/akses_kedah/" "Mozilla/5.0 (Windows NT 10.0; Win64; x64) AppleWebKit/537.36 (KHTML, like Gecko) Chrome/109.0.0.0 Safari/537.36"
175.139.236.165 - - [13/Jul/2026:03:06:02 +0000] "GET /wp-content/plugins/header-footer-elementor/assets/css/header-footer-elementor.css?ver=2.3.0 HTTP/2" 200 259 "https://mapabackup.mykoperasi.coop/akses_kedah/" "Mozilla/5.0 (Windows NT 10.0; Win64; x64) AppleWebKit/537.36 (KHTML, like Gecko) Chrome/109.0.0.0 Safari/537.36"
175.139.236.165 - - [13/Jul/2026:03:06:02 +0000] "GET /wp-content/plugins/elementor/assets/lib/eicons/css/elementor-icons.min.css?ver=5.36.0 HTTP/2" 200 3845 "https://mapabackup.mykoperasi.coop/akses_kedah/" "Mozilla/5.0 (Windows NT 10.0; Win64; x64) AppleWebKit/537.36 (KHTML, like Gecko) Chrome/109.0.0.0 Safari/537.36"
175.139.236.165 - - [13/Jul/2026:03:06:02 +0000] "GET /wp-content/plugins/elementor/assets/css/frontend.min.css?ver=3.28.4 HTTP/2" 200 6453 "https://mapabackup.mykoperasi.coop/akses_kedah/" "Mozilla/5.0 (Windows NT 10.0; Win64; x64) AppleWebKit/537.36 (KHTML, like Gecko) Chrome/109.0.0.0 Safari/537.36"
175.139.236.165 - - [13/Jul/2026:03:06:02 +0000] "GET /wp-content/uploads/elementor/css/post-1314.css?ver=1751352728 HTTP/2" 200 356 "https://mapabackup.mykoperasi.coop/akses_kedah/" "Mozilla/5.0 (Windows NT 10.0; Win64; x64) AppleWebKit/537.36 (KHTML, like Gecko) Chrome/109.0.0.0 Safari/537.36"
175.139.236.165 - - [13/Jul/2026:03:06:02 +0000] "GET /wp-content/plugins/elementor/assets/css/widget-image.min.css?ver=3.28.4 HTTP/2" 200 119 "https://mapabackup.mykoperasi.coop/akses_kedah/" "Mozilla/5.0 (Windows NT 10.0; Win64; x64) AppleWebKit/537.36 (KHTML, like Gecko) Chrome/109.0.0.0 Safari/537.36"
175.139.236.165 - - [13/Jul/2026:03:06:02 +0000] "GET /wp-content/plugins/elementor/assets/css/widget-heading.min.css?ver=3.28.4 HTTP/2" 200 154 "https://mapabackup.mykoperasi.coop/akses_kedah/" "Mozilla/5.0 (Windows NT 10.0; Win64; x64) AppleWebKit/537.36 (KHTML, like Gecko) Chrome/109.0.0.0 Safari/537.36"
175.139.236.165 - - [13/Jul/2026:03:06:02 +0000] "GET /wp-content/plugins/elementor/assets/css/widget-spacer.min.css?ver=3.28.4 HTTP/2" 200 315 "https://mapabackup.mykoperasi.coop/akses_kedah/" "Mozilla/5.0 (Windows NT 10.0; Win64; x64) AppleWebKit/537.36 (KHTML, like Gecko) Chrome/109.0.0.0 Safari/537.36"
175.139.236.165 - - [13/Jul/2026:03:06:02 +0000] "GET /wp-content/plugins/elementor/assets/css/widget-google_maps.min.css?ver=3.28.4 HTTP/2" 200 117 "https://mapabackup.mykoperasi.coop/akses_kedah/" "Mozilla/5.0 (Windows NT 10.0; Win64; x64) AppleWebKit/537.36 (KHTML, like Gecko) Chrome/109.0.0.0 Safari/537.36"
175.139.236.165 - - [13/Jul/2026:03:06:02 +0000] "GET /wp-content/uploads/elementor/css/post-3429.css?ver=1759179114 HTTP/2" 200 747 "https://mapabackup.mykoperasi.coop/akses_kedah/" "Mozilla/5.0 (Windows NT 10.0; Win64; x64) AppleWebKit/537.36 (KHTML, like Gecko) Chrome/109.0.0.0 Safari/537.36"
175.139.236.165 - - [13/Jul/2026:03:06:02 +0000] "GET /wp-content/uploads/elementor/css/post-1336.css?ver=1751352730 HTTP/2" 200 1590 "https://mapabackup.mykoperasi.coop/akses_kedah/" "Mozilla/5.0 (Windows NT 10.0; Win64; x64) AppleWebKit/537.36 (KHTML, like Gecko) Chrome/109.0.0.0 Safari/537.36"
175.139.236.165 - - [13/Jul/2026:03:06:02 +0000] "GET /wp-content/uploads/elementor/css/post-1565.css?ver=1751352734 HTTP/2" 200 1090 "https://mapabackup.mykoperasi.coop/akses_kedah/" "Mozilla/5.0 (Windows NT 10.0; Win64; x64) AppleWebKit/537.36 (KHTML, like Gecko) Chrome/109.0.0.0 Safari/537.36"
175.139.236.165 - - [13/Jul/2026:03:06:02 +0000] "GET /wp-content/plugins/qi-addons-for-elementor/assets/plugins/swiper/8.4.5/swiper.min.css?ver=8.4.5 HTTP/2" 200 4248 "https://mapabackup.mykoperasi.coop/akses_kedah/" "Mozilla/5.0 (Windows NT 10.0; Win64; x64) AppleWebKit/537.36 (KHTML, like Gecko) Chrome/109.0.0.0 Safari/537.36"
175.139.236.165 - - [13/Jul/2026:03:06:02 +0000] "GET /wp-content/plugins/elementor/assets/lib/eicons/css/elementor-icons.min.css?ver=5.34.0 HTTP/2" 200 3845 "https://mapabackup.mykoperasi.coop/akses_kedah/" "Mozilla/5.0 (Windows NT 10.0; Win64; x64) AppleWebKit/537.36 (KHTML, like Gecko) Chrome/109.0.0.0 Safari/537.36"
175.139.236.165 - - [13/Jul/2026:03:06:02 +0000] "GET /wp-content/plugins/elementor/assets/css/widget-icon-list.min.css?ver=3.24.3 HTTP/2" 200 957 "https://mapabackup.mykoperasi.coop/akses_kedah/" "Mozilla/5.0 (Windows NT 10.0; Win64; x64) AppleWebKit/537.36 (KHTML, like Gecko) Chrome/109.0.0.0 Safari/537.36"
175.139.236.165 - - [13/Jul/2026:03:06:02 +0000] "GET /wp-content/plugins/elementor/assets/css/widget-social-icons.min.css?ver=3.24.0 HTTP/2" 200 1069 "https://mapabackup.mykoperasi.coop/akses_kedah/" "Mozilla/5.0 (Windows NT 10.0; Win64; x64) AppleWebKit/537.36 (KHTML, like Gecko) Chrome/109.0.0.0 Safari/537.36"
175.139.236.165 - - [13/Jul/2026:03:06:02 +0000] "GET /wp-content/plugins/elementor/assets/lib/font-awesome/css/brands.css?ver=5.15.3 HTTP/2" 200 296 "https://mapabackup.mykoperasi.coop/akses_kedah/" "Mozilla/5.0 (Windows NT 10.0; Win64; x64) AppleWebKit/537.36 (KHTML, like Gecko) Chrome/109.0.0.0 Safari/537.36"
175.139.236.165 - - [13/Jul/2026:03:06:02 +0000] "GET /wp-content/plugins/elementor/assets/lib/font-awesome/css/fontawesome.css?ver=5.15.3 HTTP/2" 200 12526 "https://mapabackup.mykoperasi.coop/akses_kedah/" "Mozilla/5.0 (Windows NT 10.0; Win64; x64) AppleWebKit/537.36 (KHTML, like Gecko) Chrome/109.0.0.0 Safari/537.36"
175.139.236.165 - - [13/Jul/2026:03:06:02 +0000] "GET /wp-content/plugins/elementor/assets/lib/font-awesome/css/solid.css?ver=5.15.3 HTTP/2" 200 296 "https://mapabackup.mykoperasi.coop/akses_kedah/" "Mozilla/5.0 (Windows NT 10.0; Win64; x64) AppleWebKit/537.36 (KHTML, like Gecko) Chrome/109.0.0.0 Safari/537.36"
175.139.236.165 - - [13/Jul/2026:03:06:02 +0000] "GET /wp-content/uploads/elementor/google-fonts/css/roboto.css?ver=1751352742 HTTP/2" 200 1881 "https://mapabackup.mykoperasi.coop/akses_kedah/" "Mozilla/5.0 (Windows NT 10.0; Win64; x64) AppleWebKit/537.36 (KHTML, like Gecko) Chrome/109.0.0.0 Safari/537.36"
175.139.236.165 - - [13/Jul/2026:03:06:02 +0000] "GET /wp-content/uploads/elementor/google-fonts/css/robotoslab.css?ver=1751352743 HTTP/2" 200 712 "https://mapabackup.mykoperasi.coop/akses_kedah/" "Mozilla/5.0 (Windows NT 10.0; Win64; x64) AppleWebKit/537.36 (KHTML, like Gecko) Chrome/109.0.0.0 Safari/537.36"
175.139.236.165 - - [13/Jul/2026:03:06:02 +0000] "GET /wp-content/uploads/elementor/google-fonts/css/poppins.css?ver=1751352745 HTTP/2" 200 775 "https://mapabackup.mykoperasi.coop/akses_kedah/" "Mozilla/5.0 (Windows NT 10.0; Win64; x64) AppleWebKit/537.36 (KHTML, like Gecko) Chrome/109.0.0.0 Safari/537.36"
175.139.236.165 - - [13/Jul/2026:03:06:02 +0000] "GET /wp-content/plugins/elementor/assets/lib/font-awesome/css/fontawesome.min.css?ver=5.15.3 HTTP/2" 200 12164 "https://mapabackup.mykoperasi.coop/akses_kedah/" "Mozilla/5.0 (Windows NT 10.0; Win64; x64) AppleWebKit/537.36 (KHTML, like Gecko) Chrome/109.0.0.0 Safari/537.36"
175.139.236.165 - - [13/Jul/2026:03:06:02 +0000] "GET /wp-content/plugins/elementor/assets/lib/font-awesome/css/solid.min.css?ver=5.15.3 HTTP/2" 200 286 "https://mapabackup.mykoperasi.coop/akses_kedah/" "Mozilla/5.0 (Windows NT 10.0; Win64; x64) AppleWebKit/537.36 (KHTML, like Gecko) Chrome/109.0.0.0 Safari/537.36"
175.139.236.165 - - [13/Jul/2026:03:06:02 +0000] "GET /wp-content/plugins/elementor/assets/lib/font-awesome/css/brands.min.css?ver=5.15.3 HTTP/2" 200 284 "https://mapabackup.mykoperasi.coop/akses_kedah/" "Mozilla/5.0 (Windows NT 10.0; Win64; x64) AppleWebKit/537.36 (KHTML, like Gecko) Chrome/109.0.0.0 Safari/537.36"
175.139.236.165 - - [13/Jul/2026:03:06:02 +0000] "GET /wp-content/plugins/elementor/assets/lib/font-awesome/css/regular.min.css?ver=5.15.3 HTTP/2" 200 283 "https://mapabackup.mykoperasi.coop/akses_kedah/" "Mozilla/5.0 (Windows NT 10.0; Win64; x64) AppleWebKit/537.36 (KHTML, like Gecko) Chrome/109.0.0.0 Safari/537.36"
175.139.236.165 - - [13/Jul/2026:03:06:02 +0000] "GET /wp-content/plugins/elementor/assets/css/widget-icon-list.min.css?ver=3.28.4 HTTP/2" 200 957 "https://mapabackup.mykoperasi.coop/akses_kedah/" "Mozilla/5.0 (Windows NT 10.0; Win64; x64) AppleWebKit/537.36 (KHTML, like Gecko) Chrome/109.0.0.0 Safari/537.36"
175.139.236.165 - - [13/Jul/2026:03:06:02 +0000] "GET /wp-content/plugins/elementor/assets/css/widget-social-icons.min.css?ver=3.28.4 HTTP/2" 200 1069 "https://mapabackup.mykoperasi.coop/akses_kedah/" "Mozilla/5.0 (Windows NT 10.0; Win64; x64) AppleWebKit/537.36 (KHTML, like Gecko) Chrome/109.0.0.0 Safari/537.36"
175.139.236.165 - - [13/Jul/2026:03:06:02 +0000] "GET /wp-content/plugins/elementor/assets/css/conditionals/apple-webkit.min.css?ver=3.28.4 HTTP/2" 200 472 "https://mapabackup.mykoperasi.coop/akses_kedah/" "Mozilla/5.0 (Windows NT 10.0; Win64; x64) AppleWebKit/537.36 (KHTML, like Gecko) Chrome/109.0.0.0 Safari/537.36"
175.139.236.165 - - [13/Jul/2026:03:06:02 +0000] "GET /wp-includes/js/jquery/jquery.min.js?ver=3.7.1 HTTP/2" 200 29744 "https://mapabackup.mykoperasi.coop/akses_kedah/" "Mozilla/5.0 (Windows NT 10.0; Win64; x64) AppleWebKit/537.36 (KHTML, like Gecko) Chrome/109.0.0.0 Safari/537.36"
175.139.236.165 - - [13/Jul/2026:03:06:02 +0000] "GET /wp-includes/js/jquery/jquery-migrate.min.js?ver=3.4.1 HTTP/2" 200 4678 "https://mapabackup.mykoperasi.coop/akses_kedah/" "Mozilla/5.0 (Windows NT 10.0; Win64; x64) AppleWebKit/537.36 (KHTML, like Gecko) Chrome/109.0.0.0 Safari/537.36"
175.139.236.165 - - [13/Jul/2026:03:06:02 +0000] "GET /wp-content/themes/astra/assets/js/minified/frontend.min.js?ver=4.10.1 HTTP/2" 200 5606 "https://mapabackup.mykoperasi.coop/akses_kedah/" "Mozilla/5.0 (Windows NT 10.0; Win64; x64) AppleWebKit/537.36 (KHTML, like Gecko) Chrome/109.0.0.0 Safari/537.36"
175.139.236.165 - - [13/Jul/2026:03:06:02 +0000] "GET /wp-content/plugins/click-to-chat-for-whatsapp/new/inc/assets/js/app.js?ver=4.20 HTTP/2" 200 2906 "https://mapabackup.mykoperasi.coop/akses_kedah/" "Mozilla/5.0 (Windows NT 10.0; Win64; x64) AppleWebKit/537.36 (KHTML, like Gecko) Chrome/109.0.0.0 Safari/537.36"
175.139.236.165 - - [13/Jul/2026:03:06:02 +0000] "GET /wp-includes/js/dist/hooks.min.js?ver=7496969728ca0f95732d HTTP/2" 200 1734 "https://mapabackup.mykoperasi.coop/akses_kedah/" "Mozilla/5.0 (Windows NT 10.0; Win64; x64) AppleWebKit/537.36 (KHTML, like Gecko) Chrome/109.0.0.0 Safari/537.36"
175.139.236.165 - - [13/Jul/2026:03:06:02 +0000] "GET /wp-includes/js/dist/i18n.min.js?ver=781d11515ad3d91786ec HTTP/2" 200 2354 "https://mapabackup.mykoperasi.coop/akses_kedah/" "Mozilla/5.0 (Windows NT 10.0; Win64; x64) AppleWebKit/537.36 (KHTML, like Gecko) Chrome/109.0.0.0 Safari/537.36"
175.139.236.165 - - [13/Jul/2026:03:06:02 +0000] "GET /wp-content/plugins/contact-form-7/includes/swv/js/index.js?ver=6.0.6 HTTP/2" 200 3369 "https://mapabackup.mykoperasi.coop/akses_kedah/" "Mozilla/5.0 (Windows NT 10.0; Win64; x64) AppleWebKit/537.36 (KHTML, like Gecko) Chrome/109.0.0.0 Safari/537.36"
175.139.236.165 - - [13/Jul/2026:03:06:02 +0000] "GET /wp-content/plugins/contact-form-7/includes/js/index.js?ver=6.0.6 HTTP/2" 200 4008 "https://mapabackup.mykoperasi.coop/akses_kedah/" "Mozilla/5.0 (Windows NT 10.0; Win64; x64) AppleWebKit/537.36 (KHTML, like Gecko) Chrome/109.0.0.0 Safari/537.36"
175.139.236.165 - - [13/Jul/2026:03:06:02 +0000] "GET /wp-includes/js/jquery/ui/core.min.js?ver=1.13.3 HTTP/2" 200 6812 "https://mapabackup.mykoperasi.coop/akses_kedah/" "Mozilla/5.0 (Windows NT 10.0; Win64; x64) AppleWebKit/537.36 (KHTML, like Gecko) Chrome/109.0.0.0 Safari/537.36"
175.139.236.165 - - [13/Jul/2026:03:06:02 +0000] "GET /wp-content/plugins/qi-addons-for-elementor/assets/js/main.min.js?ver=1.8.9 HTTP/2" 200 12756 "https://mapabackup.mykoperasi.coop/akses_kedah/" "Mozilla/5.0 (Windows NT 10.0; Win64; x64) AppleWebKit/537.36 (KHTML, like Gecko) Chrome/109.0.0.0 Safari/537.36"
175.139.236.165 - - [13/Jul/2026:03:06:02 +0000] "GET /wp-content/plugins/header-footer-elementor/inc/js/frontend.js?ver=2.3.0 HTTP/2" 200 3944 "https://mapabackup.mykoperasi.coop/akses_kedah/" "Mozilla/5.0 (Windows NT 10.0; Win64; x64) AppleWebKit/537.36 (KHTML, like Gecko) Chrome/109.0.0.0 Safari/537.36"
175.139.236.165 - - [13/Jul/2026:03:06:02 +0000] "GET /wp-content/plugins/elementor/assets/js/webpack.runtime.min.js?ver=3.28.4 HTTP/2" 200 2228 "https://mapabackup.mykoperasi.coop/akses_kedah/" "Mozilla/5.0 (Windows NT 10.0; Win64; x64) AppleWebKit/537.36 (KHTML, like Gecko) Chrome/109.0.0.0 Safari/537.36"
175.139.236.165 - - [13/Jul/2026:03:06:02 +0000] "GET /wp-content/plugins/elementor/assets/js/frontend-modules.min.js?ver=3.28.4 HTTP/2" 200 14421 "https://mapabackup.mykoperasi.coop/akses_kedah/" "Mozilla/5.0 (Windows NT 10.0; Win64; x64) AppleWebKit/537.36 (KHTML, like Gecko) Chrome/109.0.0.0 Safari/537.36"
175.139.236.165 - - [13/Jul/2026:03:06:02 +0000] "GET /wp-content/plugins/elementor/assets/js/frontend.min.js?ver=3.28.4 HTTP/2" 200 13099 "https://mapabackup.mykoperasi.coop/akses_kedah/" "Mozilla/5.0 (Windows NT 10.0; Win64; x64) AppleWebKit/537.36 (KHTML, like Gecko) Chrome/109.0.0.0 Safari/537.36"
175.139.236.165 - - [13/Jul/2026:03:06:02 +0000] "GET /wp-content/plugins/qi-addons-for-elementor/inc/plugins/elementor/assets/js/elementor.js?ver=7.0.1 HTTP/2" 200 1389 "https://mapabackup.mykoperasi.coop/akses_kedah/" "Mozilla/5.0 (Windows NT 10.0; Win64; x64) AppleWebKit/537.36 (KHTML, like Gecko) Chrome/109.0.0.0 Safari/537.36"
175.139.236.165 - - [13/Jul/2026:03:06:02 +0000] "GET /wp-content/uploads/elementor/thumbs/3_kedah-r5e7lc6033p137j4m7tmovnazhrt01v0qjgxgkegw8.png HTTP/3" 200 9394 "https://mapabackup.mykoperasi.coop/akses_kedah/" "Mozilla/5.0 (Windows NT 10.0; Win64; x64) AppleWebKit/537.36 (KHTML, like Gecko) Chrome/109.0.0.0 Safari/537.36"
175.139.236.165 - - [13/Jul/2026:03:06:02 +0000] "GET /wp-content/uploads/elementor/thumbs/PEMBERITAHUAN-MAN-r5e7l6izfmz1ilcva4hhw8dgv84fp1zytq238ork5s.png HTTP/3" 200 11954 "https://mapabackup.mykoperasi.coop/akses_kedah/" "Mozilla/5.0 (Windows NT 10.0; Win64; x64) AppleWebKit/537.36 (KHTML, like Gecko) Chrome/109.0.0.0 Safari/537.36"
175.139.236.165 - - [13/Jul/2026:03:06:02 +0000] "GET /wp-content/uploads/elementor/thumbs/NOTIS-PENCALONAN-DAN-HARI-PENAMAAN-CALON-MAN-r5e7l6izfmz1ilcva4hhw8dgv84fp1zytq238ork5s.png HTTP/3" 200 12929 "https://mapabackup.mykoperasi.coop/akses_kedah/" "Mozilla/5.0 (Windows NT 10.0; Win64; x64) AppleWebKit/537.36 (KHTML, like Gecko) Chrome/109.0.0.0 Safari/537.36"
175.139.236.165 - - [13/Jul/2026:03:06:02 +0000] "GET /wp-content/uploads/elementor/thumbs/PENDAFTARAN-SECARA-DALAM-TALIAN-r5e7l6izfmz1ilcva4hhw8dgv84fp1zytq238ork5s.png HTTP/3" 200 9817 "https://mapabackup.mykoperasi.coop/akses_kedah/" "Mozilla/5.0 (Windows NT 10.0; Win64; x64) AppleWebKit/537.36 (KHTML, like Gecko) Chrome/109.0.0.0 Safari/537.36"
175.139.236.165 - - [13/Jul/2026:03:06:02 +0000] "GET /wp-content/uploads/elementor/thumbs/SEMAKAN-DAN-KEMASKINI-PERWAKILAN-KOPERASI-1-r5e7l6izfmz1ilcva4hhw8dgv84fp1zytq238ork5s.png HTTP/3" 200 12106 "https://mapabackup.mykoperasi.coop/akses_kedah/" "Mozilla/5.0 (Windows NT 10.0; Win64; x64) AppleWebKit/537.36 (KHTML, like Gecko) Chrome/109.0.0.0 Safari/537.36"
175.139.236.165 - - [13/Jul/2026:03:06:02 +0000] "GET /wp-content/plugins/elementor/assets/lib/font-awesome/webfonts/fa-solid-900.woff2 HTTP/3" 200 78196 "https://mapabackup.mykoperasi.coop/wp-content/plugins/elementor/assets/lib/font-awesome/css/solid.css?ver=5.15.3" "Mozilla/5.0 (Windows NT 10.0; Win64; x64) AppleWebKit/537.36 (KHTML, like Gecko) Chrome/109.0.0.0 Safari/537.36"
175.139.236.165 - - [13/Jul/2026:03:06:02 +0000] "GET /wp-content/uploads/elementor/google-fonts/fonts/poppins-pxieyp8kv8jhgfvrjjfecg.woff2 HTTP/3" 200 7884 "https://mapabackup.mykoperasi.coop/wp-content/uploads/elementor/google-fonts/css/poppins.css?ver=1751352745" "Mozilla/5.0 (Windows NT 10.0; Win64; x64) AppleWebKit/537.36 (KHTML, like Gecko) Chrome/109.0.0.0 Safari/537.36"
175.139.236.165 - - [13/Jul/2026:03:06:03 +0000] "GET /wp-content/plugins/elementor/assets/js/text-editor.c084ef86600b6f11690d.bundle.min.js HTTP/3" 200 621 "https://mapabackup.mykoperasi.coop/akses_kedah/" "Mozilla/5.0 (Windows NT 10.0; Win64; x64) AppleWebKit/537.36 (KHTML, like Gecko) Chrome/109.0.0.0 Safari/537.36"
