File: /home/mykopera/access-logs/kpukjb.mykoperasi.coop-ssl_log
209.42.27.159 - - [12/Jul/2026:12:55:23 +0000] "POST /wp-cron.php?doing_wp_cron=1783860923.3665471076965332031250 HTTP/1.1" 200 0 "https://kpukjb.mykoperasi.coop/wp-cron.php?doing_wp_cron=1783860923.3665471076965332031250" "WordPress/5.5.18; https://kpukjb.mykoperasi.coop"
202.78.167.217 - - [12/Jul/2026:12:55:22 +0000] "GET / HTTP/1.1" 301 0 "https://www.kpukjb.mykoperasi.coop/" "Mozilla/5.0 (iPhone; CPU iPhone OS 17_5 like Mac OS X) AppleWebKit/605.1.15 (KHTML, like Gecko) Version/17.5 Mobile/15E148 Safari/604.1"
209.42.27.159 - - [12/Jul/2026:12:55:22 +0000] "POST /wp-cron.php?doing_wp_cron=1783860922.3326020240783691406250 HTTP/1.1" 200 0 "https://kpukjb.mykoperasi.coop/wp-cron.php?doing_wp_cron=1783860922.3326020240783691406250" "WordPress/5.5.18; https://kpukjb.mykoperasi.coop"
209.42.27.159 - - [12/Jul/2026:13:06:59 +0000] "POST /wp-cron.php?doing_wp_cron=1783861619.6674170494079589843750 HTTP/1.1" 200 0 "https://kpukjb.mykoperasi.coop/wp-cron.php?doing_wp_cron=1783861619.6674170494079589843750" "WordPress/5.5.18; https://kpukjb.mykoperasi.coop"
74.7.228.39 - - [12/Jul/2026:13:06:57 +0000] "GET /robots.txt HTTP/2" 200 10073 "-" "Mozilla/5.0 (Macintosh; Intel Mac OS X 10_15_7) AppleWebKit/537.36 (KHTML, like Gecko) Chrome/131.0.0.0 Safari/537.36; compatible; OAI-SearchBot/1.4; robots.txt; +https://openai.com/searchbot"
209.42.27.159 - - [12/Jul/2026:16:06:09 +0000] "POST /wp-cron.php?doing_wp_cron=1783872368.7979760169982910156250 HTTP/1.1" 200 0 "https://kpukjb.mykoperasi.coop/wp-cron.php?doing_wp_cron=1783872368.7979760169982910156250" "WordPress/5.5.18; http://kpukjb.mykoperasi.coop"
45.130.83.247 - - [12/Jul/2026:16:06:08 +0000] "GET /wp-login.php HTTP/1.1" 200 2093 "https://www.google.com/search?q=wordpress" "Mozilla/5.0 (Windows NT 10.0; Win64; x64) AppleWebKit/537.36 (KHTML, like Gecko) Chrome/119.0.0.0 Safari/537.36"
45.130.83.247 - - [12/Jul/2026:16:06:14 +0000] "GET /wp-admin/ HTTP/1.1" 302 0 "https://www.facebook.com/" "Mozilla/5.0 (Windows NT 11.0; Win64; x64) AppleWebKit/537.36 (KHTML, like Gecko) Chrome/119.0.0.0 Safari/537.36"
45.130.83.247 - - [12/Jul/2026:16:06:16 +0000] "GET /wp-login.php?redirect_to=https%3A%2F%2Fkpukjb.mykoperasi.coop%2Fwp-admin%2F&reauth=1 HTTP/1.1" 200 2093 "https://www.facebook.com/" "Mozilla/5.0 (Windows NT 11.0; Win64; x64) AppleWebKit/537.36 (KHTML, like Gecko) Chrome/119.0.0.0 Safari/537.36"
209.42.27.159 - - [12/Jul/2026:18:24:18 +0000] "POST /wp-cron.php?doing_wp_cron=1783880658.0941579341888427734375 HTTP/1.1" 200 0 "https://kpukjb.mykoperasi.coop/wp-cron.php?doing_wp_cron=1783880658.0941579341888427734375" "WordPress/5.5.18; https://kpukjb.mykoperasi.coop"
209.42.27.159 - - [12/Jul/2026:18:24:18 +0000] "POST /wp-cron.php?doing_wp_cron=1783880658.3779180049896240234375 HTTP/1.1" 200 0 "https://kpukjb.mykoperasi.coop/wp-cron.php?doing_wp_cron=1783880658.3779180049896240234375" "WordPress/5.5.18; https://kpukjb.mykoperasi.coop"
66.249.72.193 - - [12/Jul/2026:18:24:17 +0000] "GET /robots.txt HTTP/1.1" 200 10073 "-" "Mozilla/5.0 (compatible; Googlebot/2.1; +http://www.google.com/bot.html)"
66.249.72.193 - - [12/Jul/2026:18:24:18 +0000] "GET /2020/10/06/hello-world/ HTTP/1.1" 200 10031 "-" "Mozilla/5.0 (Linux; Android 6.0.1; Nexus 5X Build/MMB29P) AppleWebKit/537.36 (KHTML, like Gecko) Chrome/150.0.7871.46 Mobile Safari/537.36 (compatible; Googlebot/2.1; +http://www.google.com/bot.html)"
66.249.72.193 - - [12/Jul/2026:18:25:41 +0000] "GET /wp-content/uploads/elementor/css/post-285.css?ver=1602204865 HTTP/1.1" 200 1107 "https://kpukjb.mykoperasi.coop/2020/10/06/hello-world/" "Mozilla/5.0 (Linux; Android 6.0.1; Nexus 5X Build/MMB29P) AppleWebKit/537.36 (KHTML, like Gecko) Chrome/150.0.7871.46 Mobile Safari/537.36 (compatible; Googlebot/2.1; +http://www.google.com/bot.html)"
66.249.72.194 - - [12/Jul/2026:18:25:42 +0000] "GET /wp-content/plugins/elementor/assets/lib/font-awesome/js/v4-shims.min.js?ver=3.0.11 HTTP/1.1" 200 4035 "https://kpukjb.mykoperasi.coop/2020/10/06/hello-world/" "Mozilla/5.0 (Linux; Android 6.0.1; Nexus 5X Build/MMB29P) AppleWebKit/537.36 (KHTML, like Gecko) Chrome/150.0.7871.46 Mobile Safari/537.36 (compatible; Googlebot/2.1; +http://www.google.com/bot.html)"
66.249.72.194 - - [12/Jul/2026:18:25:42 +0000] "GET /wp-content/plugins/elementor/assets/css/frontend-legacy.min.css?ver=3.0.11 HTTP/1.1" 200 446 "https://kpukjb.mykoperasi.coop/2020/10/06/hello-world/" "Mozilla/5.0 (Linux; Android 6.0.1; Nexus 5X Build/MMB29P) AppleWebKit/537.36 (KHTML, like Gecko) Chrome/150.0.7871.46 Mobile Safari/537.36 (compatible; Googlebot/2.1; +http://www.google.com/bot.html)"
66.249.72.194 - - [12/Jul/2026:18:25:43 +0000] "GET /wp-content/plugins/header-footer-elementor/inc/widgets-css/frontend.css?ver=1.5.3 HTTP/1.1" 200 7245 "https://kpukjb.mykoperasi.coop/2020/10/06/hello-world/" "Mozilla/5.0 (Linux; Android 6.0.1; Nexus 5X Build/MMB29P) AppleWebKit/537.36 (KHTML, like Gecko) Chrome/150.0.7871.46 Mobile Safari/537.36 (compatible; Googlebot/2.1; +http://www.google.com/bot.html)"
66.249.72.194 - - [12/Jul/2026:18:25:43 +0000] "GET /wp-content/plugins/elementor/assets/js/frontend-modules.min.js?ver=3.0.11 HTTP/1.1" 200 17538 "https://kpukjb.mykoperasi.coop/2020/10/06/hello-world/" "Mozilla/5.0 (Linux; Android 6.0.1; Nexus 5X Build/MMB29P) AppleWebKit/537.36 (KHTML, like Gecko) Chrome/150.0.7871.46 Mobile Safari/537.36 (compatible; Googlebot/2.1; +http://www.google.com/bot.html)"
66.249.72.194 - - [12/Jul/2026:18:25:43 +0000] "GET /wp-content/plugins/elementor/assets/lib/font-awesome/css/all.min.css?ver=3.0.11 HTTP/1.1" 200 11927 "https://kpukjb.mykoperasi.coop/2020/10/06/hello-world/" "Mozilla/5.0 (Linux; Android 6.0.1; Nexus 5X Build/MMB29P) AppleWebKit/537.36 (KHTML, like Gecko) Chrome/150.0.7871.46 Mobile Safari/537.36 (compatible; Googlebot/2.1; +http://www.google.com/bot.html)"
66.249.72.193 - - [12/Jul/2026:18:25:44 +0000] "GET /wp-content/themes/astra/assets/css/minified/menu-animation.min.css?ver=2.5.5 HTTP/1.1" 200 339 "https://kpukjb.mykoperasi.coop/2020/10/06/hello-world/" "Mozilla/5.0 (Linux; Android 6.0.1; Nexus 5X Build/MMB29P) AppleWebKit/537.36 (KHTML, like Gecko) Chrome/150.0.7871.46 Mobile Safari/537.36 (compatible; Googlebot/2.1; +http://www.google.com/bot.html)"
66.249.72.194 - - [12/Jul/2026:18:25:44 +0000] "GET /wp-includes/css/dist/block-library/style.min.css?ver=5.5.18 HTTP/1.1" 200 7455 "https://kpukjb.mykoperasi.coop/2020/10/06/hello-world/" "Mozilla/5.0 (Linux; Android 6.0.1; Nexus 5X Build/MMB29P) AppleWebKit/537.36 (KHTML, like Gecko) Chrome/150.0.7871.46 Mobile Safari/537.36 (compatible; Googlebot/2.1; +http://www.google.com/bot.html)"
66.249.72.194 - - [12/Jul/2026:18:25:45 +0000] "GET /wp-content/plugins/elementor-pro/assets/lib/sticky/jquery.sticky.min.js?ver=2.10.0 HTTP/1.1" 200 1767 "https://kpukjb.mykoperasi.coop/2020/10/06/hello-world/" "Mozilla/5.0 (Linux; Android 6.0.1; Nexus 5X Build/MMB29P) AppleWebKit/537.36 (KHTML, like Gecko) Chrome/150.0.7871.46 Mobile Safari/537.36 (compatible; Googlebot/2.1; +http://www.google.com/bot.html)"
66.249.72.193 - - [12/Jul/2026:18:25:45 +0000] "GET /wp-content/plugins/elementor-pro/assets/js/frontend.min.js?ver=2.10.0 HTTP/1.1" 200 28594 "https://kpukjb.mykoperasi.coop/2020/10/06/hello-world/" "Mozilla/5.0 (Linux; Android 6.0.1; Nexus 5X Build/MMB29P) AppleWebKit/537.36 (KHTML, like Gecko) Chrome/150.0.7871.46 Mobile Safari/537.36 (compatible; Googlebot/2.1; +http://www.google.com/bot.html)"
66.249.72.193 - - [12/Jul/2026:18:25:46 +0000] "GET /wp-includes/js/jquery/ui/position.min.js?ver=1.11.4 HTTP/1.1" 200 2302 "https://kpukjb.mykoperasi.coop/2020/10/06/hello-world/" "Mozilla/5.0 (Linux; Android 6.0.1; Nexus 5X Build/MMB29P) AppleWebKit/537.36 (KHTML, like Gecko) Chrome/150.0.7871.46 Mobile Safari/537.36 (compatible; Googlebot/2.1; +http://www.google.com/bot.html)"
66.249.72.193 - - [12/Jul/2026:18:25:46 +0000] "GET /wp-content/plugins/elementor/assets/lib/dialog/dialog.min.js?ver=4.8.1 HTTP/1.1" 200 3331 "https://kpukjb.mykoperasi.coop/2020/10/06/hello-world/" "Mozilla/5.0 (Linux; Android 6.0.1; Nexus 5X Build/MMB29P) AppleWebKit/537.36 (KHTML, like Gecko) Chrome/150.0.7871.46 Mobile Safari/537.36 (compatible; Googlebot/2.1; +http://www.google.com/bot.html)"
66.249.72.193 - - [12/Jul/2026:18:25:47 +0000] "GET /wp-includes/js/wp-util.min.js?ver=5.5.18 HTTP/1.1" 200 593 "https://kpukjb.mykoperasi.coop/2020/10/06/hello-world/" "Mozilla/5.0 (Linux; Android 6.0.1; Nexus 5X Build/MMB29P) AppleWebKit/537.36 (KHTML, like Gecko) Chrome/150.0.7871.46 Mobile Safari/537.36 (compatible; Googlebot/2.1; +http://www.google.com/bot.html)"
66.249.72.193 - - [12/Jul/2026:18:25:47 +0000] "GET /wp-content/plugins/elementor/assets/js/frontend.min.js?ver=3.0.11 HTTP/1.1" 200 30839 "https://kpukjb.mykoperasi.coop/2020/10/06/hello-world/" "Mozilla/5.0 (Linux; Android 6.0.1; Nexus 5X Build/MMB29P) AppleWebKit/537.36 (KHTML, like Gecko) Chrome/150.0.7871.46 Mobile Safari/537.36 (compatible; Googlebot/2.1; +http://www.google.com/bot.html)"
66.249.72.194 - - [12/Jul/2026:18:25:48 +0000] "GET /wp-includes/js/underscore.min.js?ver=1.8.3 HTTP/1.1" 200 5563 "https://kpukjb.mykoperasi.coop/2020/10/06/hello-world/" "Mozilla/5.0 (Linux; Android 6.0.1; Nexus 5X Build/MMB29P) AppleWebKit/537.36 (KHTML, like Gecko) Chrome/150.0.7871.46 Mobile Safari/537.36 (compatible; Googlebot/2.1; +http://www.google.com/bot.html)"
66.249.72.193 - - [12/Jul/2026:18:25:48 +0000] "GET /wp-content/plugins/elementor/assets/lib/share-link/share-link.min.js?ver=3.0.11 HTTP/1.1" 200 1023 "https://kpukjb.mykoperasi.coop/2020/10/06/hello-world/" "Mozilla/5.0 (Linux; Android 6.0.1; Nexus 5X Build/MMB29P) AppleWebKit/537.36 (KHTML, like Gecko) Chrome/150.0.7871.46 Mobile Safari/537.36 (compatible; Googlebot/2.1; +http://www.google.com/bot.html)"
66.249.72.194 - - [12/Jul/2026:18:25:49 +0000] "GET /wp-content/plugins/wpforms-lite/assets/js/integrations/elementor/frontend.min.js?ver=1.6.2.3 HTTP/1.1" 200 330 "https://kpukjb.mykoperasi.coop/2020/10/06/hello-world/" "Mozilla/5.0 (Linux; Android 6.0.1; Nexus 5X Build/MMB29P) AppleWebKit/537.36 (KHTML, like Gecko) Chrome/150.0.7871.46 Mobile Safari/537.36 (compatible; Googlebot/2.1; +http://www.google.com/bot.html)"
66.249.72.193 - - [12/Jul/2026:18:25:49 +0000] "GET /wp-content/plugins/elementor/assets/lib/swiper/swiper.min.js?ver=5.3.6 HTTP/1.1" 200 34004 "https://kpukjb.mykoperasi.coop/2020/10/06/hello-world/" "Mozilla/5.0 (Linux; Android 6.0.1; Nexus 5X Build/MMB29P) AppleWebKit/537.36 (KHTML, like Gecko) Chrome/150.0.7871.46 Mobile Safari/537.36 (compatible; Googlebot/2.1; +http://www.google.com/bot.html)"
66.249.72.193 - - [12/Jul/2026:18:25:50 +0000] "GET /wp-content/plugins/elementor/assets/lib/waypoints/waypoints.min.js?ver=4.0.2 HTTP/1.1" 200 2867 "https://kpukjb.mykoperasi.coop/2020/10/06/hello-world/" "Mozilla/5.0 (Linux; Android 6.0.1; Nexus 5X Build/MMB29P) AppleWebKit/537.36 (KHTML, like Gecko) Chrome/150.0.7871.46 Mobile Safari/537.36 (compatible; Googlebot/2.1; +http://www.google.com/bot.html)"
209.42.27.159 - - [12/Jul/2026:19:30:29 +0000] "POST /wp-cron.php?doing_wp_cron=1783884629.5526340007781982421875 HTTP/1.1" 200 0 "https://kpukjb.mykoperasi.coop/wp-cron.php?doing_wp_cron=1783884629.5526340007781982421875" "WordPress/5.5.18; https://kpukjb.mykoperasi.coop"
209.42.27.159 - - [12/Jul/2026:19:30:30 +0000] "POST /wp-cron.php?doing_wp_cron=1783884629.9798710346221923828125 HTTP/1.1" 200 0 "https://kpukjb.mykoperasi.coop/wp-cron.php?doing_wp_cron=1783884629.9798710346221923828125" "WordPress/5.5.18; https://kpukjb.mykoperasi.coop"
20.63.87.152 - - [12/Jul/2026:19:30:29 +0000] "GET /.dj/index.php HTTP/1.1" 301 0 "-" "Mozilla/5.0 (Windows NT 10.0; Win64; x64) AppleWebKit/537.36 (KHTML, like Gecko) Chrome/120.0.0.0 Safari/537.36"
20.63.87.152 - - [12/Jul/2026:19:30:30 +0000] "GET /.tmb/ HTTP/1.1" 200 10073 "-" "Mozilla/5.0 (Windows NT 10.0; Win64; x64) AppleWebKit/537.36 (KHTML, like Gecko) Chrome/120.0.0.0 Safari/537.36"
20.63.87.152 - - [12/Jul/2026:19:30:31 +0000] "GET /.trash7206/index.php HTTP/1.1" 301 0 "-" "Mozilla/5.0 (Windows NT 10.0; Win64; x64) AppleWebKit/537.36 (KHTML, like Gecko) Chrome/120.0.0.0 Safari/537.36"
20.63.87.152 - - [12/Jul/2026:19:30:31 +0000] "GET /.well-known/ HTTP/1.1" 404 1251 "-" "Mozilla/5.0 (Windows NT 10.0; Win64; x64) AppleWebKit/537.36 (KHTML, like Gecko) Chrome/120.0.0.0 Safari/537.36"
20.63.87.152 - - [12/Jul/2026:19:30:31 +0000] "GET /.well-known/acme-challenge/ HTTP/1.1" 404 1251 "-" "Mozilla/5.0 (Windows NT 10.0; Win64; x64) AppleWebKit/537.36 (KHTML, like Gecko) Chrome/120.0.0.0 Safari/537.36"
209.42.27.159 - - [12/Jul/2026:19:30:32 +0000] "POST /wp-cron.php?doing_wp_cron=1783884632.1137349605560302734375 HTTP/1.1" 200 0 "https://kpukjb.mykoperasi.coop/wp-cron.php?doing_wp_cron=1783884632.1137349605560302734375" "WordPress/5.5.18; https://kpukjb.mykoperasi.coop"
20.63.87.152 - - [12/Jul/2026:19:30:31 +0000] "GET /.well-known/gecko-litespeed.php HTTP/1.1" 200 10073 "-" "Mozilla/5.0 (Windows NT 10.0; Win64; x64) AppleWebKit/537.36 (KHTML, like Gecko) Chrome/120.0.0.0 Safari/537.36"
20.63.87.152 - - [12/Jul/2026:19:30:32 +0000] "GET /.well-known/logs233/index.php HTTP/1.1" 301 0 "-" "Mozilla/5.0 (Windows NT 10.0; Win64; x64) AppleWebKit/537.36 (KHTML, like Gecko) Chrome/120.0.0.0 Safari/537.36"
20.63.87.152 - - [12/Jul/2026:19:30:33 +0000] "GET /.well-known/wp-cron.php HTTP/1.1" 200 10073 "-" "Mozilla/5.0 (Windows NT 10.0; Win64; x64) AppleWebKit/537.36 (KHTML, like Gecko) Chrome/120.0.0.0 Safari/537.36"
20.63.87.152 - - [12/Jul/2026:19:30:33 +0000] "GET /0.kb-v3.php HTTP/1.1" 200 10073 "-" "Mozilla/5.0 (Windows NT 10.0; Win64; x64) AppleWebKit/537.36 (KHTML, like Gecko) Chrome/120.0.0.0 Safari/537.36"
20.63.87.152 - - [12/Jul/2026:19:30:34 +0000] "GET /0.php HTTP/1.1" 200 10073 "-" "Mozilla/5.0 (Windows NT 10.0; Win64; x64) AppleWebKit/537.36 (KHTML, like Gecko) Chrome/120.0.0.0 Safari/537.36"
20.63.87.152 - - [12/Jul/2026:19:30:34 +0000] "GET /002.php HTTP/1.1" 200 10073 "-" "Mozilla/5.0 (Windows NT 10.0; Win64; x64) AppleWebKit/537.36 (KHTML, like Gecko) Chrome/120.0.0.0 Safari/537.36"
20.63.87.152 - - [12/Jul/2026:19:30:35 +0000] "GET /01.php HTTP/1.1" 200 10073 "-" "Mozilla/5.0 (Windows NT 10.0; Win64; x64) AppleWebKit/537.36 (KHTML, like Gecko) Chrome/120.0.0.0 Safari/537.36"
20.63.87.152 - - [12/Jul/2026:19:30:35 +0000] "GET /0x.php HTTP/1.1" 200 10073 "-" "Mozilla/5.0 (Windows NT 10.0; Win64; x64) AppleWebKit/537.36 (KHTML, like Gecko) Chrome/120.0.0.0 Safari/537.36"
20.63.87.152 - - [12/Jul/2026:19:30:36 +0000] "GET /1.php HTTP/1.1" 200 10073 "-" "Mozilla/5.0 (Windows NT 10.0; Win64; x64) AppleWebKit/537.36 (KHTML, like Gecko) Chrome/120.0.0.0 Safari/537.36"
20.63.87.152 - - [12/Jul/2026:19:30:36 +0000] "GET /100.php HTTP/1.1" 200 10073 "-" "Mozilla/5.0 (Windows NT 10.0; Win64; x64) AppleWebKit/537.36 (KHTML, like Gecko) Chrome/120.0.0.0 Safari/537.36"
20.63.87.152 - - [12/Jul/2026:19:30:37 +0000] "GET /122.php HTTP/1.1" 200 10073 "-" "Mozilla/5.0 (Windows NT 10.0; Win64; x64) AppleWebKit/537.36 (KHTML, like Gecko) Chrome/120.0.0.0 Safari/537.36"
20.63.87.152 - - [12/Jul/2026:19:30:37 +0000] "GET /123.php HTTP/1.1" 200 10073 "-" "Mozilla/5.0 (Windows NT 10.0; Win64; x64) AppleWebKit/537.36 (KHTML, like Gecko) Chrome/120.0.0.0 Safari/537.36"
20.63.87.152 - - [12/Jul/2026:19:30:38 +0000] "GET /13.php HTTP/1.1" 200 10073 "-" "Mozilla/5.0 (Windows NT 10.0; Win64; x64) AppleWebKit/537.36 (KHTML, like Gecko) Chrome/120.0.0.0 Safari/537.36"
20.63.87.152 - - [12/Jul/2026:19:30:38 +0000] "GET /133.php HTTP/1.1" 200 10073 "-" "Mozilla/5.0 (Windows NT 10.0; Win64; x64) AppleWebKit/537.36 (KHTML, like Gecko) Chrome/120.0.0.0 Safari/537.36"
20.63.87.152 - - [12/Jul/2026:19:30:39 +0000] "GET /155.php HTTP/1.1" 200 10073 "-" "Mozilla/5.0 (Windows NT 10.0; Win64; x64) AppleWebKit/537.36 (KHTML, like Gecko) Chrome/120.0.0.0 Safari/537.36"
20.63.87.152 - - [12/Jul/2026:19:30:39 +0000] "GET /177.php HTTP/1.1" 200 10073 "-" "Mozilla/5.0 (Windows NT 10.0; Win64; x64) AppleWebKit/537.36 (KHTML, like Gecko) Chrome/120.0.0.0 Safari/537.36"
20.63.87.152 - - [12/Jul/2026:19:30:39 +0000] "GET /1index.php HTTP/1.1" 200 10073 "-" "Mozilla/5.0 (Windows NT 10.0; Win64; x64) AppleWebKit/537.36 (KHTML, like Gecko) Chrome/120.0.0.0 Safari/537.36"
20.63.87.152 - - [12/Jul/2026:19:30:40 +0000] "GET /2.php HTTP/1.1" 200 10073 "-" "Mozilla/5.0 (Windows NT 10.0; Win64; x64) AppleWebKit/537.36 (KHTML, like Gecko) Chrome/120.0.0.0 Safari/537.36"
20.63.87.152 - - [12/Jul/2026:19:30:40 +0000] "GET /222.php HTTP/1.1" 200 10073 "-" "Mozilla/5.0 (Windows NT 10.0; Win64; x64) AppleWebKit/537.36 (KHTML, like Gecko) Chrome/120.0.0.0 Safari/537.36"
20.63.87.152 - - [12/Jul/2026:19:30:41 +0000] "GET /2p.update.php HTTP/1.1" 200 10073 "-" "Mozilla/5.0 (Windows NT 10.0; Win64; x64) AppleWebKit/537.36 (KHTML, like Gecko) Chrome/120.0.0.0 Safari/537.36"
20.63.87.152 - - [12/Jul/2026:19:30:41 +0000] "GET /3.php HTTP/1.1" 200 10073 "-" "Mozilla/5.0 (Windows NT 10.0; Win64; x64) AppleWebKit/537.36 (KHTML, like Gecko) Chrome/120.0.0.0 Safari/537.36"
20.63.87.152 - - [12/Jul/2026:19:30:42 +0000] "GET /3pjcpmfsd8b.php HTTP/1.1" 200 10073 "-" "Mozilla/5.0 (Windows NT 10.0; Win64; x64) AppleWebKit/537.36 (KHTML, like Gecko) Chrome/120.0.0.0 Safari/537.36"
20.63.87.152 - - [12/Jul/2026:19:30:42 +0000] "GET /403.php HTTP/1.1" 200 10073 "-" "Mozilla/5.0 (Windows NT 10.0; Win64; x64) AppleWebKit/537.36 (KHTML, like Gecko) Chrome/120.0.0.0 Safari/537.36"
20.63.87.152 - - [12/Jul/2026:19:30:43 +0000] "GET /404.php HTTP/1.1" 200 10073 "-" "Mozilla/5.0 (Windows NT 10.0; Win64; x64) AppleWebKit/537.36 (KHTML, like Gecko) Chrome/120.0.0.0 Safari/537.36"
74.7.243.196 - - [12/Jul/2026:19:35:28 +0000] "GET /wp-sitemap.xml HTTP/2" 200 217 "-" "Mozilla/5.0 AppleWebKit/537.36 (KHTML, like Gecko; compatible; GPTBot/1.4; +https://openai.com/gptbot)"
209.42.27.159 - - [12/Jul/2026:19:35:28 +0000] "POST /wp-cron.php?doing_wp_cron=1783884928.6258199214935302734375 HTTP/1.1" 200 0 "https://kpukjb.mykoperasi.coop/wp-cron.php?doing_wp_cron=1783884928.6258199214935302734375" "WordPress/5.5.18; https://kpukjb.mykoperasi.coop"
74.7.228.39 - - [12/Jul/2026:19:35:28 +0000] "GET /robots.txt HTTP/2" 200 10073 "-" "Mozilla/5.0 (Macintosh; Intel Mac OS X 10_15_7) AppleWebKit/537.36 (KHTML, like Gecko) Chrome/131.0.0.0 Safari/537.36; compatible; OAI-SearchBot/1.4; robots.txt; +https://openai.com/searchbot"
74.7.227.140 - - [12/Jul/2026:21:26:13 +0000] "GET / HTTP/2" 301 0 "-" "Mozilla/5.0 AppleWebKit/537.36 (KHTML, like Gecko; compatible; GPTBot/1.4; +https://openai.com/gptbot)"
74.7.241.135 - - [12/Jul/2026:21:26:13 +0000] "GET /robots.txt HTTP/2" 301 0 "-" "Mozilla/5.0 (Macintosh; Intel Mac OS X 10_15_7) AppleWebKit/537.36 (KHTML, like Gecko) Chrome/131.0.0.0 Safari/537.36; compatible; OAI-SearchBot/1.4; robots.txt; +https://openai.com/searchbot"
209.42.27.159 - - [12/Jul/2026:21:26:16 +0000] "POST /wp-cron.php?doing_wp_cron=1783891576.8750290870666503906250 HTTP/1.1" 200 0 "https://kpukjb.mykoperasi.coop/wp-cron.php?doing_wp_cron=1783891576.8750290870666503906250" "WordPress/5.5.18; https://kpukjb.mykoperasi.coop"
209.42.27.159 - - [12/Jul/2026:21:26:17 +0000] "POST /wp-cron.php?doing_wp_cron=1783891577.1831629276275634765625 HTTP/1.1" 200 0 "https://kpukjb.mykoperasi.coop/wp-cron.php?doing_wp_cron=1783891577.1831629276275634765625" "WordPress/5.5.18; https://kpukjb.mykoperasi.coop"
74.7.241.135 - - [12/Jul/2026:21:26:20 +0000] "GET /robots.txt HTTP/2" 200 0 "https://www.kpukjb.mykoperasi.coop/robots.txt" "Mozilla/5.0 (Macintosh; Intel Mac OS X 10_15_7) AppleWebKit/537.36 (KHTML, like Gecko) Chrome/131.0.0.0 Safari/537.36; compatible; OAI-SearchBot/1.4; robots.txt; +https://openai.com/searchbot"
209.42.27.159 - - [12/Jul/2026:21:26:16 +0000] "POST /wp-cron.php?doing_wp_cron=1783891576.0884959697723388671875 HTTP/1.1" 200 0 "https://kpukjb.mykoperasi.coop/wp-cron.php?doing_wp_cron=1783891576.0884959697723388671875" "WordPress/5.5.18; https://kpukjb.mykoperasi.coop"
136.116.198.170 - - [13/Jul/2026:00:24:27 +0000] "POST / HTTP/1.1" 200 0 "https://www.kpukjb.mykoperasi.coop/" "Mozilla/5.0 (Macintosh; Intel Mac OS X 10_15_7) AppleWebKit/537.36 (KHTML, like Gecko) Chrome/144.0.0.0 Safari/537.36"
209.42.27.159 - - [13/Jul/2026:00:24:27 +0000] "POST /wp-cron.php?doing_wp_cron=1783902267.6150319576263427734375 HTTP/1.1" 500 1044 "https://kpukjb.mykoperasi.coop/wp-cron.php?doing_wp_cron=1783902267.6150319576263427734375" "WordPress/5.5.18; https://kpukjb.mykoperasi.coop"
209.42.27.159 - - [13/Jul/2026:00:24:28 +0000] "POST /wp-cron.php?doing_wp_cron=1783902267.9102289676666259765625 HTTP/1.1" 200 0 "https://kpukjb.mykoperasi.coop/wp-cron.php?doing_wp_cron=1783902267.9102289676666259765625" "WordPress/5.5.18; https://kpukjb.mykoperasi.coop"
66.249.72.193 - - [13/Jul/2026:01:23:26 +0000] "GET /cart/ HTTP/1.1" 200 10063 "-" "Mozilla/5.0 (Linux; Android 6.0.1; Nexus 5X Build/MMB29P) AppleWebKit/537.36 (KHTML, like Gecko) Chrome/150.0.7871.46 Mobile Safari/537.36 (compatible; Googlebot/2.1; +http://www.google.com/bot.html)"
209.42.27.159 - - [13/Jul/2026:01:23:27 +0000] "POST /wp-cron.php?doing_wp_cron=1783905807.3066880702972412109375 HTTP/1.1" 200 0 "https://kpukjb.mykoperasi.coop/wp-cron.php?doing_wp_cron=1783905807.3066880702972412109375" "WordPress/5.5.18; https://kpukjb.mykoperasi.coop"
66.249.72.194 - - [13/Jul/2026:01:23:32 +0000] "GET /wp-includes/js/wp-emoji-release.min.js?ver=5.5.18 HTTP/1.1" 200 4316 "https://kpukjb.mykoperasi.coop/cart/" "Mozilla/5.0 (Linux; Android 6.0.1; Nexus 5X Build/MMB29P) AppleWebKit/537.36 (KHTML, like Gecko) Chrome/150.0.7871.46 Mobile Safari/537.36 (compatible; Googlebot/2.1; +http://www.google.com/bot.html)"
66.249.72.194 - - [13/Jul/2026:01:23:34 +0000] "GET /wp-content/themes/astra/assets/css/minified/style.min.css?ver=2.5.5 HTTP/1.1" 200 13277 "https://kpukjb.mykoperasi.coop/cart/" "Mozilla/5.0 (Linux; Android 6.0.1; Nexus 5X Build/MMB29P) AppleWebKit/537.36 (KHTML, like Gecko) Chrome/150.0.7871.46 Mobile Safari/537.36 (compatible; Googlebot/2.1; +http://www.google.com/bot.html)"
66.249.72.193 - - [13/Jul/2026:01:23:36 +0000] "GET /wp-content/plugins/header-footer-elementor/assets/css/header-footer-elementor.css?ver=1.5.3 HTTP/1.1" 200 259 "https://kpukjb.mykoperasi.coop/cart/" "Mozilla/5.0 (Linux; Android 6.0.1; Nexus 5X Build/MMB29P) AppleWebKit/537.36 (KHTML, like Gecko) Chrome/150.0.7871.46 Mobile Safari/537.36 (compatible; Googlebot/2.1; +http://www.google.com/bot.html)"
66.249.72.193 - - [13/Jul/2026:01:23:37 +0000] "GET /wp-content/plugins/elementor/assets/lib/eicons/css/elementor-icons.min.css?ver=5.9.1 HTTP/1.1" 200 3186 "https://kpukjb.mykoperasi.coop/cart/" "Mozilla/5.0 (Linux; Android 6.0.1; Nexus 5X Build/MMB29P) AppleWebKit/537.36 (KHTML, like Gecko) Chrome/150.0.7871.46 Mobile Safari/537.36 (compatible; Googlebot/2.1; +http://www.google.com/bot.html)"
66.249.72.193 - - [13/Jul/2026:01:23:38 +0000] "GET /wp-content/plugins/elementor/assets/lib/font-awesome/css/solid.min.css?ver=5.12.0 HTTP/1.1" 200 286 "https://kpukjb.mykoperasi.coop/cart/" "Mozilla/5.0 (Linux; Android 6.0.1; Nexus 5X Build/MMB29P) AppleWebKit/537.36 (KHTML, like Gecko) Chrome/150.0.7871.46 Mobile Safari/537.36 (compatible; Googlebot/2.1; +http://www.google.com/bot.html)"
66.249.72.193 - - [13/Jul/2026:01:23:40 +0000] "GET /wp-content/plugins/elementor/assets/lib/font-awesome/css/all.min.css?ver=3.0.11 HTTP/1.1" 200 11927 "https://kpukjb.mykoperasi.coop/cart/" "Mozilla/5.0 (Linux; Android 6.0.1; Nexus 5X Build/MMB29P) AppleWebKit/537.36 (KHTML, like Gecko) Chrome/150.0.7871.46 Mobile Safari/537.36 (compatible; Googlebot/2.1; +http://www.google.com/bot.html)"
66.249.72.193 - - [13/Jul/2026:01:23:42 +0000] "GET /wp-content/plugins/elementor/assets/lib/font-awesome/css/v4-shims.min.css?ver=3.0.11 HTTP/1.1" 200 3986 "https://kpukjb.mykoperasi.coop/cart/" "Mozilla/5.0 (Linux; Android 6.0.1; Nexus 5X Build/MMB29P) AppleWebKit/537.36 (KHTML, like Gecko) Chrome/150.0.7871.46 Mobile Safari/537.36 (compatible; Googlebot/2.1; +http://www.google.com/bot.html)"
66.249.72.193 - - [13/Jul/2026:01:23:44 +0000] "GET /wp-content/plugins/elementor/assets/lib/font-awesome/js/v4-shims.min.js?ver=3.0.11 HTTP/1.1" 200 4035 "https://kpukjb.mykoperasi.coop/cart/" "Mozilla/5.0 (Linux; Android 6.0.1; Nexus 5X Build/MMB29P) AppleWebKit/537.36 (KHTML, like Gecko) Chrome/150.0.7871.46 Mobile Safari/537.36 (compatible; Googlebot/2.1; +http://www.google.com/bot.html)"
66.249.72.193 - - [13/Jul/2026:01:23:46 +0000] "GET /wp-includes/js/jquery/jquery.js?ver=1.12.4-wp HTTP/1.1" 200 32853 "https://kpukjb.mykoperasi.coop/cart/" "Mozilla/5.0 (Linux; Android 6.0.1; Nexus 5X Build/MMB29P) AppleWebKit/537.36 (KHTML, like Gecko) Chrome/150.0.7871.46 Mobile Safari/537.36 (compatible; Googlebot/2.1; +http://www.google.com/bot.html)"
66.249.72.193 - - [13/Jul/2026:01:23:48 +0000] "GET /wp-content/plugins/elementor/assets/lib/waypoints/waypoints.min.js?ver=4.0.2 HTTP/1.1" 200 2867 "https://kpukjb.mykoperasi.coop/cart/" "Mozilla/5.0 (Linux; Android 6.0.1; Nexus 5X Build/MMB29P) AppleWebKit/537.36 (KHTML, like Gecko) Chrome/150.0.7871.46 Mobile Safari/537.36 (compatible; Googlebot/2.1; +http://www.google.com/bot.html)"
66.249.72.193 - - [13/Jul/2026:01:23:50 +0000] "GET /wp-content/plugins/wpforms-lite/assets/js/integrations/elementor/frontend.min.js?ver=1.6.2.3 HTTP/1.1" 200 330 "https://kpukjb.mykoperasi.coop/cart/" "Mozilla/5.0 (Linux; Android 6.0.1; Nexus 5X Build/MMB29P) AppleWebKit/537.36 (KHTML, like Gecko) Chrome/150.0.7871.46 Mobile Safari/537.36 (compatible; Googlebot/2.1; +http://www.google.com/bot.html)"
66.249.72.193 - - [13/Jul/2026:01:23:51 +0000] "GET /wp-content/plugins/elementor-pro/assets/js/frontend.min.js?ver=2.10.0 HTTP/1.1" 200 28594 "https://kpukjb.mykoperasi.coop/cart/" "Mozilla/5.0 (Linux; Android 6.0.1; Nexus 5X Build/MMB29P) AppleWebKit/537.36 (KHTML, like Gecko) Chrome/150.0.7871.46 Mobile Safari/537.36 (compatible; Googlebot/2.1; +http://www.google.com/bot.html)"
66.249.72.193 - - [13/Jul/2026:01:23:53 +0000] "GET /wp-content/plugins/elementor/assets/lib/share-link/share-link.min.js?ver=3.0.11 HTTP/1.1" 200 1023 "https://kpukjb.mykoperasi.coop/cart/" "Mozilla/5.0 (Linux; Android 6.0.1; Nexus 5X Build/MMB29P) AppleWebKit/537.36 (KHTML, like Gecko) Chrome/150.0.7871.46 Mobile Safari/537.36 (compatible; Googlebot/2.1; +http://www.google.com/bot.html)"
66.249.72.193 - - [13/Jul/2026:01:23:55 +0000] "GET /wp-includes/js/underscore.min.js?ver=1.8.3 HTTP/1.1" 200 5563 "https://kpukjb.mykoperasi.coop/cart/" "Mozilla/5.0 (Linux; Android 6.0.1; Nexus 5X Build/MMB29P) AppleWebKit/537.36 (KHTML, like Gecko) Chrome/150.0.7871.46 Mobile Safari/537.36 (compatible; Googlebot/2.1; +http://www.google.com/bot.html)"
66.249.72.193 - - [13/Jul/2026:01:23:57 +0000] "GET /wp-content/uploads/2020/06/plants-store-logo-green.svg HTTP/1.1" 200 406 "https://kpukjb.mykoperasi.coop/cart/" "Mozilla/5.0 (Linux; Android 6.0.1; Nexus 5X Build/MMB29P) AppleWebKit/537.36 (KHTML, like Gecko) Chrome/150.0.7871.46 Mobile Safari/537.36 (compatible; Googlebot/2.1; +http://www.google.com/bot.html)"