17.22.253.81 - - [12/Jul/2026:16:09:50 +0000] "GET /wp-content/themes/astra/assets/js/minified/frontend.min.js?ver=3.7.9 HTTP/2" 200 3672 "https://kpksk.mykoperasi.coop/?view=game%20slot%20depo%2010k" "Mozilla/5.0 (Macintosh; Intel Mac OS X 10_15_7) AppleWebKit/605.1.15 (KHTML, like Gecko) Version/17.4 Safari/605.1.15 (Applebot/0.1; +http://www.apple.com/go/applebot)"
17.22.253.81 - - [12/Jul/2026:16:09:52 +0000] "GET /wp-content/plugins/click-to-chat-for-whatsapp/new/inc/assets/js/app.js?ver=3.12.1 HTTP/2" 200 1868 "https://kpksk.mykoperasi.coop/?view=game%20slot%20depo%2010k" "Mozilla/5.0 (Macintosh; Intel Mac OS X 10_15_7) AppleWebKit/605.1.15 (KHTML, like Gecko) Version/17.4 Safari/605.1.15 (Applebot/0.1; +http://www.apple.com/go/applebot)"
17.22.253.81 - - [12/Jul/2026:16:09:53 +0000] "GET /wp-includes/js/dist/vendor/wp-polyfill.min.js?ver=3.15.0 HTTP/2" 200 11581 "https://kpksk.mykoperasi.coop/?view=game%20slot%20depo%2010k" "Mozilla/5.0 (Macintosh; Intel Mac OS X 10_15_7) AppleWebKit/605.1.15 (KHTML, like Gecko) Version/17.4 Safari/605.1.15 (Applebot/0.1; +http://www.apple.com/go/applebot)"
17.22.253.81 - - [12/Jul/2026:16:09:55 +0000] "GET /wp-content/plugins/contact-form-7/includes/js/index.js?ver=5.5.6 HTTP/2" 200 3050 "https://kpksk.mykoperasi.coop/?view=game%20slot%20depo%2010k" "Mozilla/5.0 (Macintosh; Intel Mac OS X 10_15_7) AppleWebKit/605.1.15 (KHTML, like Gecko) Version/17.4 Safari/605.1.15 (Applebot/0.1; +http://www.apple.com/go/applebot)"
17.22.253.81 - - [12/Jul/2026:16:09:56 +0000] "GET /wp-content/plugins/woocommerce/assets/js/jquery-blockui/jquery.blockUI.min.js?ver=2.7.0-wc.6.3.2 HTTP/2" 200 3245 "https://kpksk.mykoperasi.coop/?view=game%20slot%20depo%2010k" "Mozilla/5.0 (Macintosh; Intel Mac OS X 10_15_7) AppleWebKit/605.1.15 (KHTML, like Gecko) Version/17.4 Safari/605.1.15 (Applebot/0.1; +http://www.apple.com/go/applebot)"
17.22.253.81 - - [12/Jul/2026:16:09:58 +0000] "GET /wp-content/plugins/woocommerce/assets/js/frontend/add-to-cart.min.js?ver=6.3.2 HTTP/2" 200 970 "https://kpksk.mykoperasi.coop/?view=game%20slot%20depo%2010k" "Mozilla/5.0 (Macintosh; Intel Mac OS X 10_15_7) AppleWebKit/605.1.15 (KHTML, like Gecko) Version/17.4 Safari/605.1.15 (Applebot/0.1; +http://www.apple.com/go/applebot)"
17.22.253.81 - - [12/Jul/2026:16:09:59 +0000] "GET /wp-content/plugins/woocommerce/assets/js/js-cookie/js.cookie.min.js?ver=2.1.4-wc.6.3.2 HTTP/2" 200 899 "https://kpksk.mykoperasi.coop/?view=game%20slot%20depo%2010k" "Mozilla/5.0 (Macintosh; Intel Mac OS X 10_15_7) AppleWebKit/605.1.15 (KHTML, like Gecko) Version/17.4 Safari/605.1.15 (Applebot/0.1; +http://www.apple.com/go/applebot)"
17.22.253.81 - - [12/Jul/2026:16:10:01 +0000] "GET /wp-content/plugins/woocommerce/assets/js/frontend/woocommerce.min.js?ver=6.3.2 HTTP/2" 200 677 "https://kpksk.mykoperasi.coop/?view=game%20slot%20depo%2010k" "Mozilla/5.0 (Macintosh; Intel Mac OS X 10_15_7) AppleWebKit/605.1.15 (KHTML, like Gecko) Version/17.4 Safari/605.1.15 (Applebot/0.1; +http://www.apple.com/go/applebot)"
17.22.253.81 - - [12/Jul/2026:16:10:02 +0000] "GET /wp-content/plugins/woocommerce/assets/js/frontend/cart-fragments.min.js?ver=6.3.2 HTTP/2" 200 934 "https://kpksk.mykoperasi.coop/?view=game%20slot%20depo%2010k" "Mozilla/5.0 (Macintosh; Intel Mac OS X 10_15_7) AppleWebKit/605.1.15 (KHTML, like Gecko) Version/17.4 Safari/605.1.15 (Applebot/0.1; +http://www.apple.com/go/applebot)"
17.22.253.81 - - [12/Jul/2026:16:10:04 +0000] "GET /wp-content/plugins/wp-user-avatar/assets/js/frontend.min.js?ver=3.2.9 HTTP/2" 200 2205 "https://kpksk.mykoperasi.coop/?view=game%20slot%20depo%2010k" "Mozilla/5.0 (Macintosh; Intel Mac OS X 10_15_7) AppleWebKit/605.1.15 (KHTML, like Gecko) Version/17.4 Safari/605.1.15 (Applebot/0.1; +http://www.apple.com/go/applebot)"
17.22.253.81 - - [12/Jul/2026:16:10:05 +0000] "GET /wp-content/plugins/elementor/assets/lib/jquery-numerator/jquery-numerator.min.js?ver=0.2.1 HTTP/2" 200 677 "https://kpksk.mykoperasi.coop/?view=game%20slot%20depo%2010k" "Mozilla/5.0 (Macintosh; Intel Mac OS X 10_15_7) AppleWebKit/605.1.15 (KHTML, like Gecko) Version/17.4 Safari/605.1.15 (Applebot/0.1; +http://www.apple.com/go/applebot)"
17.22.253.81 - - [12/Jul/2026:16:10:07 +0000] "GET /wp-includes/js/jquery/ui/core.min.js?ver=1.13.3 HTTP/2" 200 6812 "https://kpksk.mykoperasi.coop/?view=game%20slot%20depo%2010k" "Mozilla/5.0 (Macintosh; Intel Mac OS X 10_15_7) AppleWebKit/605.1.15 (KHTML, like Gecko) Version/17.4 Safari/605.1.15 (Applebot/0.1; +http://www.apple.com/go/applebot)"
17.22.253.81 - - [12/Jul/2026:16:10:08 +0000] "GET /wp-content/plugins/qi-addons-for-elementor/assets/js/main.min.js?ver=7.0.1 HTTP/2" 200 12030 "https://kpksk.mykoperasi.coop/?view=game%20slot%20depo%2010k" "Mozilla/5.0 (Macintosh; Intel Mac OS X 10_15_7) AppleWebKit/605.1.15 (KHTML, like Gecko) Version/17.4 Safari/605.1.15 (Applebot/0.1; +http://www.apple.com/go/applebot)"
17.22.253.81 - - [12/Jul/2026:16:10:10 +0000] "GET /wp-content/plugins/elementor/assets/js/webpack.runtime.min.js?ver=3.24.7 HTTP/2" 200 2071 "https://kpksk.mykoperasi.coop/?view=game%20slot%20depo%2010k" "Mozilla/5.0 (Macintosh; Intel Mac OS X 10_15_7) AppleWebKit/605.1.15 (KHTML, like Gecko) Version/17.4 Safari/605.1.15 (Applebot/0.1; +http://www.apple.com/go/applebot)"
17.22.253.81 - - [12/Jul/2026:16:10:11 +0000] "GET /wp-content/plugins/elementor/assets/js/frontend-modules.min.js?ver=3.24.7 HTTP/2" 200 20275 "https://kpksk.mykoperasi.coop/?view=game%20slot%20depo%2010k" "Mozilla/5.0 (Macintosh; Intel Mac OS X 10_15_7) AppleWebKit/605.1.15 (KHTML, like Gecko) Version/17.4 Safari/605.1.15 (Applebot/0.1; +http://www.apple.com/go/applebot)"
17.22.253.81 - - [12/Jul/2026:16:10:13 +0000] "GET /wp-content/plugins/elementor/assets/js/frontend.min.js?ver=3.24.7 HTTP/2" 200 12152 "https://kpksk.mykoperasi.coop/?view=game%20slot%20depo%2010k" "Mozilla/5.0 (Macintosh; Intel Mac OS X 10_15_7) AppleWebKit/605.1.15 (KHTML, like Gecko) Version/17.4 Safari/605.1.15 (Applebot/0.1; +http://www.apple.com/go/applebot)"
17.22.253.81 - - [12/Jul/2026:16:10:14 +0000] "GET /wp-content/plugins/qi-addons-for-elementor/inc/plugins/elementor/assets/js/elementor.js?ver=7.0.1 HTTP/2" 200 496 "https://kpksk.mykoperasi.coop/?view=game%20slot%20depo%2010k" "Mozilla/5.0 (Macintosh; Intel Mac OS X 10_15_7) AppleWebKit/605.1.15 (KHTML, like Gecko) Version/17.4 Safari/605.1.15 (Applebot/0.1; +http://www.apple.com/go/applebot)"
17.22.253.81 - - [12/Jul/2026:16:10:16 +0000] "GET /wp-includes/js/comment-reply.min.js?ver=7.0.1 HTTP/2" 200 1247 "https://kpksk.mykoperasi.coop/?view=game%20slot%20depo%2010k" "Mozilla/5.0 (Macintosh; Intel Mac OS X 10_15_7) AppleWebKit/605.1.15 (KHTML, like Gecko) Version/17.4 Safari/605.1.15 (Applebot/0.1; +http://www.apple.com/go/applebot)"
17.22.253.81 - - [12/Jul/2026:16:10:17 +0000] "GET /wp-content/plugins/elementor/assets/lib/swiper/v8/swiper.min.js?ver=8.4.5 HTTP/2" 200 38152 "https://kpksk.mykoperasi.coop/?view=game%20slot%20depo%2010k" "Mozilla/5.0 (Macintosh; Intel Mac OS X 10_15_7) AppleWebKit/605.1.15 (KHTML, like Gecko) Version/17.4 Safari/605.1.15 (Applebot/0.1; +http://www.apple.com/go/applebot)"
209.42.27.159 - - [12/Jul/2026:16:10:20 +0000] "POST /wp-cron.php?doing_wp_cron=1783872619.8260159492492675781250 HTTP/1.1" 200 0 "-" "WordPress/7.0.1; https://kpksk.mykoperasi.coop"
17.22.253.81 - - [12/Jul/2026:16:10:19 +0000] "POST /?wc-ajax=get_refreshed_fragments HTTP/2" 200 485 "https://kpksk.mykoperasi.coop/?view=game%20slot%20depo%2010k" "Mozilla/5.0 (Macintosh; Intel Mac OS X 10_15_7) AppleWebKit/605.1.15 (KHTML, like Gecko) Version/17.4 Safari/605.1.15 (Applebot/0.1; +http://www.apple.com/go/applebot)"
17.22.253.81 - - [12/Jul/2026:16:10:20 +0000] "GET /wp-includes/js/wp-emoji-release.min.js?ver=7.0.1 HTTP/2" 200 4974 "https://kpksk.mykoperasi.coop/?view=game%20slot%20depo%2010k" "Mozilla/5.0 (Macintosh; Intel Mac OS X 10_15_7) AppleWebKit/605.1.15 (KHTML, like Gecko) Version/17.4 Safari/605.1.15 (Applebot/0.1; +http://www.apple.com/go/applebot)"
17.22.253.81 - - [12/Jul/2026:16:10:22 +0000] "GET /wp-content/plugins/elementor/assets/js/text-editor.2c35aafbe5bf0e127950.bundle.min.js HTTP/2" 200 600 "https://kpksk.mykoperasi.coop/?view=game%20slot%20depo%2010k" "Mozilla/5.0 (Macintosh; Intel Mac OS X 10_15_7) AppleWebKit/605.1.15 (KHTML, like Gecko) Version/17.4 Safari/605.1.15 (Applebot/0.1; +http://www.apple.com/go/applebot)"
17.241.219.188 - - [12/Jul/2026:16:10:30 +0000] "GET /wp-content/themes/astra/assets/css/minified/main.min.css?ver=3.7.9 HTTP/2" 200 7892 "https://kpksk.mykoperasi.coop/?view=naga169%2C%20link%20alternatif" "Mozilla/5.0 (Macintosh; Intel Mac OS X 10_15_7) AppleWebKit/605.1.15 (KHTML, like Gecko) Version/17.4 Safari/605.1.15 (Applebot/0.1; +http://www.apple.com/go/applebot)"
17.241.219.188 - - [12/Jul/2026:16:10:30 +0000] "GET /wp-content/themes/astra/style.css HTTP/2" 200 1676 "https://kpksk.mykoperasi.coop/?view=naga169%2C%20link%20alternatif" "Mozilla/5.0 (Macintosh; Intel Mac OS X 10_15_7) AppleWebKit/605.1.15 (KHTML, like Gecko) Version/17.4 Safari/605.1.15 (Applebot/0.1; +http://www.apple.com/go/applebot)"
17.241.219.188 - - [12/Jul/2026:16:10:32 +0000] "GET /wp-content/themes/astra/assets/css/minified/compatibility/contact-form-7-main.min.css?ver=3.7.9 HTTP/2" 200 334 "https://kpksk.mykoperasi.coop/?view=naga169%2C%20link%20alternatif" "Mozilla/5.0 (Macintosh; Intel Mac OS X 10_15_7) AppleWebKit/605.1.15 (KHTML, like Gecko) Version/17.4 Safari/605.1.15 (Applebot/0.1; +http://www.apple.com/go/applebot)"
17.241.219.188 - - [12/Jul/2026:16:10:33 +0000] "GET /wp-content/plugins/contact-form-7/includes/css/styles.css?ver=5.5.6 HTTP/2" 200 848 "https://kpksk.mykoperasi.coop/?view=naga169%2C%20link%20alternatif" "Mozilla/5.0 (Macintosh; Intel Mac OS X 10_15_7) AppleWebKit/605.1.15 (KHTML, like Gecko) Version/17.4 Safari/605.1.15 (Applebot/0.1; +http://www.apple.com/go/applebot)"
17.241.219.188 - - [12/Jul/2026:16:10:35 +0000] "GET /wp-content/plugins/header-footer-elementor/inc/widgets-css/frontend.css?ver=1.6.44 HTTP/2" 200 7442 "https://kpksk.mykoperasi.coop/?view=naga169%2C%20link%20alternatif" "Mozilla/5.0 (Macintosh; Intel Mac OS X 10_15_7) AppleWebKit/605.1.15 (KHTML, like Gecko) Version/17.4 Safari/605.1.15 (Applebot/0.1; +http://www.apple.com/go/applebot)"
17.241.219.188 - - [12/Jul/2026:16:10:36 +0000] "GET /wp-content/themes/astra/assets/css/minified/compatibility/woocommerce/woocommerce-layout-grid.min.css?ver=3.7.9 HTTP/2" 200 1701 "https://kpksk.mykoperasi.coop/?view=naga169%2C%20link%20alternatif" "Mozilla/5.0 (Macintosh; Intel Mac OS X 10_15_7) AppleWebKit/605.1.15 (KHTML, like Gecko) Version/17.4 Safari/605.1.15 (Applebot/0.1; +http://www.apple.com/go/applebot)"
17.241.219.188 - - [12/Jul/2026:16:10:38 +0000] "GET /wp-content/themes/astra/assets/css/minified/compatibility/woocommerce/woocommerce-grid.min.css?ver=3.7.9 HTTP/2" 200 13714 "https://kpksk.mykoperasi.coop/?view=naga169%2C%20link%20alternatif" "Mozilla/5.0 (Macintosh; Intel Mac OS X 10_15_7) AppleWebKit/605.1.15 (KHTML, like Gecko) Version/17.4 Safari/605.1.15 (Applebot/0.1; +http://www.apple.com/go/applebot)"
17.241.219.188 - - [12/Jul/2026:16:10:39 +0000] "GET /wp-content/plugins/wp-user-avatar/assets/css/frontend.min.css?ver=3.2.9 HTTP/2" 200 9516 "https://kpksk.mykoperasi.coop/?view=naga169%2C%20link%20alternatif" "Mozilla/5.0 (Macintosh; Intel Mac OS X 10_15_7) AppleWebKit/605.1.15 (KHTML, like Gecko) Version/17.4 Safari/605.1.15 (Applebot/0.1; +http://www.apple.com/go/applebot)"
17.241.219.188 - - [12/Jul/2026:16:10:41 +0000] "GET /wp-content/plugins/wp-user-avatar/assets/flatpickr/flatpickr.min.css?ver=3.2.9 HTTP/2" 200 2810 "https://kpksk.mykoperasi.coop/?view=naga169%2C%20link%20alternatif" "Mozilla/5.0 (Macintosh; Intel Mac OS X 10_15_7) AppleWebKit/605.1.15 (KHTML, like Gecko) Version/17.4 Safari/605.1.15 (Applebot/0.1; +http://www.apple.com/go/applebot)"
17.241.219.188 - - [12/Jul/2026:16:10:42 +0000] "GET /wp-content/plugins/wp-user-avatar/assets/select2/select2.min.css?ver=7.0.1 HTTP/2" 200 1800 "https://kpksk.mykoperasi.coop/?view=naga169%2C%20link%20alternatif" "Mozilla/5.0 (Macintosh; Intel Mac OS X 10_15_7) AppleWebKit/605.1.15 (KHTML, like Gecko) Version/17.4 Safari/605.1.15 (Applebot/0.1; +http://www.apple.com/go/applebot)"
17.241.219.188 - - [12/Jul/2026:16:10:44 +0000] "GET /wp-content/plugins/header-footer-elementor/assets/css/header-footer-elementor.css?ver=1.6.44 HTTP/2" 200 259 "https://kpksk.mykoperasi.coop/?view=naga169%2C%20link%20alternatif" "Mozilla/5.0 (Macintosh; Intel Mac OS X 10_15_7) AppleWebKit/605.1.15 (KHTML, like Gecko) Version/17.4 Safari/605.1.15 (Applebot/0.1; +http://www.apple.com/go/applebot)"
17.241.219.188 - - [12/Jul/2026:16:10:45 +0000] "GET /wp-content/plugins/elementor/assets/lib/eicons/css/elementor-icons.min.css?ver=5.31.0 HTTP/2" 200 3746 "https://kpksk.mykoperasi.coop/?view=naga169%2C%20link%20alternatif" "Mozilla/5.0 (Macintosh; Intel Mac OS X 10_15_7) AppleWebKit/605.1.15 (KHTML, like Gecko) Version/17.4 Safari/605.1.15 (Applebot/0.1; +http://www.apple.com/go/applebot)"
17.241.219.188 - - [12/Jul/2026:16:10:46 +0000] "GET /wp-content/plugins/elementor/assets/css/frontend.min.css?ver=3.24.7 HTTP/2" 200 6890 "https://kpksk.mykoperasi.coop/?view=naga169%2C%20link%20alternatif" "Mozilla/5.0 (Macintosh; Intel Mac OS X 10_15_7) AppleWebKit/605.1.15 (KHTML, like Gecko) Version/17.4 Safari/605.1.15 (Applebot/0.1; +http://www.apple.com/go/applebot)"
17.241.219.188 - - [12/Jul/2026:16:10:48 +0000] "GET /wp-content/plugins/elementor/assets/lib/swiper/v8/css/swiper.min.css?ver=8.4.5 HTTP/2" 200 4248 "https://kpksk.mykoperasi.coop/?view=naga169%2C%20link%20alternatif" "Mozilla/5.0 (Macintosh; Intel Mac OS X 10_15_7) AppleWebKit/605.1.15 (KHTML, like Gecko) Version/17.4 Safari/605.1.15 (Applebot/0.1; +http://www.apple.com/go/applebot)"
17.241.219.188 - - [12/Jul/2026:16:10:49 +0000] "GET /wp-content/plugins/elementor/assets/css/conditionals/e-swiper.min.css?ver=3.24.7 HTTP/2" 200 890 "https://kpksk.mykoperasi.coop/?view=naga169%2C%20link%20alternatif" "Mozilla/5.0 (Macintosh; Intel Mac OS X 10_15_7) AppleWebKit/605.1.15 (KHTML, like Gecko) Version/17.4 Safari/605.1.15 (Applebot/0.1; +http://www.apple.com/go/applebot)"
17.241.219.188 - - [12/Jul/2026:16:10:51 +0000] "GET /wp-content/uploads/elementor/css/post-1314.css?ver=1749240027 HTTP/2" 200 344 "https://kpksk.mykoperasi.coop/?view=naga169%2C%20link%20alternatif" "Mozilla/5.0 (Macintosh; Intel Mac OS X 10_15_7) AppleWebKit/605.1.15 (KHTML, like Gecko) Version/17.4 Safari/605.1.15 (Applebot/0.1; +http://www.apple.com/go/applebot)"
17.241.219.188 - - [12/Jul/2026:16:10:52 +0000] "GET /wp-content/uploads/elementor/css/global.css?ver=1749240027 HTTP/2" 200 1294 "https://kpksk.mykoperasi.coop/?view=naga169%2C%20link%20alternatif" "Mozilla/5.0 (Macintosh; Intel Mac OS X 10_15_7) AppleWebKit/605.1.15 (KHTML, like Gecko) Version/17.4 Safari/605.1.15 (Applebot/0.1; +http://www.apple.com/go/applebot)"
17.241.219.188 - - [12/Jul/2026:16:10:54 +0000] "GET /wp-content/plugins/elementor/assets/css/widget-heading.min.css?ver=3.24.7 HTTP/2" 200 154 "https://kpksk.mykoperasi.coop/?view=naga169%2C%20link%20alternatif" "Mozilla/5.0 (Macintosh; Intel Mac OS X 10_15_7) AppleWebKit/605.1.15 (KHTML, like Gecko) Version/17.4 Safari/605.1.15 (Applebot/0.1; +http://www.apple.com/go/applebot)"
17.241.219.188 - - [12/Jul/2026:16:10:55 +0000] "GET /wp-content/plugins/elementor/assets/css/widget-text-editor.min.css?ver=3.24.7 HTTP/2" 200 198 "https://kpksk.mykoperasi.coop/?view=naga169%2C%20link%20alternatif" "Mozilla/5.0 (Macintosh; Intel Mac OS X 10_15_7) AppleWebKit/605.1.15 (KHTML, like Gecko) Version/17.4 Safari/605.1.15 (Applebot/0.1; +http://www.apple.com/go/applebot)"
17.241.219.188 - - [12/Jul/2026:16:10:57 +0000] "GET /wp-content/plugins/elementor/assets/css/widget-divider.min.css?ver=3.24.7 HTTP/2" 200 689 "https://kpksk.mykoperasi.coop/?view=naga169%2C%20link%20alternatif" "Mozilla/5.0 (Macintosh; Intel Mac OS X 10_15_7) AppleWebKit/605.1.15 (KHTML, like Gecko) Version/17.4 Safari/605.1.15 (Applebot/0.1; +http://www.apple.com/go/applebot)"
17.241.219.188 - - [12/Jul/2026:16:10:58 +0000] "GET /wp-content/plugins/elementor/assets/css/widget-image.min.css?ver=3.24.7 HTTP/2" 200 119 "https://kpksk.mykoperasi.coop/?view=naga169%2C%20link%20alternatif" "Mozilla/5.0 (Macintosh; Intel Mac OS X 10_15_7) AppleWebKit/605.1.15 (KHTML, like Gecko) Version/17.4 Safari/605.1.15 (Applebot/0.1; +http://www.apple.com/go/applebot)"
17.241.219.188 - - [12/Jul/2026:16:10:59 +0000] "GET /wp-content/plugins/elementor/assets/css/widget-video.min.css?ver=3.24.7 HTTP/2" 200 413 "https://kpksk.mykoperasi.coop/?view=naga169%2C%20link%20alternatif" "Mozilla/5.0 (Macintosh; Intel Mac OS X 10_15_7) AppleWebKit/605.1.15 (KHTML, like Gecko) Version/17.4 Safari/605.1.15 (Applebot/0.1; +http://www.apple.com/go/applebot)"
17.241.219.188 - - [12/Jul/2026:16:11:01 +0000] "GET /wp-content/plugins/elementor/assets/css/widget-counter.min.css?ver=3.24.7 HTTP/2" 200 235 "https://kpksk.mykoperasi.coop/?view=naga169%2C%20link%20alternatif" "Mozilla/5.0 (Macintosh; Intel Mac OS X 10_15_7) AppleWebKit/605.1.15 (KHTML, like Gecko) Version/17.4 Safari/605.1.15 (Applebot/0.1; +http://www.apple.com/go/applebot)"
17.241.219.188 - - [12/Jul/2026:16:11:02 +0000] "GET /wp-content/uploads/elementor/css/post-1366.css?ver=1749240027 HTTP/2" 200 907 "https://kpksk.mykoperasi.coop/?view=naga169%2C%20link%20alternatif" "Mozilla/5.0 (Macintosh; Intel Mac OS X 10_15_7) AppleWebKit/605.1.15 (KHTML, like Gecko) Version/17.4 Safari/605.1.15 (Applebot/0.1; +http://www.apple.com/go/applebot)"
17.241.219.188 - - [12/Jul/2026:16:11:04 +0000] "GET /wp-content/uploads/elementor/css/post-1336.css?ver=1749240027 HTTP/2" 200 1048 "https://kpksk.mykoperasi.coop/?view=naga169%2C%20link%20alternatif" "Mozilla/5.0 (Macintosh; Intel Mac OS X 10_15_7) AppleWebKit/605.1.15 (KHTML, like Gecko) Version/17.4 Safari/605.1.15 (Applebot/0.1; +http://www.apple.com/go/applebot)"
17.241.219.188 - - [12/Jul/2026:16:11:05 +0000] "GET /wp-content/uploads/elementor/css/post-1565.css?ver=1749240027 HTTP/2" 200 1059 "https://kpksk.mykoperasi.coop/?view=naga169%2C%20link%20alternatif" "Mozilla/5.0 (Macintosh; Intel Mac OS X 10_15_7) AppleWebKit/605.1.15 (KHTML, like Gecko) Version/17.4 Safari/605.1.15 (Applebot/0.1; +http://www.apple.com/go/applebot)"
17.241.219.188 - - [12/Jul/2026:16:11:07 +0000] "GET /wp-content/plugins/qi-addons-for-elementor/assets/css/grid.min.css?ver=7.0.1 HTTP/2" 200 1416 "https://kpksk.mykoperasi.coop/?view=naga169%2C%20link%20alternatif" "Mozilla/5.0 (Macintosh; Intel Mac OS X 10_15_7) AppleWebKit/605.1.15 (KHTML, like Gecko) Version/17.4 Safari/605.1.15 (Applebot/0.1; +http://www.apple.com/go/applebot)"
17.241.219.188 - - [12/Jul/2026:16:11:08 +0000] "GET /wp-content/plugins/qi-addons-for-elementor/assets/css/helper-parts.min.css?ver=7.0.1 HTTP/2" 200 2471 "https://kpksk.mykoperasi.coop/?view=naga169%2C%20link%20alternatif" "Mozilla/5.0 (Macintosh; Intel Mac OS X 10_15_7) AppleWebKit/605.1.15 (KHTML, like Gecko) Version/17.4 Safari/605.1.15 (Applebot/0.1; +http://www.apple.com/go/applebot)"
17.241.219.188 - - [12/Jul/2026:16:11:10 +0000] "GET /wp-content/plugins/qi-addons-for-elementor/assets/css/main.min.css?ver=7.0.1 HTTP/2" 200 24410 "https://kpksk.mykoperasi.coop/?view=naga169%2C%20link%20alternatif" "Mozilla/5.0 (Macintosh; Intel Mac OS X 10_15_7) AppleWebKit/605.1.15 (KHTML, like Gecko) Version/17.4 Safari/605.1.15 (Applebot/0.1; +http://www.apple.com/go/applebot)"
17.241.219.188 - - [12/Jul/2026:16:11:11 +0000] "GET /wp-content/plugins/elementor/assets/css/widget-icon-list.min.css?ver=3.24.3 HTTP/2" 200 866 "https://kpksk.mykoperasi.coop/?view=naga169%2C%20link%20alternatif" "Mozilla/5.0 (Macintosh; Intel Mac OS X 10_15_7) AppleWebKit/605.1.15 (KHTML, like Gecko) Version/17.4 Safari/605.1.15 (Applebot/0.1; +http://www.apple.com/go/applebot)"
17.241.219.188 - - [12/Jul/2026:16:11:12 +0000] "GET /wp-content/plugins/elementor/assets/css/widget-social-icons.min.css?ver=3.24.0 HTTP/2" 200 1056 "https://kpksk.mykoperasi.coop/?view=naga169%2C%20link%20alternatif" "Mozilla/5.0 (Macintosh; Intel Mac OS X 10_15_7) AppleWebKit/605.1.15 (KHTML, like Gecko) Version/17.4 Safari/605.1.15 (Applebot/0.1; +http://www.apple.com/go/applebot)"
17.241.219.188 - - [12/Jul/2026:16:11:14 +0000] "GET /wp-content/plugins/elementor/assets/lib/font-awesome/css/brands.css?ver=5.15.3 HTTP/2" 200 296 "https://kpksk.mykoperasi.coop/?view=naga169%2C%20link%20alternatif" "Mozilla/5.0 (Macintosh; Intel Mac OS X 10_15_7) AppleWebKit/605.1.15 (KHTML, like Gecko) Version/17.4 Safari/605.1.15 (Applebot/0.1; +http://www.apple.com/go/applebot)"
17.241.219.188 - - [12/Jul/2026:16:11:15 +0000] "GET /wp-content/plugins/elementor/assets/lib/font-awesome/css/fontawesome.css?ver=5.15.3 HTTP/2" 200 12526 "https://kpksk.mykoperasi.coop/?view=naga169%2C%20link%20alternatif" "Mozilla/5.0 (Macintosh; Intel Mac OS X 10_15_7) AppleWebKit/605.1.15 (KHTML, like Gecko) Version/17.4 Safari/605.1.15 (Applebot/0.1; +http://www.apple.com/go/applebot)"
17.241.219.188 - - [12/Jul/2026:16:11:17 +0000] "GET /wp-content/plugins/elementor/assets/lib/font-awesome/css/solid.css?ver=5.15.3 HTTP/2" 200 296 "https://kpksk.mykoperasi.coop/?view=naga169%2C%20link%20alternatif" "Mozilla/5.0 (Macintosh; Intel Mac OS X 10_15_7) AppleWebKit/605.1.15 (KHTML, like Gecko) Version/17.4 Safari/605.1.15 (Applebot/0.1; +http://www.apple.com/go/applebot)"
17.241.219.188 - - [12/Jul/2026:16:11:18 +0000] "GET /wp-content/plugins/elementor/assets/lib/font-awesome/css/fontawesome.min.css?ver=5.15.3 HTTP/2" 200 12164 "https://kpksk.mykoperasi.coop/?view=naga169%2C%20link%20alternatif" "Mozilla/5.0 (Macintosh; Intel Mac OS X 10_15_7) AppleWebKit/605.1.15 (KHTML, like Gecko) Version/17.4 Safari/605.1.15 (Applebot/0.1; +http://www.apple.com/go/applebot)"
17.241.219.188 - - [12/Jul/2026:16:11:20 +0000] "GET /wp-content/plugins/elementor/assets/lib/font-awesome/css/solid.min.css?ver=5.15.3 HTTP/2" 200 286 "https://kpksk.mykoperasi.coop/?view=naga169%2C%20link%20alternatif" "Mozilla/5.0 (Macintosh; Intel Mac OS X 10_15_7) AppleWebKit/605.1.15 (KHTML, like Gecko) Version/17.4 Safari/605.1.15 (Applebot/0.1; +http://www.apple.com/go/applebot)"
17.241.219.188 - - [12/Jul/2026:16:11:21 +0000] "GET /wp-content/plugins/elementor/assets/lib/font-awesome/css/regular.min.css?ver=5.15.3 HTTP/2" 200 283 "https://kpksk.mykoperasi.coop/?view=naga169%2C%20link%20alternatif" "Mozilla/5.0 (Macintosh; Intel Mac OS X 10_15_7) AppleWebKit/605.1.15 (KHTML, like Gecko) Version/17.4 Safari/605.1.15 (Applebot/0.1; +http://www.apple.com/go/applebot)"
17.241.219.188 - - [12/Jul/2026:16:11:23 +0000] "GET /wp-content/plugins/elementor/assets/lib/font-awesome/css/brands.min.css?ver=5.15.3 HTTP/2" 200 284 "https://kpksk.mykoperasi.coop/?view=naga169%2C%20link%20alternatif" "Mozilla/5.0 (Macintosh; Intel Mac OS X 10_15_7) AppleWebKit/605.1.15 (KHTML, like Gecko) Version/17.4 Safari/605.1.15 (Applebot/0.1; +http://www.apple.com/go/applebot)"
17.241.219.188 - - [12/Jul/2026:16:11:24 +0000] "GET /wp-content/plugins/elementor/assets/css/widget-social-icons.min.css?ver=3.24.7 HTTP/2" 200 1056 "https://kpksk.mykoperasi.coop/?view=naga169%2C%20link%20alternatif" "Mozilla/5.0 (Macintosh; Intel Mac OS X 10_15_7) AppleWebKit/605.1.15 (KHTML, like Gecko) Version/17.4 Safari/605.1.15 (Applebot/0.1; +http://www.apple.com/go/applebot)"
17.241.219.188 - - [12/Jul/2026:16:11:25 +0000] "GET /wp-content/plugins/elementor/assets/css/conditionals/apple-webkit.min.css?ver=3.24.7 HTTP/2" 200 496 "https://kpksk.mykoperasi.coop/?view=naga169%2C%20link%20alternatif" "Mozilla/5.0 (Macintosh; Intel Mac OS X 10_15_7) AppleWebKit/605.1.15 (KHTML, like Gecko) Version/17.4 Safari/605.1.15 (Applebot/0.1; +http://www.apple.com/go/applebot)"
17.241.219.188 - - [12/Jul/2026:16:11:27 +0000] "GET /wp-content/plugins/elementor/assets/css/widget-icon-list.min.css?ver=3.24.7 HTTP/2" 200 866 "https://kpksk.mykoperasi.coop/?view=naga169%2C%20link%20alternatif" "Mozilla/5.0 (Macintosh; Intel Mac OS X 10_15_7) AppleWebKit/605.1.15 (KHTML, like Gecko) Version/17.4 Safari/605.1.15 (Applebot/0.1; +http://www.apple.com/go/applebot)"
17.241.219.188 - - [12/Jul/2026:16:11:28 +0000] "GET /wp-content/themes/astra/assets/css/minified/compatibility/woocommerce/woocommerce-smallscreen-grid.min.css?ver=3.7.9 HTTP/2" 200 766 "https://kpksk.mykoperasi.coop/?view=naga169%2C%20link%20alternatif" "Mozilla/5.0 (Macintosh; Intel Mac OS X 10_15_7) AppleWebKit/605.1.15 (KHTML, like Gecko) Version/17.4 Safari/605.1.15 (Applebot/0.1; +http://www.apple.com/go/applebot)"
209.42.27.159 - - [12/Jul/2026:16:11:31 +0000] "POST /wp-cron.php?doing_wp_cron=1783872691.0866498947143554687500 HTTP/1.1" 200 0 "-" "WordPress/7.0.1; https://kpksk.mykoperasi.coop"
17.241.219.188 - - [12/Jul/2026:16:11:30 +0000] "POST /?wc-ajax=get_refreshed_fragments HTTP/2" 200 485 "https://kpksk.mykoperasi.coop/?view=naga169%2C%20link%20alternatif" "Mozilla/5.0 (Macintosh; Intel Mac OS X 10_15_7) AppleWebKit/605.1.15 (KHTML, like Gecko) Version/17.4 Safari/605.1.15 (Applebot/0.1; +http://www.apple.com/go/applebot)"
87.250.224.218 - - [12/Jul/2026:16:19:34 +0000] "GET /robots.txt HTTP/1.1" 200 83 "-" "Mozilla/5.0 (compatible; YandexBot/3.0; +http://yandex.com/bots)"
209.42.27.159 - - [12/Jul/2026:16:19:36 +0000] "POST /wp-cron.php?doing_wp_cron=1783873175.9743471145629882812500 HTTP/1.1" 200 0 "-" "WordPress/7.0.1; https://kpksk.mykoperasi.coop"
5.255.231.18 - - [12/Jul/2026:16:19:35 +0000] "GET /?view=link%20alternatif%20sbotop HTTP/2" 200 29191 "-" "Mozilla/5.0 (compatible; YandexBot/3.0; +http://yandex.com/bots)"
209.42.27.159 - - [12/Jul/2026:16:22:29 +0000] "POST /wp-cron.php?doing_wp_cron=1783873349.2080540657043457031250 HTTP/1.1" 200 0 "-" "WordPress/7.0.1; https://kpksk.mykoperasi.coop"
103.90.233.75 - - [12/Jul/2026:16:22:28 +0000] "GET /wp-login.php HTTP/2" 200 2063 "-" "Mozilla/5.0 (Linux; Android 10; K) AppleWebKit/537.36 (KHTML, like Gecko) Chrome/148.0.0.0 Mobile Safari/537.36"
103.90.233.75 - - [12/Jul/2026:16:22:33 +0000] "POST /wp-login.php HTTP/2" 200 2214 "https://www.kpksk.mykoperasi.coop/wp-login.php" "Mozilla/5.0 (Linux; Android 10; K) AppleWebKit/537.36 (KHTML, like Gecko) Chrome/148.0.0.0 Mobile Safari/537.36"
66.249.72.205 - - [12/Jul/2026:16:26:58 +0000] "GET /robots.txt HTTP/1.1" 200 83 "-" "Mozilla/5.0 (compatible; Googlebot/2.1; +http://www.google.com/bot.html)"
69.171.249.114 - - [12/Jul/2026:16:31:48 +0000] "GET /robots.txt HTTP/2" 206 83 "-" "facebookexternalhit/1.1 (+http://www.facebook.com/externalhit_uatext.php)"
69.171.249.1 - - [12/Jul/2026:16:31:49 +0000] "GET /robots.txt HTTP/2" 206 83 "-" "facebookexternalhit/1.1 (+http://www.facebook.com/externalhit_uatext.php)"
69.171.249.9 - - [12/Jul/2026:16:31:49 +0000] "GET /robots.txt HTTP/2" 206 83 "-" "facebookexternalhit/1.1 (+http://www.facebook.com/externalhit_uatext.php)"
209.42.27.159 - - [12/Jul/2026:16:31:50 +0000] "POST /wp-cron.php?doing_wp_cron=1783873910.2093880176544189453125 HTTP/1.1" 200 0 "-" "WordPress/7.0.1; https://kpksk.mykoperasi.coop"
57.141.0.44 - - [12/Jul/2026:16:31:50 +0000] "GET /?view=arti%20pur%201%201/2%20dalam%20taruhan%20bola HTTP/2" 301 0 "-" "Mozilla/5.0 (Macintosh; Intel Mac OS X 10_15_7) AppleWebKit/537.36 (KHTML, like Gecko) Chrome/145.0.0.0 Safari/537.36 (compatible; meta-externalagent/1.1 (+https://developers.facebook.com/docs/sharing/webmasters/crawler))"
209.42.27.159 - - [12/Jul/2026:16:35:04 +0000] "POST /wp-cron.php?doing_wp_cron=1783874104.5019800662994384765625 HTTP/1.1" 200 0 "-" "WordPress/7.0.1; https://kpksk.mykoperasi.coop"
57.141.0.49 - - [12/Jul/2026:16:35:04 +0000] "GET /?view=slot%20bpd%20jawa%20tengah%20(jateng) HTTP/2" 301 0 "-" "Mozilla/5.0 (X11; Linux x86_64) AppleWebKit/537.36 (KHTML, like Gecko) Chrome/145.0.0.0 Safari/537.36 (compatible; meta-externalagent/1.1 (+https://developers.facebook.com/docs/sharing/webmasters/crawler))"
209.42.27.159 - - [12/Jul/2026:16:38:33 +0000] "POST /wp-cron.php?doing_wp_cron=1783874313.7769520282745361328125 HTTP/1.1" 200 0 "-" "WordPress/7.0.1; https://kpksk.mykoperasi.coop"
57.141.0.10 - - [12/Jul/2026:16:38:33 +0000] "GET /?view=igm247,%20slot HTTP/2" 301 0 "-" "Mozilla/5.0 (Windows NT 10.0; Win64; x64) AppleWebKit/537.36 (KHTML, like Gecko) Chrome/145.0.0.0 Safari/537.36 (compatible; meta-externalagent/1.1 (+https://developers.facebook.com/docs/sharing/webmasters/crawler))"
87.250.224.215 - - [12/Jul/2026:16:41:46 +0000] "GET /robots.txt HTTP/1.1" 200 83 "-" "Mozilla/5.0 (compatible; YandexBot/3.0; +http://yandex.com/bots)"
209.42.27.159 - - [12/Jul/2026:16:41:49 +0000] "POST /wp-cron.php?doing_wp_cron=1783874509.2004890441894531250000 HTTP/1.1" 200 0 "-" "WordPress/7.0.1; https://kpksk.mykoperasi.coop"
5.255.231.124 - - [12/Jul/2026:16:41:47 +0000] "GET /?view=slot%20fun%20gaming HTTP/2" 200 29191 "-" "Mozilla/5.0 (compatible; YandexBot/3.0; +http://yandex.com/bots)"
209.42.27.159 - - [12/Jul/2026:16:42:19 +0000] "POST /wp-cron.php?doing_wp_cron=1783874539.6044690608978271484375 HTTP/1.1" 200 0 "-" "WordPress/7.0.1; https://kpksk.mykoperasi.coop"
57.141.0.62 - - [12/Jul/2026:16:42:19 +0000] "GET /?view=situs%20slot%20bonus%20new%20member%20++ HTTP/2" 301 0 "-" "Mozilla/5.0 (Macintosh; Intel Mac OS X 10_15_7) AppleWebKit/537.36 (KHTML, like Gecko) Chrome/145.0.0.0 Safari/537.36 (compatible; meta-externalagent/1.1 (+https://developers.facebook.com/docs/sharing/webmasters/crawler))"
209.42.27.159 - - [12/Jul/2026:16:52:17 +0000] "POST /wp-cron.php?doing_wp_cron=1783875137.6477160453796386718750 HTTP/1.1" 200 0 "-" "WordPress/7.0.1; https://kpksk.mykoperasi.coop"
87.250.224.108 - - [12/Jul/2026:16:52:17 +0000] "GET /?view=slot%20dana%20terpercaya HTTP/2" 200 29191 "-" "Mozilla/5.0 (compatible; YandexBot/3.0; +http://yandex.com/bots)"
209.42.27.159 - - [12/Jul/2026:16:53:37 +0000] "POST /wp-cron.php?doing_wp_cron=1783875216.8526949882507324218750 HTTP/1.1" 200 0 "-" "WordPress/7.0.1; https://kpksk.mykoperasi.coop"
213.171.208.62 - - [12/Jul/2026:16:53:36 +0000] "GET /wp-login.php HTTP/2" 200 2063 "-" "Mozilla/5.0 (X11; Linux x86_64) AppleWebKit/537.36 (KHTML, like Gecko) Chrome/143.0.0.0 Safari/537.36"
209.42.27.159 - - [12/Jul/2026:16:56:02 +0000] "POST /wp-cron.php?doing_wp_cron=1783875362.7327740192413330078125 HTTP/1.1" 200 0 "-" "WordPress/7.0.1; https://kpksk.mykoperasi.coop"
57.141.0.25 - - [12/Jul/2026:16:56:02 +0000] "GET /?view=slot+qris+microstar88 HTTP/2" 301 0 "-" "Mozilla/5.0 (Windows NT 10.0; Win64; x64) AppleWebKit/537.36 (KHTML, like Gecko) Chrome/145.0.0.0 Safari/537.36 (compatible; meta-externalagent/1.1 (+https://developers.facebook.com/docs/sharing/webmasters/crawler))"
209.42.27.159 - - [12/Jul/2026:17:03:11 +0000] "POST /wp-cron.php?doing_wp_cron=1783875791.0731980800628662109375 HTTP/1.1" 200 0 "-" "WordPress/7.0.1; https://kpksk.mykoperasi.coop"
57.141.0.40 - - [12/Jul/2026:17:03:10 +0000] "GET /?view=c\\xc3\\xa1ch%20\\xc4\\x91\\xc4\\x83ng%20k\\xc3\\xbd%20sv388 HTTP/2" 301 0 "-" "Mozilla/5.0 (X11; Linux x86_64) AppleWebKit/537.36 (KHTML, like Gecko) Chrome/145.0.0.0 Safari/537.36 (compatible; meta-externalagent/1.1 (+https://developers.facebook.com/docs/sharing/webmasters/crawler))"
209.42.27.159 - - [12/Jul/2026:17:33:24 +0000] "POST /wp-cron.php?doing_wp_cron=1783877603.8457229137420654296875 HTTP/1.1" 200 0 "-" "WordPress/7.0.1; https://kpksk.mykoperasi.coop"
57.141.0.53 - - [12/Jul/2026:17:33:23 +0000] "GET /?view=sv388%20\\xe1\\x9e\\x98\\xe1\\x9e\\xb6\\xe1\\x9e\\x93\\xe1\\x9f\\x8b%20\\xe1\\x9e\\x87\\xe1\\x9e\\x9b\\xe1\\x9f\\x8b%20live%20\\xe1\\x9e\\x95\\xe1\\x9f\\x92\\xe1\\x9e\\x91\\xe1\\x9e\\xb6\\xe1\\x9e\\x9b\\xe1\\x9f\\x8b HTTP/2" 301 0 "-" "Mozilla/5.0 (Windows NT 10.0; Win64; x64) AppleWebKit/537.36 (KHTML, like Gecko) Chrome/145.0.0.0 Safari/537.36 Edg/145.0.0.0 (compatible; meta-externalagent/1.1 (+https://developers.facebook.com/docs/sharing/webmasters/crawler))"
209.42.27.159 - - [12/Jul/2026:17:48:45 +0000] "POST /wp-cron.php?doing_wp_cron=1783878525.2452499866485595703125 HTTP/1.1" 200 0 "-" "WordPress/7.0.1; https://kpksk.mykoperasi.coop"
52.167.144.220 - - [12/Jul/2026:17:48:44 +0000] "GET /category/nursery/ HTTP/2" 200 24315 "-" "Mozilla/5.0 AppleWebKit/537.36 (KHTML, like Gecko; compatible; bingbot/2.0; +http://www.bing.com/bingbot.htm) Chrome/116.0.1938.76 Safari/537.36"
209.42.27.159 - - [12/Jul/2026:17:57:31 +0000] "POST /wp-cron.php?doing_wp_cron=1783879050.9357941150665283203125 HTTP/1.1" 200 0 "-" "WordPress/7.0.1; https://kpksk.mykoperasi.coop"
209.42.27.159 - - [12/Jul/2026:17:57:31 +0000] "POST /wp-cron.php?doing_wp_cron=1783879051.2795391082763671875000 HTTP/1.1" 200 0 "-" "WordPress/7.0.1; https://kpksk.mykoperasi.coop"
17.241.227.30 - - [12/Jul/2026:17:57:30 +0000] "GET /?view=naga169%20live%20chat HTTP/2" 200 29191 "-" "Mozilla/5.0 (Macintosh; Intel Mac OS X 10_15_7) AppleWebKit/605.1.15 (KHTML, like Gecko) Version/17.4 Safari/605.1.15 (Applebot/0.1; +http://www.apple.com/go/applebot)"
209.42.27.159 - - [12/Jul/2026:18:00:35 +0000] "POST /wp-cron.php?doing_wp_cron=1783879235.0204539299011230468750 HTTP/1.1" 200 0 "-" "WordPress/7.0.1; https://kpksk.mykoperasi.coop"
57.141.0.53 - - [12/Jul/2026:18:00:34 +0000] "GET /?view=\\xc4\\x91\\xc3\\xa1%20g\\xc3\\xa0tr\\xe1\\xbb\\xb1c%20ti\\xe1\\xba\\xbfp%20sv388 HTTP/2" 301 0 "-" "Mozilla/5.0 (Windows NT 10.0; Win64; x64) AppleWebKit/537.36 (KHTML, like Gecko) Chrome/145.0.0.0 Safari/537.36 (compatible; meta-externalagent/1.1 (+https://developers.facebook.com/docs/sharing/webmasters/crawler))"
216.73.216.94 - - [12/Jul/2026:18:04:11 +0000] "GET /robots.txt HTTP/2" 200 83 "-" "Mozilla/5.0 AppleWebKit/537.36 (KHTML, like Gecko; compatible; ClaudeBot/1.0; +claudebot@anthropic.com)"
216.73.216.94 - - [12/Jul/2026:18:04:11 +0000] "GET /sitemap-kpksk.xml HTTP/2" 200 89560 "-" "Mozilla/5.0 AppleWebKit/537.36 (KHTML, like Gecko; compatible; ClaudeBot/1.0; +claudebot@anthropic.com)"
209.42.27.159 - - [12/Jul/2026:18:07:23 +0000] "POST /wp-cron.php?doing_wp_cron=1783879643.4177680015563964843750 HTTP/1.1" 200 0 "-" "WordPress/7.0.1; https://kpksk.mykoperasi.coop"
20.153.140.50 - - [12/Jul/2026:18:07:22 +0000] "GET /wp-login.php HTTP/2" 200 2063 "-" "Mozilla/5.0 (Linux; Android 10; K) AppleWebKit/537.36 (KHTML, like Gecko) Chrome/146.0.0.0 Mobile Safari/537.36"
20.153.140.50 - - [12/Jul/2026:18:07:24 +0000] "POST /wp-login.php HTTP/2" 200 2214 "https://www.kpksk.mykoperasi.coop/wp-login.php" "Mozilla/5.0 (Linux; Android 10; K) AppleWebKit/537.36 (KHTML, like Gecko) Chrome/146.0.0.0 Mobile Safari/537.36"
209.42.27.159 - - [12/Jul/2026:18:11:32 +0000] "POST /wp-cron.php?doing_wp_cron=1783879891.8546540737152099609375 HTTP/1.1" 200 0 "-" "WordPress/7.0.1; https://kpksk.mykoperasi.coop"
57.141.0.24 - - [12/Jul/2026:18:11:31 +0000] "GET /?view=login+sbobet88+asia HTTP/2" 301 0 "-" "Mozilla/5.0 (Windows NT 10.0; Win64; x64) AppleWebKit/537.36 (KHTML, like Gecko) Chrome/145.0.0.0 Safari/537.36 (compatible; meta-externalagent/1.1 (+https://developers.facebook.com/docs/sharing/webmasters/crawler))"
87.250.224.96 - - [12/Jul/2026:18:16:46 +0000] "GET /robots.txt HTTP/1.1" 200 83 "-" "Mozilla/5.0 (compatible; YandexBot/3.0; +http://yandex.com/bots)"
209.42.27.159 - - [12/Jul/2026:18:16:49 +0000] "POST /wp-cron.php?doing_wp_cron=1783880208.9478049278259277343750 HTTP/1.1" 200 0 "-" "WordPress/7.0.1; https://kpksk.mykoperasi.coop"
213.180.203.134 - - [12/Jul/2026:18:16:47 +0000] "GET /?view=gacor888 HTTP/2" 200 29191 "-" "Mozilla/5.0 (compatible; YandexBot/3.0; +http://yandex.com/bots)"
209.42.27.159 - - [12/Jul/2026:18:27:24 +0000] "POST /wp-cron.php?doing_wp_cron=1783880844.6189720630645751953125 HTTP/1.1" 200 0 "-" "WordPress/7.0.1; https://kpksk.mykoperasi.coop"
57.141.0.65 - - [12/Jul/2026:18:27:24 +0000] "GET /?view=maxbet%20\\xd0\\xba\\xd0\\xb0\\xd0\\xb7\\xd0\\xb8\\xd0\\xbd\\xd0\\xbe HTTP/2" 301 0 "-" "Mozilla/5.0 (Windows NT 10.0; Win64; x64) AppleWebKit/537.36 (KHTML, like Gecko) Chrome/145.0.0.0 Safari/537.36 (compatible; meta-externalagent/1.1 (+https://developers.facebook.com/docs/sharing/webmasters/crawler))"
209.42.27.159 - - [12/Jul/2026:18:41:37 +0000] "POST /wp-cron.php?doing_wp_cron=1783881697.3771779537200927734375 HTTP/1.1" 200 0 "-" "WordPress/7.0.1; https://kpksk.mykoperasi.coop"
52.45.92.83 - - [12/Jul/2026:18:41:36 +0000] "GET /?p=2357 HTTP/1.1" 301 0 "-" "Mozilla/5.0 AppleWebKit/537.36 (KHTML, like Gecko; compatible; Amazonbot/0.1; +https://developer.amazon.com/support/amazonbot) Chrome/119.0.6045.214 Safari/537.36"
44.212.131.50 - - [12/Jul/2026:18:41:38 +0000] "GET /galeri-aktiviti-2/ HTTP/1.1" 200 26735 "-" "Mozilla/5.0 AppleWebKit/537.36 (KHTML, like Gecko; compatible; Amazonbot/0.1; +https://developer.amazon.com/support/amazonbot) Chrome/119.0.6045.214 Safari/537.36"
173.252.70.113 - - [12/Jul/2026:18:47:37 +0000] "GET /robots.txt HTTP/2" 206 83 "-" "facebookexternalhit/1.1 (+http://www.facebook.com/externalhit_uatext.php)"
209.42.27.159 - - [12/Jul/2026:18:47:44 +0000] "POST /wp-cron.php?doing_wp_cron=1783882063.9202120304107666015625 HTTP/1.1" 200 0 "-" "WordPress/7.0.1; https://kpksk.mykoperasi.coop"
57.141.0.46 - - [12/Jul/2026:18:47:43 +0000] "GET /?view=slot%20absolutely%20mammoth! HTTP/2" 301 0 "-" "Mozilla/5.0 (Windows NT 10.0; Win64; x64) AppleWebKit/537.36 (KHTML, like Gecko) Chrome/145.0.0.0 Safari/537.36 (compatible; meta-externalagent/1.1 (+https://developers.facebook.com/docs/sharing/webmasters/crawler))"
209.42.27.159 - - [12/Jul/2026:19:00:53 +0000] "POST /wp-cron.php?doing_wp_cron=1783882853.6576941013336181640625 HTTP/1.1" 200 0 "-" "WordPress/7.0.1; https://kpksk.mykoperasi.coop"
209.42.27.159 - - [12/Jul/2026:19:00:54 +0000] "POST /wp-cron.php?doing_wp_cron=1783882853.8542408943176269531250 HTTP/1.1" 200 0 "-" "WordPress/7.0.1; https://kpksk.mykoperasi.coop"
57.141.0.53 - - [12/Jul/2026:19:00:52 +0000] "GET /?view=spadegaming%20naga169%20\\xe0\\xb9\\x80\\xe0\\xb8\\x84\\xe0\\xb8\\xa3\\xe0\\xb8\\x94\\xe0\\xb8\\xb4\\xe0\\xb8\\x95\\xe0\\xb8\\x9f\\xe0\\xb8\\xa3\\xe0\\xb8\\xb5 HTTP/2" 301 0 "-" "Mozilla/5.0 (Macintosh; Intel Mac OS X 10_15_7) AppleWebKit/537.36 (KHTML, like Gecko) Chrome/145.0.0.0 Safari/537.36 (compatible; meta-externalagent/1.1 (+https://developers.facebook.com/docs/sharing/webmasters/crawler))"
209.42.27.159 - - [12/Jul/2026:19:04:36 +0000] "POST /wp-cron.php?doing_wp_cron=1783883076.3585090637207031250000 HTTP/1.1" 200 0 "-" "WordPress/7.0.1; https://kpksk.mykoperasi.coop"
57.141.0.61 - - [12/Jul/2026:19:04:36 +0000] "GET /?view=sbobet88,%20daftar HTTP/2" 301 0 "-" "Mozilla/5.0 (Windows NT 10.0; Win64; x64) AppleWebKit/537.36 (KHTML, like Gecko) Chrome/145.0.0.0 Safari/537.36 (compatible; meta-externalagent/1.1 (+https://developers.facebook.com/docs/sharing/webmasters/crawler))"
209.42.27.159 - - [12/Jul/2026:19:17:56 +0000] "POST /wp-cron.php?doing_wp_cron=1783883876.4335811138153076171875 HTTP/1.1" 200 0 "-" "WordPress/7.0.1; https://kpksk.mykoperasi.coop"
57.141.0.24 - - [12/Jul/2026:19:17:55 +0000] "GET /?view=toto%20sgp,%20singapore%20pools HTTP/2" 301 0 "-" "Mozilla/5.0 (Windows NT 10.0; Win64; x64) AppleWebKit/537.36 (KHTML, like Gecko) Chrome/145.0.0.0 Safari/537.36 (compatible; meta-externalagent/1.1 (+https://developers.facebook.com/docs/sharing/webmasters/crawler))"
209.42.27.159 - - [12/Jul/2026:19:21:11 +0000] "POST /wp-cron.php?doing_wp_cron=1783884070.9277110099792480468750 HTTP/1.1" 200 0 "-" "WordPress/7.0.1; https://kpksk.mykoperasi.coop"
57.141.0.71 - - [12/Jul/2026:19:21:10 +0000] "GET /?view=t\\xe1\\xba\\xa3i%20sv388 HTTP/2" 301 0 "-" "Mozilla/5.0 (Windows NT 10.0; Win64; x64) AppleWebKit/537.36 (KHTML, like Gecko) Chrome/145.0.0.0 Safari/537.36 (compatible; meta-externalagent/1.1 (+https://developers.facebook.com/docs/sharing/webmasters/crawler))"
209.42.27.159 - - [12/Jul/2026:19:25:12 +0000] "POST /wp-cron.php?doing_wp_cron=1783884311.8852539062500000000000 HTTP/1.1" 200 0 "-" "WordPress/7.0.1; https://kpksk.mykoperasi.coop"
213.171.208.62 - - [12/Jul/2026:19:25:11 +0000] "GET /wp-login.php HTTP/2" 200 2063 "-" "Mozilla/5.0 (X11; Linux x86_64) AppleWebKit/537.36 (KHTML, like Gecko) Chrome/146.0.0.0 Safari/537.36"
213.171.208.62 - - [12/Jul/2026:19:25:12 +0000] "POST /wp-login.php HTTP/2" 200 2214 "https://www.kpksk.mykoperasi.coop/wp-login.php" "Mozilla/5.0 (X11; Linux x86_64) AppleWebKit/537.36 (KHTML, like Gecko) Chrome/146.0.0.0 Safari/537.36"
95.108.213.179 - - [12/Jul/2026:19:25:41 +0000] "GET /robots.txt HTTP/1.1" 200 83 "-" "Mozilla/5.0 (compatible; YandexBot/3.0; +http://yandex.com/bots)"
5.255.231.9 - - [12/Jul/2026:19:25:42 +0000] "GET /?view=slot%20kakek%20petir HTTP/2" 200 29191 "-" "Mozilla/5.0 (compatible; YandexBot/3.0; +http://yandex.com/bots)"
209.42.27.159 - - [12/Jul/2026:19:27:45 +0000] "POST /wp-cron.php?doing_wp_cron=1783884464.8709740638732910156250 HTTP/1.1" 200 0 "-" "WordPress/7.0.1; https://kpksk.mykoperasi.coop"
44.193.155.149 - - [12/Jul/2026:19:27:43 +0000] "GET /?p=2357 HTTP/1.1" 301 0 "-" "Mozilla/5.0 AppleWebKit/605.1.15 (KHTML, like Gecko) Chrome/139.0.0.0 Safari/605.1.15"
34.235.75.100 - - [12/Jul/2026:19:27:45 +0000] "GET /galeri-aktiviti-2/ HTTP/1.1" 200 26725 "-" "Mozilla/5.0 AppleWebKit/605.1.15 (KHTML, like Gecko) Chrome/139.0.0.0 Safari/605.1.15"
209.42.27.159 - - [12/Jul/2026:19:33:49 +0000] "POST /wp-cron.php?doing_wp_cron=1783884829.1669158935546875000000 HTTP/1.1" 200 0 "-" "WordPress/7.0.1; https://kpksk.mykoperasi.coop"
57.141.0.62 - - [12/Jul/2026:19:33:49 +0000] "GET /?view=paito%20hk,%20paito%20harian%20hk HTTP/2" 301 0 "-" "Mozilla/5.0 (Macintosh; Intel Mac OS X 10_15_7) AppleWebKit/537.36 (KHTML, like Gecko) Chrome/145.0.0.0 Safari/537.36 (compatible; meta-externalagent/1.1 (+https://developers.facebook.com/docs/sharing/webmasters/crawler))"
209.42.27.159 - - [12/Jul/2026:19:35:08 +0000] "POST /wp-cron.php?doing_wp_cron=1783884908.7632770538330078125000 HTTP/1.1" 200 0 "-" "WordPress/7.0.1; https://kpksk.mykoperasi.coop"
57.141.0.4 - - [12/Jul/2026:19:35:08 +0000] "GET /?view=nh\\xc3\\xa0%20c\\xc3\\xa1i%20sv388 HTTP/2" 301 0 "-" "Mozilla/5.0 (Windows NT 10.0; Win64; x64) AppleWebKit/537.36 (KHTML, like Gecko) Chrome/145.0.0.0 Safari/537.36 (compatible; meta-externalagent/1.1 (+https://developers.facebook.com/docs/sharing/webmasters/crawler))"
104.210.140.135 - - [12/Jul/2026:19:38:42 +0000] "GET /robots.txt HTTP/2" 200 83 "-" "Mozilla/5.0 (Macintosh; Intel Mac OS X 10_15_7) AppleWebKit/537.36 (KHTML, like Gecko) Chrome/131.0.0.0 Safari/537.36; compatible; OAI-SearchBot/1.0; +https://openai.com/searchbot"
209.42.27.159 - - [12/Jul/2026:20:39:25 +0000] "POST /wp-cron.php?doing_wp_cron=1783888764.9032690525054931640625 HTTP/1.1" 200 0 "-" "WordPress/7.0.1; https://kpksk.mykoperasi.coop"
72.167.132.114 - - [12/Jul/2026:20:39:24 +0000] "GET /wp-login.php HTTP/2" 200 2063 "-" "Mozilla/5.0 (X11; Linux x86_64) AppleWebKit/537.36 (KHTML, like Gecko) Chrome/148.0.0.0 Safari/537.36"
72.167.132.114 - - [12/Jul/2026:20:39:26 +0000] "POST /wp-login.php HTTP/2" 200 2214 "https://www.kpksk.mykoperasi.coop/wp-login.php" "Mozilla/5.0 (X11; Linux x86_64) AppleWebKit/537.36 (KHTML, like Gecko) Chrome/148.0.0.0 Safari/537.36"
209.42.27.159 - - [12/Jul/2026:20:46:03 +0000] "POST /wp-cron.php?doing_wp_cron=1783889163.3653390407562255859375 HTTP/1.1" 200 0 "-" "WordPress/7.0.1; https://kpksk.mykoperasi.coop"
209.42.27.159 - - [12/Jul/2026:20:46:03 +0000] "POST /wp-cron.php?doing_wp_cron=1783889163.5611820220947265625000 HTTP/1.1" 200 0 "-" "WordPress/7.0.1; https://kpksk.mykoperasi.coop"
57.141.0.66 - - [12/Jul/2026:20:46:02 +0000] "GET /?view=t\\xe1\\xba\\xa3i%20app%20sv388 HTTP/2" 301 0 "-" "Mozilla/5.0 (Macintosh; Intel Mac OS X 10_15_7) AppleWebKit/537.36 (KHTML, like Gecko) Chrome/145.0.0.0 Safari/537.36 (compatible; meta-externalagent/1.1 (+https://developers.facebook.com/docs/sharing/webmasters/crawler))"
209.42.27.159 - - [12/Jul/2026:20:47:53 +0000] "POST /wp-cron.php?doing_wp_cron=1783889273.0156459808349609375000 HTTP/1.1" 200 0 "-" "WordPress/7.0.1; https://kpksk.mykoperasi.coop"
23.23.103.31 - - [12/Jul/2026:20:47:52 +0000] "GET /?p=2420 HTTP/1.1" 301 0 "-" "Mozilla/5.0 AppleWebKit/537.36 (KHTML, like Gecko; compatible; Amazonbot/0.1; +https://developer.amazon.com/support/amazonbot) Chrome/119.0.6045.214 Safari/537.36"
23.23.103.31 - - [12/Jul/2026:20:47:53 +0000] "GET /alk-pengurusan-koop/ HTTP/1.1" 200 27174 "-" "Mozilla/5.0 AppleWebKit/537.36 (KHTML, like Gecko; compatible; Amazonbot/0.1; +https://developer.amazon.com/support/amazonbot) Chrome/119.0.6045.214 Safari/537.36"
34.234.100.56 - - [12/Jul/2026:20:48:14 +0000] "HEAD / HTTP/2" 200 0 "http://kpksk.mykoperasi.coop" "Go-http-client/2.0"
216.73.216.94 - - [12/Jul/2026:20:58:42 +0000] "GET /robots.txt HTTP/2" 200 83 "-" "Mozilla/5.0 AppleWebKit/537.36 (KHTML, like Gecko; compatible; ClaudeBot/1.0; +claudebot@anthropic.com)"
216.73.216.94 - - [12/Jul/2026:20:58:44 +0000] "GET /sitemap-kpksk.xml HTTP/2" 200 89560 "-" "Mozilla/5.0 AppleWebKit/537.36 (KHTML, like Gecko; compatible; ClaudeBot/1.0; +claudebot@anthropic.com)"
209.42.27.159 - - [12/Jul/2026:21:06:45 +0000] "POST /wp-cron.php?doing_wp_cron=1783890405.1407361030578613281250 HTTP/1.1" 200 0 "-" "WordPress/7.0.1; https://kpksk.mykoperasi.coop"
57.141.0.15 - - [12/Jul/2026:21:06:44 +0000] "GET /?view=\\xc4\\x91\\xc4\\x83ng%20k\\xc3\\xbd%20sv388 HTTP/2" 301 0 "-" "Mozilla/5.0 (Macintosh; Intel Mac OS X 10_15_7) AppleWebKit/537.36 (KHTML, like Gecko) Chrome/145.0.0.0 Safari/537.36 (compatible; meta-externalagent/1.1 (+https://developers.facebook.com/docs/sharing/webmasters/crawler))"
3.218.57.46 - - [12/Jul/2026:21:07:04 +0000] "GET /?p=2420 HTTP/1.1" 301 0 "-" "Mozilla/5.0 AppleWebKit/605.1.15 (KHTML, like Gecko) Chrome/139.0.0.0 Safari/605.1.15"
3.231.131.186 - - [12/Jul/2026:21:07:05 +0000] "GET /alk-pengurusan-koop/ HTTP/1.1" 200 27174 "-" "Mozilla/5.0 AppleWebKit/605.1.15 (KHTML, like Gecko) Chrome/139.0.0.0 Safari/605.1.15"
209.42.27.159 - - [12/Jul/2026:21:08:19 +0000] "POST /wp-cron.php?doing_wp_cron=1783890499.5544729232788085937500 HTTP/1.1" 200 0 "-" "WordPress/7.0.1; https://kpksk.mykoperasi.coop"
57.141.0.1 - - [12/Jul/2026:21:08:19 +0000] "GET /?view=slot%20bpd%20kalimantan%20barat%20(kalbar) HTTP/2" 301 0 "-" "Mozilla/5.0 (Windows NT 10.0; Win64; x64) AppleWebKit/537.36 (KHTML, like Gecko) Chrome/145.0.0.0 Safari/537.36 (compatible; meta-externalagent/1.1 (+https://developers.facebook.com/docs/sharing/webmasters/crawler))"
209.42.27.159 - - [12/Jul/2026:21:13:28 +0000] "POST /wp-cron.php?doing_wp_cron=1783890808.3407359123229980468750 HTTP/1.1" 200 0 "-" "WordPress/7.0.1; https://kpksk.mykoperasi.coop"
57.141.0.22 - - [12/Jul/2026:21:13:27 +0000] "GET /?view=bonus%20new%20member%2025+25 HTTP/2" 301 0 "-" "Mozilla/5.0 (X11; Linux x86_64) AppleWebKit/537.36 (KHTML, like Gecko) Chrome/145.0.0.0 Safari/537.36 (compatible; meta-externalagent/1.1 (+https://developers.facebook.com/docs/sharing/webmasters/crawler))"
209.42.27.159 - - [12/Jul/2026:21:14:10 +0000] "POST /wp-cron.php?doing_wp_cron=1783890850.6194870471954345703125 HTTP/1.1" 200 0 "-" "WordPress/7.0.1; https://kpksk.mykoperasi.coop"
57.141.0.40 - - [12/Jul/2026:21:14:10 +0000] "GET /?view=\\xe0\\xb9\\x81\\xe0\\xb8\\x97\\xe0\\xb8\\x87\\xe0\\xb8\\x9a\\xe0\\xb8\\xad\\xe0\\xb8\\xa5%20maxbet HTTP/2" 301 0 "-" "Mozilla/5.0 (Windows NT 10.0; Win64; x64) AppleWebKit/537.36 (KHTML, like Gecko) Chrome/145.0.0.0 Safari/537.36 (compatible; meta-externalagent/1.1 (+https://developers.facebook.com/docs/sharing/webmasters/crawler))"
209.42.27.159 - - [12/Jul/2026:21:17:07 +0000] "POST /wp-cron.php?doing_wp_cron=1783891027.5499539375305175781250 HTTP/1.1" 200 0 "-" "WordPress/7.0.1; https://kpksk.mykoperasi.coop"
102.220.160.79 - - [12/Jul/2026:21:17:06 +0000] "GET / HTTP/1.1" 200 29191 "-" "Mozilla/5.0 (Windows NT 10.0; Win64; x64; rv:123.0) Gecko/20100101 Firefox/123.0"
209.42.27.159 - - [12/Jul/2026:21:22:56 +0000] "POST /wp-cron.php?doing_wp_cron=1783891376.3249208927154541015625 HTTP/1.1" 200 0 "-" "WordPress/7.0.1; https://kpksk.mykoperasi.coop"
57.141.0.62 - - [12/Jul/2026:21:22:55 +0000] "GET /?view=sv388+bet HTTP/2" 301 0 "-" "Mozilla/5.0 (Macintosh; Intel Mac OS X 10_15_7) AppleWebKit/537.36 (KHTML, like Gecko) Chrome/145.0.0.0 Safari/537.36 (compatible; meta-externalagent/1.1 (+https://developers.facebook.com/docs/sharing/webmasters/crawler))"
74.7.175.183 - - [12/Jul/2026:21:26:12 +0000] "GET /robots.txt HTTP/2" 200 83 "-" "Mozilla/5.0 (Macintosh; Intel Mac OS X 10_15_7) AppleWebKit/537.36 (KHTML, like Gecko) Chrome/131.0.0.0 Safari/537.36; compatible; OAI-SearchBot/1.4; robots.txt; +https://openai.com/searchbot"
209.42.27.159 - - [12/Jul/2026:21:29:47 +0000] "POST /wp-cron.php?doing_wp_cron=1783891787.5212008953094482421875 HTTP/1.1" 200 0 "-" "WordPress/7.0.1; https://kpksk.mykoperasi.coop"
57.141.0.40 - - [12/Jul/2026:21:29:46 +0000] "GET /?view=maxbet%20p\\xc4\\x83reri HTTP/2" 301 0 "-" "Mozilla/5.0 (Windows NT 10.0; Win64; x64) AppleWebKit/537.36 (KHTML, like Gecko) Chrome/145.0.0.0 Safari/537.36 (compatible; meta-externalagent/1.1 (+https://developers.facebook.com/docs/sharing/webmasters/crawler))"
209.42.27.159 - - [12/Jul/2026:21:55:00 +0000] "POST /wp-cron.php?doing_wp_cron=1783893300.3265030384063720703125 HTTP/1.1" 200 0 "-" "WordPress/7.0.1; https://kpksk.mykoperasi.coop"
209.42.27.159 - - [12/Jul/2026:21:55:00 +0000] "POST /wp-cron.php?doing_wp_cron=1783893300.5369369983673095703125 HTTP/1.1" 200 0 "-" "WordPress/7.0.1; https://kpksk.mykoperasi.coop"
57.141.0.54 - - [12/Jul/2026:21:54:59 +0000] "GET /?view=sbobet88,%20slot HTTP/2" 301 0 "-" "Mozilla/5.0 (Windows NT 10.0; Win64; x64) AppleWebKit/537.36 (KHTML, like Gecko) Chrome/145.0.0.0 Safari/537.36 (compatible; meta-externalagent/1.1 (+https://developers.facebook.com/docs/sharing/webmasters/crawler))"
