95.108.213.238 - - [12/Jul/2026:21:56:17 +0000] "GET /robots.txt HTTP/1.1" 200 83 "-" "Mozilla/5.0 (compatible; YandexBot/3.0; +http://yandex.com/bots)"
209.42.27.159 - - [12/Jul/2026:21:56:18 +0000] "POST /wp-cron.php?doing_wp_cron=1783893378.7541201114654541015625 HTTP/1.1" 200 0 "-" "WordPress/7.0.1; https://kpksk.mykoperasi.coop"
87.250.224.249 - - [12/Jul/2026:21:56:18 +0000] "GET /?view=slot%20bank%20bpd%20sulteng HTTP/2" 200 29191 "-" "Mozilla/5.0 (compatible; YandexBot/3.0; +http://yandex.com/bots)"
209.42.27.159 - - [12/Jul/2026:22:01:46 +0000] "POST /wp-cron.php?doing_wp_cron=1783893705.9504289627075195312500 HTTP/1.1" 200 0 "-" "WordPress/7.0.1; https://kpksk.mykoperasi.coop"
57.141.0.47 - - [12/Jul/2026:22:01:45 +0000] "GET /?view=judi%20slot%20deposit%20dana/gopay HTTP/2" 301 0 "-" "Mozilla/5.0 (Macintosh; Intel Mac OS X 10_15_7) AppleWebKit/537.36 (KHTML, like Gecko) Chrome/145.0.0.0 Safari/537.36 (compatible; meta-externalagent/1.1 (+https://developers.facebook.com/docs/sharing/webmasters/crawler))"
3.151.194.164 - - [12/Jul/2026:22:02:10 +0000] "GET / HTTP/1.1" 200 29191 "http://kpksk.mykoperasi.coop/" "visionheight.com/scan Mozilla/5.0 (Macintosh; Intel Mac OS X 10_15_7) Chrome/126.0.0.0 Safari/537.36"
209.42.27.159 - - [12/Jul/2026:22:09:39 +0000] "POST /wp-cron.php?doing_wp_cron=1783894179.7815449237823486328125 HTTP/1.1" 200 0 "-" "WordPress/7.0.1; https://kpksk.mykoperasi.coop"
185.17.41.205 - - [12/Jul/2026:22:09:39 +0000] "GET /wp-login.php HTTP/2" 200 2063 "-" "Mozilla/5.0 (iPhone; CPU iPhone OS 18_0 like Mac OS X) AppleWebKit/605.1.15 (KHTML, like Gecko) CriOS/147.0.6917.0 Mobile/15E148 Safari/604.1"
185.17.41.205 - - [12/Jul/2026:22:09:40 +0000] "POST /wp-login.php HTTP/2" 200 2214 "https://www.kpksk.mykoperasi.coop/wp-login.php" "Mozilla/5.0 (iPhone; CPU iPhone OS 18_0 like Mac OS X) AppleWebKit/605.1.15 (KHTML, like Gecko) CriOS/147.0.6917.0 Mobile/15E148 Safari/604.1"
95.108.213.162 - - [12/Jul/2026:22:25:35 +0000] "GET /robots.txt HTTP/1.1" 200 83 "-" "Mozilla/5.0 (compatible; YandexBot/3.0; +http://yandex.com/bots)"
209.42.27.159 - - [12/Jul/2026:22:25:37 +0000] "POST /wp-cron.php?doing_wp_cron=1783895137.4571089744567871093750 HTTP/1.1" 200 0 "-" "WordPress/7.0.1; https://kpksk.mykoperasi.coop"
95.108.213.82 - - [12/Jul/2026:22:25:36 +0000] "GET /?view=togel%20hongkong HTTP/2" 200 29191 "-" "Mozilla/5.0 (compatible; YandexBot/3.0; +http://yandex.com/bots)"
209.42.27.159 - - [12/Jul/2026:22:34:09 +0000] "POST /wp-cron.php?doing_wp_cron=1783895649.5551140308380126953125 HTTP/1.1" 200 0 "-" "WordPress/7.0.1; https://kpksk.mykoperasi.coop"
57.141.0.4 - - [12/Jul/2026:22:34:08 +0000] "GET /?view=c\\xc3\\xa1ch%20n\\xe1\\xba\\xa1p%20ti\\xe1\\xbb\\x81n%20v\\xc3\\xa0o%20sv388 HTTP/2" 301 0 "-" "Mozilla/5.0 (Windows NT 10.0; Win64; x64) AppleWebKit/537.36 (KHTML, like Gecko) Chrome/145.0.0.0 Safari/537.36 (compatible; meta-externalagent/1.1 (+https://developers.facebook.com/docs/sharing/webmasters/crawler))"
147.135.138.90 - - [12/Jul/2026:22:34:13 +0000] "GET /wp-login.php HTTP/2" 200 2063 "-" "Mozilla/5.0 (Macintosh; Intel Mac OS X 10_15_7) AppleWebKit/537.36 (KHTML, like Gecko) Chrome/147.0.0.0 Safari/537.36"
147.135.138.90 - - [12/Jul/2026:22:34:14 +0000] "POST /wp-login.php HTTP/2" 200 2214 "https://www.kpksk.mykoperasi.coop/wp-login.php" "Mozilla/5.0 (Macintosh; Intel Mac OS X 10_15_7) AppleWebKit/537.36 (KHTML, like Gecko) Chrome/147.0.0.0 Safari/537.36"
209.42.27.159 - - [12/Jul/2026:22:46:51 +0000] "POST /wp-cron.php?doing_wp_cron=1783896411.7544949054718017578125 HTTP/1.1" 200 0 "-" "WordPress/7.0.1; https://kpksk.mykoperasi.coop"
57.141.0.51 - - [12/Jul/2026:22:46:50 +0000] "GET /?view=naga169%20\\xe0\\xb8\\x84\\xe0\\xb9\\x88\\xe0\\xb8\\xb2\\xe0\\xb8\\xa2%20spadegaming HTTP/2" 301 0 "-" "Mozilla/5.0 (Windows NT 10.0; Win64; x64) AppleWebKit/537.36 (KHTML, like Gecko) Chrome/145.0.0.0 Safari/537.36 (compatible; meta-externalagent/1.1 (+https://developers.facebook.com/docs/sharing/webmasters/crawler))"
209.42.27.159 - - [12/Jul/2026:22:56:26 +0000] "POST /wp-cron.php?doing_wp_cron=1783896986.3081610202789306640625 HTTP/1.1" 200 0 "-" "WordPress/7.0.1; https://kpksk.mykoperasi.coop"
209.42.27.159 - - [12/Jul/2026:22:56:26 +0000] "POST /wp-cron.php?doing_wp_cron=1783896986.5071809291839599609375 HTTP/1.1" 200 0 "-" "WordPress/7.0.1; https://kpksk.mykoperasi.coop"
57.141.0.47 - - [12/Jul/2026:22:56:25 +0000] "GET /?view=spadegaming%20naga169%20\\xe0\\xb8\\x97\\xe0\\xb8\\x94\\xe0\\xb8\\xa5\\xe0\\xb8\\xad\\xe0\\xb8\\x87 HTTP/2" 301 0 "-" "Mozilla/5.0 (Windows NT 10.0; Win64; x64) AppleWebKit/537.36 (KHTML, like Gecko) Chrome/145.0.0.0 Safari/537.36 (compatible; meta-externalagent/1.1 (+https://developers.facebook.com/docs/sharing/webmasters/crawler))"
209.42.27.159 - - [12/Jul/2026:22:58:02 +0000] "POST /wp-cron.php?doing_wp_cron=1783897082.7044110298156738281250 HTTP/1.1" 200 0 "-" "WordPress/7.0.1; https://kpksk.mykoperasi.coop"
57.141.0.69 - - [12/Jul/2026:22:58:02 +0000] "GET /?view=igm247+slot HTTP/2" 301 0 "-" "Mozilla/5.0 (Windows NT 10.0; Win64; x64) AppleWebKit/537.36 (KHTML, like Gecko) Chrome/145.0.0.0 Safari/537.36 (compatible; meta-externalagent/1.1 (+https://developers.facebook.com/docs/sharing/webmasters/crawler))"
209.42.27.159 - - [12/Jul/2026:23:00:27 +0000] "POST /wp-cron.php?doing_wp_cron=1783897227.6026248931884765625000 HTTP/1.1" 200 0 "-" "WordPress/7.0.1; https://kpksk.mykoperasi.coop"
57.141.0.14 - - [12/Jul/2026:23:00:26 +0000] "GET /?view=bonus%20new%20member%20100% HTTP/2" 301 0 "-" "Mozilla/5.0 (X11; Linux x86_64) AppleWebKit/537.36 (KHTML, like Gecko) Chrome/145.0.0.0 Safari/537.36 (compatible; meta-externalagent/1.1 (+https://developers.facebook.com/docs/sharing/webmasters/crawler))"
209.42.27.159 - - [12/Jul/2026:23:05:11 +0000] "POST /wp-cron.php?doing_wp_cron=1783897511.0629689693450927734375 HTTP/1.1" 200 0 "-" "WordPress/7.0.1; https://kpksk.mykoperasi.coop"
57.141.0.28 - - [12/Jul/2026:23:05:10 +0000] "GET /?view=\\xc4\\x91\\xc4\\x83ng%20nh\\xe1\\xba\\xadp%20sv388 HTTP/2" 301 0 "-" "Mozilla/5.0 (Windows NT 10.0; Win64; x64) AppleWebKit/537.36 (KHTML, like Gecko) Chrome/145.0.0.0 Safari/537.36 (compatible; meta-externalagent/1.1 (+https://developers.facebook.com/docs/sharing/webmasters/crawler))"
209.42.27.159 - - [12/Jul/2026:23:15:19 +0000] "POST /wp-cron.php?doing_wp_cron=1783898119.4530179500579833984375 HTTP/1.1" 200 0 "-" "WordPress/7.0.1; https://kpksk.mykoperasi.coop"
57.141.0.40 - - [12/Jul/2026:23:15:18 +0000] "GET /?view=\\xe0\\xb8\\x97\\xe0\\xb8\\x94\\xe0\\xb8\\xa5\\xe0\\xb8\\xad\\xe0\\xb8\\x87\\xe0\\xb9\\x80\\xe0\\xb8\\xa5\\xe0\\xb9\\x88\\xe0\\xb8\\x99%20spadegaming HTTP/2" 301 0 "-" "Mozilla/5.0 (Macintosh; Intel Mac OS X 10_15_7) AppleWebKit/537.36 (KHTML, like Gecko) Chrome/145.0.0.0 Safari/537.36 (compatible; meta-externalagent/1.1 (+https://developers.facebook.com/docs/sharing/webmasters/crawler))"
94.154.43.179 - - [12/Jul/2026:23:21:26 +0000] "GET /wp-content/plugins/contact-form-7/includes/js/index.js HTTP/1.1" 200 9720 "-" "Mozilla/5.0 (Windows NT 10.0; Win64; x64) AppleWebKit/537.36 (KHTML, like Gecko) Chrome/147.0.0.0 Safari/537.36"
94.154.43.177 - - [12/Jul/2026:23:21:26 +0000] "GET /wp-content/plugins/click-to-chat-for-whatsapp/new/inc/assets/js/app.js HTTP/1.1" 200 6020 "-" "Mozilla/5.0 (Windows NT 10.0; Win64; x64) AppleWebKit/537.36 (KHTML, like Gecko) Chrome/147.0.0.0 Safari/537.36"
94.154.43.184 - - [12/Jul/2026:23:21:26 +0000] "GET /wp-content/plugins/qi-addons-for-elementor/assets/js/main.min.js HTTP/1.1" 200 59558 "-" "Mozilla/5.0 (Windows NT 10.0; Win64; x64) AppleWebKit/537.36 (KHTML, like Gecko) Chrome/147.0.0.0 Safari/537.36"
209.42.27.159 - - [12/Jul/2026:23:50:27 +0000] "POST /wp-cron.php?doing_wp_cron=1783900226.9735291004180908203125 HTTP/1.1" 200 0 "-" "WordPress/7.0.1; https://kpksk.mykoperasi.coop"
91.148.245.81 - - [12/Jul/2026:23:50:25 +0000] "HEAD / HTTP/1.1" 200 0 "-" "Go-http-client/1.1"
91.148.245.81 - - [12/Jul/2026:23:50:25 +0000] "GET / HTTP/1.1" 200 29191 "-" "Go-http-client/1.1"
91.148.245.81 - - [12/Jul/2026:23:50:25 +0000] "POST / HTTP/1.1" 200 29191 "-" "Go-http-client/1.1"
91.148.245.81 - - [12/Jul/2026:23:50:27 +0000] "GET /wp-admin/setup-config.php HTTP/1.1" 409 1231 "-" "Go-http-client/1.1"
91.148.245.81 - - [12/Jul/2026:23:50:27 +0000] "GET /wp-config.php HTTP/1.1" 200 0 "-" "Go-http-client/1.1"
91.148.245.81 - - [12/Jul/2026:23:50:30 +0000] "GET /.git/HEAD HTTP/1.1" 403 1242 "-" "Go-http-client/1.1"
91.148.245.81 - - [12/Jul/2026:23:50:27 +0000] "GET /storage/logs/laravel.log HTTP/1.1" 404 25563 "-" "Go-http-client/1.1"
91.148.245.81 - - [12/Jul/2026:23:50:27 +0000] "GET /.env.production HTTP/1.1" 404 25563 "-" "Go-http-client/1.1"
91.148.245.81 - - [12/Jul/2026:23:50:29 +0000] "GET /api/.env HTTP/1.1" 404 25563 "-" "Go-http-client/1.1"
91.148.245.81 - - [12/Jul/2026:23:50:30 +0000] "GET /.env HTTP/1.1" 404 25563 "-" "Go-http-client/1.1"
91.148.245.81 - - [12/Jul/2026:23:50:32 +0000] "GET /config.php HTTP/1.1" 404 25563 "-" "Go-http-client/1.1"
91.148.245.81 - - [12/Jul/2026:23:50:32 +0000] "GET /backup.tar.gz HTTP/1.1" 404 25563 "-" "Go-http-client/1.1"
91.148.245.81 - - [12/Jul/2026:23:50:33 +0000] "GET /backup.zip HTTP/1.1" 404 25563 "-" "Go-http-client/1.1"
91.148.245.81 - - [12/Jul/2026:23:50:35 +0000] "GET /.svn/wc.db HTTP/1.1" 403 1242 "-" "Go-http-client/1.1"
91.148.245.81 - - [12/Jul/2026:23:50:33 +0000] "GET /actuator/heapdump HTTP/1.1" 404 25563 "-" "Go-http-client/1.1"
91.148.245.81 - - [12/Jul/2026:23:50:35 +0000] "GET /.ssh/id_ecdsa HTTP/1.1" 404 25563 "-" "Go-http-client/1.1"
91.148.245.81 - - [12/Jul/2026:23:50:35 +0000] "GET /.ssh/id_ed25519 HTTP/1.1" 404 25563 "-" "Go-http-client/1.1"
91.148.245.81 - - [12/Jul/2026:23:50:35 +0000] "GET /docker-compose.yml HTTP/1.1" 404 25563 "-" "Go-http-client/1.1"
91.148.245.81 - - [12/Jul/2026:23:50:35 +0000] "GET /phpinfo.php HTTP/1.1" 404 25563 "-" "Go-http-client/1.1"
91.148.245.81 - - [12/Jul/2026:23:50:37 +0000] "GET /.vscode/sftp.json HTTP/1.1" 404 25563 "-" "Go-http-client/1.1"
91.148.245.81 - - [12/Jul/2026:23:50:37 +0000] "GET /backup.sql HTTP/1.1" 404 25563 "-" "Go-http-client/1.1"
91.148.245.81 - - [12/Jul/2026:23:50:37 +0000] "GET /etc/ssl/private/server.key HTTP/1.1" 404 25563 "-" "Go-http-client/1.1"
91.148.245.81 - - [12/Jul/2026:23:50:38 +0000] "GET /server.key HTTP/1.1" 404 25563 "-" "Go-http-client/1.1"
91.148.245.81 - - [12/Jul/2026:23:50:44 +0000] "GET /.npmrc HTTP/1.1" 404 25563 "-" "Go-http-client/1.1"
91.148.245.81 - - [12/Jul/2026:23:50:44 +0000] "GET /secrets.json HTTP/1.1" 404 25563 "-" "Go-http-client/1.1"
91.148.245.81 - - [12/Jul/2026:23:50:44 +0000] "GET /config/production.json HTTP/1.1" 404 25563 "-" "Go-http-client/1.1"
91.148.245.81 - - [12/Jul/2026:23:50:44 +0000] "GET /dump.sql HTTP/1.1" 404 25563 "-" "Go-http-client/1.1"
91.148.245.81 - - [12/Jul/2026:23:50:56 +0000] "GET /user_secrets.yml HTTP/1.1" 404 25563 "-" "Go-http-client/1.1"
91.148.245.81 - - [12/Jul/2026:23:50:56 +0000] "GET /_vti_pvt/service.pwd HTTP/1.1" 404 25563 "-" "Go-http-client/1.1"
91.148.245.81 - - [12/Jul/2026:23:50:55 +0000] "GET /.bash_history HTTP/1.1" 404 25563 "-" "Go-http-client/1.1"
209.42.27.159 - - [12/Jul/2026:23:57:05 +0000] "POST /wp-cron.php?doing_wp_cron=1783900625.4308519363403320312500 HTTP/1.1" 200 0 "-" "WordPress/7.0.1; https://kpksk.mykoperasi.coop"
209.42.27.159 - - [12/Jul/2026:23:57:05 +0000] "POST /wp-cron.php?doing_wp_cron=1783900625.6216681003570556640625 HTTP/1.1" 200 0 "-" "WordPress/7.0.1; https://kpksk.mykoperasi.coop"
57.141.0.47 - - [12/Jul/2026:23:57:04 +0000] "GET /?view=sbobet88+asia HTTP/2" 301 0 "-" "Mozilla/5.0 (Macintosh; Intel Mac OS X 10_15_7) AppleWebKit/537.36 (KHTML, like Gecko) Chrome/145.0.0.0 Safari/537.36 (compatible; meta-externalagent/1.1 (+https://developers.facebook.com/docs/sharing/webmasters/crawler))"
185.93.89.147 - - [13/Jul/2026:00:11:34 +0000] "GET /.git/config HTTP/1.1" 403 1242 "-" "Mozilla/5.0 (compatible; GitFinder/1.0)"
216.73.217.104 - - [13/Jul/2026:00:13:19 +0000] "GET /robots.txt HTTP/2" 200 83 "-" "Mozilla/5.0 AppleWebKit/537.36 (KHTML, like Gecko; compatible; ClaudeBot/1.0; +claudebot@anthropic.com)"
216.73.217.104 - - [13/Jul/2026:00:13:21 +0000] "GET /sitemap-kpksk.xml HTTP/2" 200 89560 "-" "Mozilla/5.0 AppleWebKit/537.36 (KHTML, like Gecko; compatible; ClaudeBot/1.0; +claudebot@anthropic.com)"
209.42.27.159 - - [13/Jul/2026:00:19:00 +0000] "POST /wp-cron.php?doing_wp_cron=1783901940.1368010044097900390625 HTTP/1.1" 200 0 "-" "WordPress/7.0.1; https://kpksk.mykoperasi.coop"
195.250.29.165 - - [13/Jul/2026:00:18:58 +0000] "GET /wp-login.php HTTP/2" 200 2064 "-" "Mozilla/5.0 (Macintosh; Intel Mac OS X 10_15_7) AppleWebKit/537.36 (KHTML, like Gecko) Chrome/148.0.0.0 Safari/537.36"
195.250.29.165 - - [13/Jul/2026:00:19:01 +0000] "POST /wp-login.php HTTP/2" 200 2214 "https://www.kpksk.mykoperasi.coop/wp-login.php" "Mozilla/5.0 (Macintosh; Intel Mac OS X 10_15_7) AppleWebKit/537.36 (KHTML, like Gecko) Chrome/148.0.0.0 Safari/537.36"
209.42.27.159 - - [13/Jul/2026:00:22:03 +0000] "POST /wp-cron.php?doing_wp_cron=1783902123.0524139404296875000000 HTTP/1.1" 200 0 "-" "WordPress/7.0.1; https://kpksk.mykoperasi.coop"
57.141.0.4 - - [13/Jul/2026:00:22:02 +0000] "GET /?view=sbobet88+login+slot HTTP/2" 301 0 "-" "Mozilla/5.0 (Windows NT 10.0; Win64; x64) AppleWebKit/537.36 (KHTML, like Gecko) Chrome/145.0.0.0 Safari/537.36 (compatible; meta-externalagent/1.1 (+https://developers.facebook.com/docs/sharing/webmasters/crawler))"
209.42.27.159 - - [13/Jul/2026:00:22:26 +0000] "POST /wp-cron.php?doing_wp_cron=1783902146.8097920417785644531250 HTTP/1.1" 200 0 "-" "WordPress/7.0.1; https://kpksk.mykoperasi.coop"
57.141.0.62 - - [13/Jul/2026:00:22:26 +0000] "GET /?view=igm247+login+slot HTTP/2" 301 0 "-" "Mozilla/5.0 (Windows NT 10.0; Win64; x64) AppleWebKit/537.36 (KHTML, like Gecko) Chrome/145.0.0.0 Safari/537.36 (compatible; meta-externalagent/1.1 (+https://developers.facebook.com/docs/sharing/webmasters/crawler))"
209.42.27.159 - - [13/Jul/2026:00:24:42 +0000] "POST /wp-cron.php?doing_wp_cron=1783902282.2181169986724853515625 HTTP/1.1" 200 0 "-" "WordPress/7.0.1; https://kpksk.mykoperasi.coop"
57.141.0.49 - - [13/Jul/2026:00:24:41 +0000] "GET /?view=%c3%84%c5%bdata%20hk HTTP/2" 301 0 "-" "Mozilla/5.0 (Windows NT 10.0; Win64; x64) AppleWebKit/537.36 (KHTML, like Gecko) Chrome/145.0.0.0 Safari/537.36 (compatible; meta-externalagent/1.1 (+https://developers.facebook.com/docs/sharing/webmasters/crawler))"
209.42.27.159 - - [13/Jul/2026:00:25:10 +0000] "POST /wp-cron.php?doing_wp_cron=1783902310.2099189758300781250000 HTTP/1.1" 200 0 "-" "WordPress/7.0.1; https://kpksk.mykoperasi.coop"
57.141.0.14 - - [13/Jul/2026:00:25:10 +0000] "GET /?view=2waybet%20situs%20judi%20slot%20%20amp;%20sabung%20ayam%20online%20terbaik HTTP/2" 301 0 "-" "Mozilla/5.0 (Windows NT 10.0; Win64; x64) AppleWebKit/537.36 (KHTML, like Gecko) Chrome/145.0.0.0 Safari/537.36 (compatible; meta-externalagent/1.1 (+https://developers.facebook.com/docs/sharing/webmasters/crawler))"
209.42.27.159 - - [13/Jul/2026:00:28:03 +0000] "POST /wp-cron.php?doing_wp_cron=1783902483.0883250236511230468750 HTTP/1.1" 200 0 "-" "WordPress/7.0.1; https://kpksk.mykoperasi.coop"
117.0.21.154 - - [13/Jul/2026:00:28:02 +0000] "GET /wp-login.php HTTP/2" 200 2064 "-" "Mozilla/5.0 (X11; Linux x86_64) AppleWebKit/537.36 (KHTML, like Gecko) Chrome/146.0.0.0 Safari/537.36"
117.0.21.154 - - [13/Jul/2026:00:28:04 +0000] "POST /wp-login.php HTTP/2" 200 2214 "https://www.kpksk.mykoperasi.coop/wp-login.php" "Mozilla/5.0 (X11; Linux x86_64) AppleWebKit/537.36 (KHTML, like Gecko) Chrome/146.0.0.0 Safari/537.36"
5.255.231.79 - - [13/Jul/2026:00:37:39 +0000] "GET /robots.txt HTTP/1.1" 200 83 "-" "Mozilla/5.0 (compatible; YandexBot/3.0; +http://yandex.com/bots)"
209.42.27.159 - - [13/Jul/2026:00:37:42 +0000] "POST /wp-cron.php?doing_wp_cron=1783903062.1927258968353271484375 HTTP/1.1" 200 0 "-" "WordPress/7.0.1; https://kpksk.mykoperasi.coop"
87.250.224.93 - - [13/Jul/2026:00:37:40 +0000] "GET /?view=situs%20slot%20jili HTTP/2" 200 29192 "-" "Mozilla/5.0 (compatible; YandexBot/3.0; +http://yandex.com/bots)"
209.42.27.159 - - [13/Jul/2026:00:52:40 +0000] "POST /wp-cron.php?doing_wp_cron=1783903960.0196108818054199218750 HTTP/1.1" 200 0 "-" "WordPress/7.0.1; https://kpksk.mykoperasi.coop"
57.141.0.39 - - [13/Jul/2026:00:52:39 +0000] "GET /?view=syair%20sdy,%20keluaran%20sdy HTTP/2" 301 0 "-" "Mozilla/5.0 (Macintosh; Intel Mac OS X 10_15_7) AppleWebKit/537.36 (KHTML, like Gecko) Chrome/145.0.0.0 Safari/537.36 (compatible; meta-externalagent/1.1 (+https://developers.facebook.com/docs/sharing/webmasters/crawler))"
209.42.27.159 - - [13/Jul/2026:00:54:13 +0000] "POST /wp-cron.php?doing_wp_cron=1783904052.8950259685516357421875 HTTP/1.1" 200 0 "-" "WordPress/7.0.1; https://kpksk.mykoperasi.coop"
57.141.0.42 - - [13/Jul/2026:00:54:12 +0000] "GET /?view=naga169\\xe0\\xb9\\x80\\xe0\\xb8\\xa7\\xe0\\xb9\\x87\\xe0\\xb8\\x9a\\xe0\\xb8\\x95\\xe0\\xb8\\xa3\\xe0\\xb8\\x87%20spadegaming HTTP/2" 301 0 "-" "Mozilla/5.0 (Macintosh; Intel Mac OS X 10_15_7) AppleWebKit/537.36 (KHTML, like Gecko) Chrome/145.0.0.0 Safari/537.36 (compatible; meta-externalagent/1.1 (+https://developers.facebook.com/docs/sharing/webmasters/crawler))"
57.141.0.12 - - [13/Jul/2026:00:54:41 +0000] "GET /?view=\\xc4\\x91\\xc3\\xa1%20g\\xc3\\xa0%20sv388%20t\\xe1\\xba\\xa1i%20vi\\xe1\\xbb\\x87t%20nam HTTP/2" 301 0 "-" "Mozilla/5.0 (Windows NT 10.0; Win64; x64) AppleWebKit/537.36 (KHTML, like Gecko) Chrome/145.0.0.0 Safari/537.36 (compatible; meta-externalagent/1.1 (+https://developers.facebook.com/docs/sharing/webmasters/crawler))"
209.42.27.159 - - [13/Jul/2026:01:06:06 +0000] "POST /wp-cron.php?doing_wp_cron=1783904766.4147939682006835937500 HTTP/1.1" 200 0 "-" "WordPress/7.0.1; https://kpksk.mykoperasi.coop"
209.42.27.159 - - [13/Jul/2026:01:06:06 +0000] "POST /wp-cron.php?doing_wp_cron=1783904766.6052949428558349609375 HTTP/1.1" 200 0 "-" "WordPress/7.0.1; https://kpksk.mykoperasi.coop"
57.141.0.43 - - [13/Jul/2026:01:06:05 +0000] "GET /?view=link+sbobet88 HTTP/2" 301 0 "-" "Mozilla/5.0 (Macintosh; Intel Mac OS X 10_15_7) AppleWebKit/537.36 (KHTML, like Gecko) Chrome/145.0.0.0 Safari/537.36 (compatible; meta-externalagent/1.1 (+https://developers.facebook.com/docs/sharing/webmasters/crawler))"
209.42.27.159 - - [13/Jul/2026:01:09:48 +0000] "POST /wp-cron.php?doing_wp_cron=1783904988.7294290065765380859375 HTTP/1.1" 200 0 "-" "WordPress/7.0.1; https://kpksk.mykoperasi.coop"
57.141.0.61 - - [13/Jul/2026:01:09:47 +0000] "GET /?view=apa%20itu%20slot%20dana? HTTP/2" 301 0 "-" "Mozilla/5.0 (Windows NT 10.0; Win64; x64) AppleWebKit/537.36 (KHTML, like Gecko) Chrome/145.0.0.0 Safari/537.36 (compatible; meta-externalagent/1.1 (+https://developers.facebook.com/docs/sharing/webmasters/crawler))"
209.42.27.159 - - [13/Jul/2026:01:13:48 +0000] "POST /wp-cron.php?doing_wp_cron=1783905227.9154949188232421875000 HTTP/1.1" 200 0 "-" "WordPress/7.0.1; https://kpksk.mykoperasi.coop"
57.141.0.54 - - [13/Jul/2026:01:13:46 +0000] "GET /?view=\\xc4\\x91\\xc3\\xa1%20g\\xc3\\xa0%20sv388 HTTP/2" 301 0 "-" "Mozilla/5.0 (X11; Linux x86_64) AppleWebKit/537.36 (KHTML, like Gecko) Chrome/145.0.0.0 Safari/537.36 (compatible; meta-externalagent/1.1 (+https://developers.facebook.com/docs/sharing/webmasters/crawler))"
87.250.224.107 - - [13/Jul/2026:01:14:19 +0000] "GET /robots.txt HTTP/1.1" 200 83 "-" "Mozilla/5.0 (compatible; YandexBot/3.0; +http://yandex.com/bots)"
209.42.27.159 - - [13/Jul/2026:01:14:21 +0000] "POST /wp-cron.php?doing_wp_cron=1783905261.0761890411376953125000 HTTP/1.1" 200 0 "-" "WordPress/7.0.1; https://kpksk.mykoperasi.coop"
5.255.231.190 - - [13/Jul/2026:01:14:20 +0000] "GET /?view=pokerv HTTP/2" 200 29192 "-" "Mozilla/5.0 (compatible; YandexBot/3.0; +http://yandex.com/bots)"
209.42.27.159 - - [13/Jul/2026:01:36:41 +0000] "POST /wp-cron.php?doing_wp_cron=1783906601.0825688838958740234375 HTTP/1.1" 200 0 "-" "WordPress/7.0.1; https://kpksk.mykoperasi.coop"
57.141.0.22 - - [13/Jul/2026:01:36:40 +0000] "GET /?view=naga169,%20slot HTTP/2" 301 0 "-" "Mozilla/5.0 (Windows NT 10.0; Win64; x64) AppleWebKit/537.36 (KHTML, like Gecko) Chrome/145.0.0.0 Safari/537.36 (compatible; meta-externalagent/1.1 (+https://developers.facebook.com/docs/sharing/webmasters/crawler))"
57.141.0.65 - - [13/Jul/2026:01:36:42 +0000] "GET /?view=situs%20slot%20play%20n'go HTTP/2" 301 0 "-" "Mozilla/5.0 (Macintosh; Intel Mac OS X 10_15_7) AppleWebKit/537.36 (KHTML, like Gecko) Chrome/145.0.0.0 Safari/537.36 (compatible; meta-externalagent/1.1 (+https://developers.facebook.com/docs/sharing/webmasters/crawler))"
209.42.27.159 - - [13/Jul/2026:01:58:47 +0000] "POST /wp-cron.php?doing_wp_cron=1783907927.4766960144042968750000 HTTP/1.1" 200 0 "-" "WordPress/7.0.1; https://kpksk.mykoperasi.coop"
57.141.0.22 - - [13/Jul/2026:01:58:46 +0000] "GET /?view=spadegaming\\xe0\\xb8\\x9d\\xe0\\xb8\\xb2\\xe0\\xb8\\x81\\xe0\\xb8\\x96\\xe0\\xb8\\xad\\xe0\\xb8\\x99\\xe0\\xb9\\x84\\xe0\\xb8\\xa1\\xe0\\xb9\\x88\\xe0\\xb8\\xa1\\xe0\\xb8\\xb5\\xe0\\xb8\\x82\\xe0\\xb8\\xb1\\xe0\\xb9\\x89\\xe0\\xb8\\x99\\xe0\\xb8\\x95\\xe0\\xb9\\x88\\xe0\\xb8\\xb3 HTTP/2" 301 0 "-" "Mozilla/5.0 (Windows NT 10.0; Win64; x64) AppleWebKit/537.36 (KHTML, like Gecko) Chrome/145.0.0.0 Safari/537.36 (compatible; meta-externalagent/1.1 (+https://developers.facebook.com/docs/sharing/webmasters/crawler))"
57.141.0.5 - - [13/Jul/2026:02:14:16 +0000] "GET /sitemap-kpksk.xml HTTP/2" 200 1935579 "-" "Mozilla/5.0 (Macintosh; Intel Mac OS X 10.15; rv:147.0) Gecko/20100101 Firefox/147.0 (compatible; meta-externalagent/1.1 (+https://developers.facebook.com/docs/sharing/webmasters/crawler))"
209.42.27.159 - - [13/Jul/2026:02:33:39 +0000] "POST /wp-cron.php?doing_wp_cron=1783910019.4748640060424804687500 HTTP/1.1" 200 0 "-" "WordPress/7.0.1; https://kpksk.mykoperasi.coop"
209.42.27.159 - - [13/Jul/2026:02:33:39 +0000] "POST /wp-cron.php?doing_wp_cron=1783910019.6697180271148681640625 HTTP/1.1" 200 0 "-" "WordPress/7.0.1; https://kpksk.mykoperasi.coop"
57.141.0.19 - - [13/Jul/2026:02:33:38 +0000] "GET /?view=sv388+microstar88 HTTP/2" 301 0 "-" "Mozilla/5.0 (Windows NT 10.0; Win64; x64) AppleWebKit/537.36 (KHTML, like Gecko) Chrome/145.0.0.0 Safari/537.36 (compatible; meta-externalagent/1.1 (+https://developers.facebook.com/docs/sharing/webmasters/crawler))"
216.73.217.104 - - [13/Jul/2026:02:42:21 +0000] "GET /robots.txt HTTP/2" 200 83 "-" "Mozilla/5.0 AppleWebKit/537.36 (KHTML, like Gecko; compatible; ClaudeBot/1.0; +claudebot@anthropic.com)"
216.73.217.104 - - [13/Jul/2026:02:42:21 +0000] "GET /sitemap-kpksk.xml HTTP/2" 200 89560 "-" "Mozilla/5.0 AppleWebKit/537.36 (KHTML, like Gecko; compatible; ClaudeBot/1.0; +claudebot@anthropic.com)"
209.42.27.159 - - [13/Jul/2026:03:07:13 +0000] "POST /wp-cron.php?doing_wp_cron=1783912033.6695699691772460937500 HTTP/1.1" 200 0 "-" "WordPress/7.0.1; https://kpksk.mykoperasi.coop"
57.141.0.50 - - [13/Jul/2026:03:07:13 +0000] "GET /?view=slot%20bpd%20sumatera%20utara%20(sumut) HTTP/2" 301 0 "-" "Mozilla/5.0 (Macintosh; Intel Mac OS X 10_15_7) AppleWebKit/537.36 (KHTML, like Gecko) Chrome/145.0.0.0 Safari/537.36 (compatible; meta-externalagent/1.1 (+https://developers.facebook.com/docs/sharing/webmasters/crawler))"
209.42.27.159 - - [13/Jul/2026:03:09:17 +0000] "POST /wp-cron.php?doing_wp_cron=1783912156.8771889209747314453125 HTTP/1.1" 200 0 "-" "WordPress/7.0.1; https://kpksk.mykoperasi.coop"
17.22.245.179 - - [13/Jul/2026:03:09:16 +0000] "GET /?view=link%2088%20gacor HTTP/2" 200 29192 "-" "Mozilla/5.0 (Macintosh; Intel Mac OS X 10_15_7) AppleWebKit/605.1.15 (KHTML, like Gecko) Version/17.4 Safari/605.1.15 (Applebot/0.1; +http://www.apple.com/go/applebot)"
209.42.27.159 - - [13/Jul/2026:03:13:12 +0000] "POST /wp-cron.php?doing_wp_cron=1783912392.3243598937988281250000 HTTP/1.1" 200 0 "-" "WordPress/7.0.1; https://kpksk.mykoperasi.coop"
102.134.101.35 - - [13/Jul/2026:03:13:11 +0000] "GET /wp-login.php HTTP/2" 200 2064 "-" "Mozilla/5.0 (Windows NT 10.0; Win64; x64) AppleWebKit/537.36 (KHTML, like Gecko) Chrome/149.0.0.0 Safari/537.36"
102.134.101.35 - - [13/Jul/2026:03:13:14 +0000] "POST /wp-login.php HTTP/2" 200 2214 "https://www.kpksk.mykoperasi.coop/wp-login.php" "Mozilla/5.0 (Windows NT 10.0; Win64; x64) AppleWebKit/537.36 (KHTML, like Gecko) Chrome/149.0.0.0 Safari/537.36"
209.42.27.159 - - [13/Jul/2026:03:14:19 +0000] "POST /wp-cron.php?doing_wp_cron=1783912459.5225679874420166015625 HTTP/1.1" 200 0 "-" "WordPress/7.0.1; https://kpksk.mykoperasi.coop"
3.223.127.185 - - [13/Jul/2026:03:14:19 +0000] "GET /wp-login.php HTTP/2" 200 2064 "-" "Mozilla/5.0 (X11; Linux x86_64) AppleWebKit/537.36 (KHTML, like Gecko) Chrome/133.0.0.0 Safari/537.36"
3.223.127.185 - - [13/Jul/2026:03:14:20 +0000] "POST /wp-login.php HTTP/2" 200 2214 "https://www.kpksk.mykoperasi.coop/wp-login.php" "Mozilla/5.0 (X11; Linux x86_64) AppleWebKit/537.36 (KHTML, like Gecko) Chrome/133.0.0.0 Safari/537.36"
17.22.237.141 - - [13/Jul/2026:03:16:59 +0000] "GET /wp-includes/js/jquery/jquery.min.js?ver=3.7.1 HTTP/2" 200 29744 "https://kpksk.mykoperasi.coop/?view=link%2088%20gacor" "Mozilla/5.0 (Macintosh; Intel Mac OS X 10_15_7) AppleWebKit/605.1.15 (KHTML, like Gecko) Version/17.4 Safari/605.1.15 (Applebot/0.1; +http://www.apple.com/go/applebot)"
17.22.237.141 - - [13/Jul/2026:03:17:00 +0000] "GET /wp-includes/js/jquery/jquery-migrate.min.js?ver=3.4.1 HTTP/2" 200 4678 "https://kpksk.mykoperasi.coop/?view=link%2088%20gacor" "Mozilla/5.0 (Macintosh; Intel Mac OS X 10_15_7) AppleWebKit/605.1.15 (KHTML, like Gecko) Version/17.4 Safari/605.1.15 (Applebot/0.1; +http://www.apple.com/go/applebot)"
17.22.237.141 - - [13/Jul/2026:03:17:02 +0000] "GET /wp-content/plugins/wp-user-avatar/assets/flatpickr/flatpickr.min.js?ver=7.0.1 HTTP/2" 200 13752 "https://kpksk.mykoperasi.coop/?view=link%2088%20gacor" "Mozilla/5.0 (Macintosh; Intel Mac OS X 10_15_7) AppleWebKit/605.1.15 (KHTML, like Gecko) Version/17.4 Safari/605.1.15 (Applebot/0.1; +http://www.apple.com/go/applebot)"
17.22.237.141 - - [13/Jul/2026:03:17:03 +0000] "GET /wp-content/plugins/wp-user-avatar/assets/select2/select2.min.js?ver=7.0.1 HTTP/2" 200 18500 "https://kpksk.mykoperasi.coop/?view=link%2088%20gacor" "Mozilla/5.0 (Macintosh; Intel Mac OS X 10_15_7) AppleWebKit/605.1.15 (KHTML, like Gecko) Version/17.4 Safari/605.1.15 (Applebot/0.1; +http://www.apple.com/go/applebot)"
17.22.237.141 - - [13/Jul/2026:03:17:05 +0000] "GET /wp-content/themes/astra/assets/js/minified/frontend.min.js?ver=3.7.9 HTTP/2" 200 3672 "https://kpksk.mykoperasi.coop/?view=link%2088%20gacor" "Mozilla/5.0 (Macintosh; Intel Mac OS X 10_15_7) AppleWebKit/605.1.15 (KHTML, like Gecko) Version/17.4 Safari/605.1.15 (Applebot/0.1; +http://www.apple.com/go/applebot)"
17.22.237.141 - - [13/Jul/2026:03:17:06 +0000] "GET /wp-content/plugins/click-to-chat-for-whatsapp/new/inc/assets/js/app.js?ver=3.12.1 HTTP/2" 200 1868 "https://kpksk.mykoperasi.coop/?view=link%2088%20gacor" "Mozilla/5.0 (Macintosh; Intel Mac OS X 10_15_7) AppleWebKit/605.1.15 (KHTML, like Gecko) Version/17.4 Safari/605.1.15 (Applebot/0.1; +http://www.apple.com/go/applebot)"
17.22.237.141 - - [13/Jul/2026:03:17:08 +0000] "GET /wp-includes/js/dist/vendor/wp-polyfill.min.js?ver=3.15.0 HTTP/2" 200 11581 "https://kpksk.mykoperasi.coop/?view=link%2088%20gacor" "Mozilla/5.0 (Macintosh; Intel Mac OS X 10_15_7) AppleWebKit/605.1.15 (KHTML, like Gecko) Version/17.4 Safari/605.1.15 (Applebot/0.1; +http://www.apple.com/go/applebot)"
17.22.237.141 - - [13/Jul/2026:03:17:09 +0000] "GET /wp-content/plugins/contact-form-7/includes/js/index.js?ver=5.5.6 HTTP/2" 200 3050 "https://kpksk.mykoperasi.coop/?view=link%2088%20gacor" "Mozilla/5.0 (Macintosh; Intel Mac OS X 10_15_7) AppleWebKit/605.1.15 (KHTML, like Gecko) Version/17.4 Safari/605.1.15 (Applebot/0.1; +http://www.apple.com/go/applebot)"
17.22.237.141 - - [13/Jul/2026:03:17:11 +0000] "GET /wp-content/plugins/woocommerce/assets/js/jquery-blockui/jquery.blockUI.min.js?ver=2.7.0-wc.6.3.2 HTTP/2" 200 3245 "https://kpksk.mykoperasi.coop/?view=link%2088%20gacor" "Mozilla/5.0 (Macintosh; Intel Mac OS X 10_15_7) AppleWebKit/605.1.15 (KHTML, like Gecko) Version/17.4 Safari/605.1.15 (Applebot/0.1; +http://www.apple.com/go/applebot)"
17.22.237.141 - - [13/Jul/2026:03:17:12 +0000] "GET /wp-content/plugins/woocommerce/assets/js/frontend/add-to-cart.min.js?ver=6.3.2 HTTP/2" 200 970 "https://kpksk.mykoperasi.coop/?view=link%2088%20gacor" "Mozilla/5.0 (Macintosh; Intel Mac OS X 10_15_7) AppleWebKit/605.1.15 (KHTML, like Gecko) Version/17.4 Safari/605.1.15 (Applebot/0.1; +http://www.apple.com/go/applebot)"
17.22.237.141 - - [13/Jul/2026:03:17:14 +0000] "GET /wp-content/plugins/woocommerce/assets/js/js-cookie/js.cookie.min.js?ver=2.1.4-wc.6.3.2 HTTP/2" 200 899 "https://kpksk.mykoperasi.coop/?view=link%2088%20gacor" "Mozilla/5.0 (Macintosh; Intel Mac OS X 10_15_7) AppleWebKit/605.1.15 (KHTML, like Gecko) Version/17.4 Safari/605.1.15 (Applebot/0.1; +http://www.apple.com/go/applebot)"
17.22.237.141 - - [13/Jul/2026:03:17:15 +0000] "GET /wp-content/plugins/woocommerce/assets/js/frontend/woocommerce.min.js?ver=6.3.2 HTTP/2" 200 677 "https://kpksk.mykoperasi.coop/?view=link%2088%20gacor" "Mozilla/5.0 (Macintosh; Intel Mac OS X 10_15_7) AppleWebKit/605.1.15 (KHTML, like Gecko) Version/17.4 Safari/605.1.15 (Applebot/0.1; +http://www.apple.com/go/applebot)"
17.22.237.141 - - [13/Jul/2026:03:17:17 +0000] "GET /wp-content/plugins/woocommerce/assets/js/frontend/cart-fragments.min.js?ver=6.3.2 HTTP/2" 200 934 "https://kpksk.mykoperasi.coop/?view=link%2088%20gacor" "Mozilla/5.0 (Macintosh; Intel Mac OS X 10_15_7) AppleWebKit/605.1.15 (KHTML, like Gecko) Version/17.4 Safari/605.1.15 (Applebot/0.1; +http://www.apple.com/go/applebot)"
17.22.237.141 - - [13/Jul/2026:03:17:18 +0000] "GET /wp-content/plugins/wp-user-avatar/assets/js/frontend.min.js?ver=3.2.9 HTTP/2" 200 2205 "https://kpksk.mykoperasi.coop/?view=link%2088%20gacor" "Mozilla/5.0 (Macintosh; Intel Mac OS X 10_15_7) AppleWebKit/605.1.15 (KHTML, like Gecko) Version/17.4 Safari/605.1.15 (Applebot/0.1; +http://www.apple.com/go/applebot)"
17.22.237.141 - - [13/Jul/2026:03:17:20 +0000] "GET /wp-content/plugins/elementor/assets/lib/jquery-numerator/jquery-numerator.min.js?ver=0.2.1 HTTP/2" 200 677 "https://kpksk.mykoperasi.coop/?view=link%2088%20gacor" "Mozilla/5.0 (Macintosh; Intel Mac OS X 10_15_7) AppleWebKit/605.1.15 (KHTML, like Gecko) Version/17.4 Safari/605.1.15 (Applebot/0.1; +http://www.apple.com/go/applebot)"
17.22.237.141 - - [13/Jul/2026:03:17:21 +0000] "GET /wp-includes/js/jquery/ui/core.min.js?ver=1.13.3 HTTP/2" 200 6812 "https://kpksk.mykoperasi.coop/?view=link%2088%20gacor" "Mozilla/5.0 (Macintosh; Intel Mac OS X 10_15_7) AppleWebKit/605.1.15 (KHTML, like Gecko) Version/17.4 Safari/605.1.15 (Applebot/0.1; +http://www.apple.com/go/applebot)"
17.22.237.141 - - [13/Jul/2026:03:17:23 +0000] "GET /wp-content/plugins/qi-addons-for-elementor/assets/js/main.min.js?ver=7.0.1 HTTP/2" 200 12030 "https://kpksk.mykoperasi.coop/?view=link%2088%20gacor" "Mozilla/5.0 (Macintosh; Intel Mac OS X 10_15_7) AppleWebKit/605.1.15 (KHTML, like Gecko) Version/17.4 Safari/605.1.15 (Applebot/0.1; +http://www.apple.com/go/applebot)"
17.22.237.141 - - [13/Jul/2026:03:17:24 +0000] "GET /wp-content/plugins/elementor/assets/js/webpack.runtime.min.js?ver=3.24.7 HTTP/2" 200 2071 "https://kpksk.mykoperasi.coop/?view=link%2088%20gacor" "Mozilla/5.0 (Macintosh; Intel Mac OS X 10_15_7) AppleWebKit/605.1.15 (KHTML, like Gecko) Version/17.4 Safari/605.1.15 (Applebot/0.1; +http://www.apple.com/go/applebot)"
17.22.237.141 - - [13/Jul/2026:03:17:26 +0000] "GET /wp-content/plugins/elementor/assets/js/frontend-modules.min.js?ver=3.24.7 HTTP/2" 200 20275 "https://kpksk.mykoperasi.coop/?view=link%2088%20gacor" "Mozilla/5.0 (Macintosh; Intel Mac OS X 10_15_7) AppleWebKit/605.1.15 (KHTML, like Gecko) Version/17.4 Safari/605.1.15 (Applebot/0.1; +http://www.apple.com/go/applebot)"
17.22.237.141 - - [13/Jul/2026:03:17:27 +0000] "GET /wp-content/plugins/elementor/assets/js/frontend.min.js?ver=3.24.7 HTTP/2" 200 12152 "https://kpksk.mykoperasi.coop/?view=link%2088%20gacor" "Mozilla/5.0 (Macintosh; Intel Mac OS X 10_15_7) AppleWebKit/605.1.15 (KHTML, like Gecko) Version/17.4 Safari/605.1.15 (Applebot/0.1; +http://www.apple.com/go/applebot)"
17.22.237.141 - - [13/Jul/2026:03:17:29 +0000] "GET /wp-content/plugins/qi-addons-for-elementor/inc/plugins/elementor/assets/js/elementor.js?ver=7.0.1 HTTP/2" 200 496 "https://kpksk.mykoperasi.coop/?view=link%2088%20gacor" "Mozilla/5.0 (Macintosh; Intel Mac OS X 10_15_7) AppleWebKit/605.1.15 (KHTML, like Gecko) Version/17.4 Safari/605.1.15 (Applebot/0.1; +http://www.apple.com/go/applebot)"
17.22.237.141 - - [13/Jul/2026:03:17:30 +0000] "GET /wp-includes/js/comment-reply.min.js?ver=7.0.1 HTTP/2" 200 1247 "https://kpksk.mykoperasi.coop/?view=link%2088%20gacor" "Mozilla/5.0 (Macintosh; Intel Mac OS X 10_15_7) AppleWebKit/605.1.15 (KHTML, like Gecko) Version/17.4 Safari/605.1.15 (Applebot/0.1; +http://www.apple.com/go/applebot)"
209.42.27.159 - - [13/Jul/2026:03:17:32 +0000] "POST /wp-cron.php?doing_wp_cron=1783912652.2269270420074462890625 HTTP/1.1" 200 0 "-" "WordPress/7.0.1; https://kpksk.mykoperasi.coop"
17.22.237.141 - - [13/Jul/2026:03:17:32 +0000] "POST /?wc-ajax=get_refreshed_fragments HTTP/2" 200 485 "https://kpksk.mykoperasi.coop/?view=link%2088%20gacor" "Mozilla/5.0 (Macintosh; Intel Mac OS X 10_15_7) AppleWebKit/605.1.15 (KHTML, like Gecko) Version/17.4 Safari/605.1.15 (Applebot/0.1; +http://www.apple.com/go/applebot)"
17.22.237.141 - - [13/Jul/2026:03:17:33 +0000] "GET /wp-includes/js/wp-emoji-release.min.js?ver=7.0.1 HTTP/2" 200 4974 "https://kpksk.mykoperasi.coop/?view=link%2088%20gacor" "Mozilla/5.0 (Macintosh; Intel Mac OS X 10_15_7) AppleWebKit/605.1.15 (KHTML, like Gecko) Version/17.4 Safari/605.1.15 (Applebot/0.1; +http://www.apple.com/go/applebot)"
17.22.237.141 - - [13/Jul/2026:03:17:34 +0000] "GET /wp-content/plugins/elementor/assets/lib/swiper/v8/swiper.min.js?ver=8.4.5 HTTP/2" 200 38152 "https://kpksk.mykoperasi.coop/?view=link%2088%20gacor" "Mozilla/5.0 (Macintosh; Intel Mac OS X 10_15_7) AppleWebKit/605.1.15 (KHTML, like Gecko) Version/17.4 Safari/605.1.15 (Applebot/0.1; +http://www.apple.com/go/applebot)"
17.22.237.141 - - [13/Jul/2026:03:17:36 +0000] "GET /wp-content/plugins/elementor/assets/js/text-editor.2c35aafbe5bf0e127950.bundle.min.js HTTP/2" 200 600 "https://kpksk.mykoperasi.coop/?view=link%2088%20gacor" "Mozilla/5.0 (Macintosh; Intel Mac OS X 10_15_7) AppleWebKit/605.1.15 (KHTML, like Gecko) Version/17.4 Safari/605.1.15 (Applebot/0.1; +http://www.apple.com/go/applebot)"
17.22.237.141 - - [13/Jul/2026:03:17:37 +0000] "GET /wp-content/plugins/elementor/assets/js/video.78c625e89ab767d621c5.bundle.min.js HTTP/2" 200 1204 "https://kpksk.mykoperasi.coop/?view=link%2088%20gacor" "Mozilla/5.0 (Macintosh; Intel Mac OS X 10_15_7) AppleWebKit/605.1.15 (KHTML, like Gecko) Version/17.4 Safari/605.1.15 (Applebot/0.1; +http://www.apple.com/go/applebot)"
17.22.237.141 - - [13/Jul/2026:03:17:39 +0000] "GET /wp-content/plugins/elementor/assets/js/counter.02cef29c589e742d4c8c.bundle.min.js HTTP/2" 200 424 "https://kpksk.mykoperasi.coop/?view=link%2088%20gacor" "Mozilla/5.0 (Macintosh; Intel Mac OS X 10_15_7) AppleWebKit/605.1.15 (KHTML, like Gecko) Version/17.4 Safari/605.1.15 (Applebot/0.1; +http://www.apple.com/go/applebot)"
209.42.27.159 - - [13/Jul/2026:03:23:15 +0000] "POST /wp-cron.php?doing_wp_cron=1783912994.8525619506835937500000 HTTP/1.1" 200 0 "-" "WordPress/7.0.1; https://kpksk.mykoperasi.coop"
103.255.134.61 - - [13/Jul/2026:03:23:14 +0000] "GET /wp-login.php HTTP/2" 200 2064 "-" "Mozilla/5.0 (Windows NT 10.0; Win64; x64) AppleWebKit/537.36 (KHTML, like Gecko) Chrome/149.0.0.0 Safari/537.36"
103.255.134.61 - - [13/Jul/2026:03:23:17 +0000] "POST /wp-login.php HTTP/2" 200 2214 "https://www.kpksk.mykoperasi.coop/wp-login.php" "Mozilla/5.0 (Windows NT 10.0; Win64; x64) AppleWebKit/537.36 (KHTML, like Gecko) Chrome/149.0.0.0 Safari/537.36"