File: /home/mykopera/access-logs/kovetj.mykoperasi.coop-ssl_log
209.42.27.159 - - [12/Jul/2026:13:05:24 +0000] "POST /wp-cron.php?doing_wp_cron=1783861524.3253540992736816406250 HTTP/1.1" 200 0 "https://kovetj.mykoperasi.coop/wp-cron.php?doing_wp_cron=1783861524.3253540992736816406250" "WordPress/5.4.19; https://kovetj.mykoperasi.coop"
74.7.241.131 - - [12/Jul/2026:13:05:24 +0000] "GET /robots.txt HTTP/2" 200 9209 "-" "Mozilla/5.0 (Macintosh; Intel Mac OS X 10_15_7) AppleWebKit/537.36 (KHTML, like Gecko) Chrome/131.0.0.0 Safari/537.36; compatible; OAI-SearchBot/1.4; robots.txt; +https://openai.com/searchbot"
209.42.27.159 - - [12/Jul/2026:15:33:20 +0000] "POST /wp-cron.php?doing_wp_cron=1783870400.0078439712524414062500 HTTP/1.1" 200 0 "https://kovetj.mykoperasi.coop/wp-cron.php?doing_wp_cron=1783870400.0078439712524414062500" "WordPress/5.4.19; https://kovetj.mykoperasi.coop"
104.210.140.143 - - [12/Jul/2026:15:33:19 +0000] "GET /robots.txt HTTP/2" 200 9209 "-" "Mozilla/5.0 (Macintosh; Intel Mac OS X 10_15_7) AppleWebKit/537.36 (KHTML, like Gecko) Chrome/131.0.0.0 Safari/537.36; compatible; OAI-SearchBot/1.0; +https://openai.com/searchbot"
209.42.27.159 - - [12/Jul/2026:15:50:09 +0000] "POST /wp-cron.php?doing_wp_cron=1783871408.9526760578155517578125 HTTP/1.1" 200 0 "https://kovetj.mykoperasi.coop/wp-cron.php?doing_wp_cron=1783871408.9526760578155517578125" "WordPress/5.4.19; https://kovetj.mykoperasi.coop"
66.249.66.197 - - [12/Jul/2026:15:50:08 +0000] "GET /robots.txt HTTP/1.1" 200 9209 "-" "Mozilla/5.0 (compatible; Googlebot/2.1; +http://www.google.com/bot.html)"
35.254.244.123 - - [12/Jul/2026:15:51:26 +0000] "POST / HTTP/1.1" 200 0 "https://kovetj.mykoperasi.coop/" "Mozilla/5.0 (Windows NT 10.0; Win64; x64) AppleWebKit/537.36 (KHTML, like Gecko) Chrome/145.0.0.0 Safari/537.36"
209.42.27.159 - - [12/Jul/2026:16:29:27 +0000] "POST /wp-cron.php?doing_wp_cron=1783873767.3154969215393066406250 HTTP/1.1" 200 0 "https://kovetj.mykoperasi.coop/wp-cron.php?doing_wp_cron=1783873767.3154969215393066406250" "WordPress/5.4.19; https://kovetj.mykoperasi.coop"
35.204.69.78 - - [12/Jul/2026:16:29:27 +0000] "GET / HTTP/1.1" 200 10556 "-" "Scrapy/2.16.0 (+https://scrapy.org)"
209.42.27.159 - - [12/Jul/2026:16:32:07 +0000] "POST /wp-cron.php?doing_wp_cron=1783873926.9639940261840820312500 HTTP/1.1" 200 0 "https://kovetj.mykoperasi.coop/wp-cron.php?doing_wp_cron=1783873926.9639940261840820312500" "WordPress/5.4.19; https://kovetj.mykoperasi.coop"
34.147.16.58 - - [12/Jul/2026:16:32:06 +0000] "GET / HTTP/1.1" 301 0 "-" "Scrapy/2.16.0 (+https://scrapy.org)"
34.147.16.58 - - [12/Jul/2026:16:32:08 +0000] "GET / HTTP/1.1" 200 10556 "https://www.kovetj.mykoperasi.coop/" "Scrapy/2.16.0 (+https://scrapy.org)"
209.42.27.159 - - [12/Jul/2026:17:12:06 +0000] "POST /wp-cron.php?doing_wp_cron=1783876326.6738491058349609375000 HTTP/1.1" 200 0 "https://kovetj.mykoperasi.coop/wp-cron.php?doing_wp_cron=1783876326.6738491058349609375000" "WordPress/5.4.19; https://kovetj.mykoperasi.coop"
34.21.251.217 - - [12/Jul/2026:17:12:06 +0000] "GET /administrator/components/com_jce/config.xml HTTP/2" 200 10556 "-" "Mozilla/5.0 (compatible; Googlebot/2.1; +http://www.google.com/bot.html)"
209.42.27.159 - - [12/Jul/2026:17:17:29 +0000] "POST /wp-cron.php?doing_wp_cron=1783876649.0806500911712646484375 HTTP/1.1" 200 0 "https://kovetj.mykoperasi.coop/wp-cron.php?doing_wp_cron=1783876649.0806500911712646484375" "WordPress/5.4.19; https://kovetj.mykoperasi.coop"
47.128.48.75 - - [12/Jul/2026:17:17:28 +0000] "GET /robots.txt HTTP/1.1" 200 10557 "-" "Mozilla/5.0 (Linux; Android 5.0) AppleWebKit/537.36 (KHTML, like Gecko) Mobile Safari/537.36 (compatible; Bytespider; spider-feedback@bytedance.com)"
209.42.27.159 - - [12/Jul/2026:18:28:31 +0000] "POST /wp-cron.php?doing_wp_cron=1783880910.8456480503082275390625 HTTP/1.1" 200 0 "https://kovetj.mykoperasi.coop/wp-cron.php?doing_wp_cron=1783880910.8456480503082275390625" "WordPress/5.4.19; https://kovetj.mykoperasi.coop"
102.220.160.176 - - [12/Jul/2026:18:28:30 +0000] "GET /.env HTTP/2" 301 0 "-" "Go-http-client/2.0"
102.220.160.176 - - [12/Jul/2026:18:28:32 +0000] "GET /.env HTTP/2" 200 10556 "https://kovetj.mykoperasi.coop:443/.env" "Go-http-client/2.0"
102.220.160.176 - - [12/Jul/2026:18:28:33 +0000] "GET /.git/HEAD HTTP/2" 403 1242 "-" "Go-http-client/2.0"
102.220.160.176 - - [12/Jul/2026:18:28:36 +0000] "GET /.env HTTP/2" 301 0 "-" "Go-http-client/2.0"
102.220.160.176 - - [12/Jul/2026:18:28:37 +0000] "GET /.env HTTP/2" 200 10556 "https://www.kovetj.mykoperasi.coop:443/.env" "Go-http-client/2.0"
102.220.160.176 - - [12/Jul/2026:18:28:38 +0000] "GET /.git/HEAD HTTP/2" 403 1242 "-" "Go-http-client/2.0"
209.42.27.159 - - [12/Jul/2026:19:20:44 +0000] "POST /wp-cron.php?doing_wp_cron=1783884044.1691730022430419921875 HTTP/1.1" 200 0 "https://kovetj.mykoperasi.coop/wp-cron.php?doing_wp_cron=1783884044.1691730022430419921875" "WordPress/5.4.19; https://kovetj.mykoperasi.coop"
205.210.31.54 - - [12/Jul/2026:19:20:43 +0000] "GET /.well-known/security.txt HTTP/1.1" 200 41256 "-" "Hello from Palo Alto Networks, find out more about our scans in https://docs-cortex.paloaltonetworks.com/r/1/Cortex-Xpanse/Scanning-activity"
74.7.175.159 - - [12/Jul/2026:21:25:41 +0000] "GET /robots.txt HTTP/2" 301 0 "-" "Mozilla/5.0 (Macintosh; Intel Mac OS X 10_15_7) AppleWebKit/537.36 (KHTML, like Gecko) Chrome/131.0.0.0 Safari/537.36; compatible; OAI-SearchBot/1.4; robots.txt; +https://openai.com/searchbot"
74.7.175.159 - - [12/Jul/2026:21:25:43 +0000] "GET /robots.txt HTTP/2" 200 9209 "https://www.kovetj.mykoperasi.coop/robots.txt" "Mozilla/5.0 (Macintosh; Intel Mac OS X 10_15_7) AppleWebKit/537.36 (KHTML, like Gecko) Chrome/131.0.0.0 Safari/537.36; compatible; OAI-SearchBot/1.4; robots.txt; +https://openai.com/searchbot"
209.42.27.159 - - [12/Jul/2026:21:25:42 +0000] "POST /wp-cron.php?doing_wp_cron=1783891541.9822750091552734375000 HTTP/1.1" 200 0 "https://kovetj.mykoperasi.coop/wp-cron.php?doing_wp_cron=1783891541.9822750091552734375000" "WordPress/5.4.19; https://kovetj.mykoperasi.coop"
209.42.27.159 - - [12/Jul/2026:21:46:25 +0000] "POST /wp-cron.php?doing_wp_cron=1783892785.5206038951873779296875 HTTP/1.1" 200 0 "https://kovetj.mykoperasi.coop/wp-cron.php?doing_wp_cron=1783892785.5206038951873779296875" "WordPress/5.4.19; http://kovetj.mykoperasi.coop"
182.252.73.197 - - [12/Jul/2026:21:46:25 +0000] "POST /wp-login.php HTTP/1.1" 302 0 "https://kovetj.mykoperasi.coop/wp-admin/" "Mozilla/5.0 (Windows NT 10.0; Win64; x64) AppleWebKit/537.36 (KHTML, like Gecko) Chrome/90.0.4430.85 Safari/537.36"
182.252.73.197 - - [12/Jul/2026:21:46:26 +0000] "GET /wp-login.php?redirect_to=https%3A%2F%2Fkovetj.mykoperasi.coop%2Fwp-admin%2F&action=confirm_admin_email&wp_lang=en_US HTTP/1.1" 200 1621 "https://kovetj.mykoperasi.coop/wp-admin/" "Mozilla/5.0 (Windows NT 10.0; Win64; x64) AppleWebKit/537.36 (KHTML, like Gecko) Chrome/90.0.4430.85 Safari/537.36"
209.42.27.159 - - [12/Jul/2026:21:46:28 +0000] "POST /wp-admin/admin-ajax.php?action=as_async_request_queue_runner&nonce=12f0273244 HTTP/1.1" 500 128 "https://kovetj.mykoperasi.coop/wp-admin/admin-ajax.php?action=as_async_request_queue_runner&nonce=12f0273244" "WordPress/5.4.19; http://kovetj.mykoperasi.coop"
182.252.73.197 - - [12/Jul/2026:21:46:26 +0000] "GET /wp-admin/ HTTP/1.1" 200 32421 "www.google.com" "Mozilla/5.0 (Windows NT 10.0; Win64; x64) AppleWebKit/537.36 (KHTML, like Gecko) Chrome/90.0.4430.85 Safari/537.36"
35.254.244.123 - - [12/Jul/2026:21:48:02 +0000] "POST / HTTP/1.1" 200 0 "https://www.kovetj.mykoperasi.coop/" "Mozilla/5.0 (Windows NT 10.0; Win64; x64) AppleWebKit/537.36 (KHTML, like Gecko) Chrome/145.0.0.0 Safari/537.36"
209.42.27.159 - - [12/Jul/2026:21:48:02 +0000] "POST /wp-cron.php?doing_wp_cron=1783892882.3106729984283447265625 HTTP/1.1" 200 0 "https://kovetj.mykoperasi.coop/wp-cron.php?doing_wp_cron=1783892882.3106729984283447265625" "WordPress/5.4.19; https://kovetj.mykoperasi.coop"
199.45.155.83 - - [12/Jul/2026:22:15:54 +0000] "GET / HTTP/1.1" 200 10556 "-" "Mozilla/5.0 (compatible; CensysInspect/1.1; +https://about.censys.io/)"
199.45.155.83 - - [12/Jul/2026:22:15:59 +0000] "GET /favicon.ico HTTP/1.1" 404 1251 "-" "Mozilla/5.0 (compatible; CensysInspect/1.1; +https://about.censys.io/)"
209.42.27.159 - - [12/Jul/2026:22:16:42 +0000] "POST /wp-cron.php?doing_wp_cron=1783894602.1205129623413085937500 HTTP/1.1" 200 0 "https://kovetj.mykoperasi.coop/wp-cron.php?doing_wp_cron=1783894602.1205129623413085937500" "WordPress/5.4.19; https://kovetj.mykoperasi.coop"
199.45.155.83 - - [12/Jul/2026:22:16:41 +0000] "GET /wp-json/?_fields=name,description,home,gmt_offset,timezone_string,namespaces HTTP/1.1" 200 202 "-" "Mozilla/5.0 (compatible; CensysInspect/1.1; +https://about.censys.io/)"
199.45.155.83 - - [12/Jul/2026:22:16:53 +0000] "GET / HTTP/1.1" 301 0 "-" "Mozilla/5.0 (compatible; CensysInspect/1.1; +https://about.censys.io/)"
209.42.27.159 - - [12/Jul/2026:22:24:55 +0000] "POST /wp-cron.php?doing_wp_cron=1783895095.2541859149932861328125 HTTP/1.1" 200 0 "https://kovetj.mykoperasi.coop/wp-cron.php?doing_wp_cron=1783895095.2541859149932861328125" "WordPress/5.4.19; https://kovetj.mykoperasi.coop"
66.132.172.128 - - [12/Jul/2026:22:24:55 +0000] "GET / HTTP/1.1" 301 0 "-" "Mozilla/5.0 (compatible; CensysInspect/1.1; +https://about.censys.io/)"
66.132.172.128 - - [12/Jul/2026:22:25:02 +0000] "GET / HTTP/1.1" 200 10556 "-" "Mozilla/5.0 (compatible; CensysInspect/1.1; +https://about.censys.io/)"
209.42.27.159 - - [12/Jul/2026:22:25:46 +0000] "POST /wp-cron.php?doing_wp_cron=1783895146.9809761047363281250000 HTTP/1.1" 200 0 "https://kovetj.mykoperasi.coop/wp-cron.php?doing_wp_cron=1783895146.9809761047363281250000" "WordPress/5.4.19; https://kovetj.mykoperasi.coop"
66.132.172.128 - - [12/Jul/2026:22:25:46 +0000] "GET /wp-json/?_fields=name,description,home,gmt_offset,timezone_string,namespaces HTTP/1.1" 200 202 "-" "Mozilla/5.0 (compatible; CensysInspect/1.1; +https://about.censys.io/)"
66.132.172.128 - - [12/Jul/2026:22:25:57 +0000] "GET / HTTP/1.1" 301 0 "-" "Mozilla/5.0 (compatible; CensysInspect/1.1; +https://about.censys.io/)"
157.230.181.187 - - [13/Jul/2026:01:53:48 +0000] "GET / HTTP/1.1" 301 0 "-" "Mozilla/5.0 (X11; Linux x86_64) AppleWebKit/537.36 (KHTML, like Gecko) Chrome/142.0.0.0 Safari/537.36"
157.230.181.187 - - [13/Jul/2026:01:53:54 +0000] "GET /favicon.ico HTTP/1.1" 404 1251 "https://www.kovetj.mykoperasi.coop/" "Mozilla/5.0 (X11; Linux x86_64) AppleWebKit/537.36 (KHTML, like Gecko) Chrome/142.0.0.0 Safari/537.36"
20.63.87.152 - - [13/Jul/2026:01:57:16 +0000] "GET /.dj/index.php HTTP/1.1" 301 0 "-" "Mozilla/5.0 (Windows NT 10.0; Win64; x64) AppleWebKit/537.36 (KHTML, like Gecko) Chrome/120.0.0.0 Safari/537.36"
20.63.87.152 - - [13/Jul/2026:01:57:18 +0000] "GET /.tmb/ HTTP/1.1" 200 9209 "-" "Mozilla/5.0 (Windows NT 10.0; Win64; x64) AppleWebKit/537.36 (KHTML, like Gecko) Chrome/120.0.0.0 Safari/537.36"
209.42.27.159 - - [13/Jul/2026:01:57:17 +0000] "POST /wp-cron.php?doing_wp_cron=1783907836.9677700996398925781250 HTTP/1.1" 200 0 "https://kovetj.mykoperasi.coop/wp-cron.php?doing_wp_cron=1783907836.9677700996398925781250" "WordPress/5.4.19; https://kovetj.mykoperasi.coop"
20.63.87.152 - - [13/Jul/2026:01:57:18 +0000] "GET /.trash7206/index.php HTTP/1.1" 301 0 "-" "Mozilla/5.0 (Windows NT 10.0; Win64; x64) AppleWebKit/537.36 (KHTML, like Gecko) Chrome/120.0.0.0 Safari/537.36"
20.63.87.152 - - [13/Jul/2026:01:57:19 +0000] "GET /.well-known/ HTTP/1.1" 404 1251 "-" "Mozilla/5.0 (Windows NT 10.0; Win64; x64) AppleWebKit/537.36 (KHTML, like Gecko) Chrome/120.0.0.0 Safari/537.36"
20.63.87.152 - - [13/Jul/2026:01:57:19 +0000] "GET /.well-known/acme-challenge/ HTTP/1.1" 404 1251 "-" "Mozilla/5.0 (Windows NT 10.0; Win64; x64) AppleWebKit/537.36 (KHTML, like Gecko) Chrome/120.0.0.0 Safari/537.36"
20.63.87.152 - - [13/Jul/2026:01:57:19 +0000] "GET /.well-known/gecko-litespeed.php HTTP/1.1" 200 9209 "-" "Mozilla/5.0 (Windows NT 10.0; Win64; x64) AppleWebKit/537.36 (KHTML, like Gecko) Chrome/120.0.0.0 Safari/537.36"
20.63.87.152 - - [13/Jul/2026:01:57:20 +0000] "GET /.well-known/logs233/index.php HTTP/1.1" 301 0 "-" "Mozilla/5.0 (Windows NT 10.0; Win64; x64) AppleWebKit/537.36 (KHTML, like Gecko) Chrome/120.0.0.0 Safari/537.36"
20.63.87.152 - - [13/Jul/2026:01:57:20 +0000] "GET /.well-known/wp-cron.php HTTP/1.1" 200 9209 "-" "Mozilla/5.0 (Windows NT 10.0; Win64; x64) AppleWebKit/537.36 (KHTML, like Gecko) Chrome/120.0.0.0 Safari/537.36"
20.63.87.152 - - [13/Jul/2026:01:57:21 +0000] "GET /0.kb-v3.php HTTP/1.1" 200 9209 "-" "Mozilla/5.0 (Windows NT 10.0; Win64; x64) AppleWebKit/537.36 (KHTML, like Gecko) Chrome/120.0.0.0 Safari/537.36"
20.63.87.152 - - [13/Jul/2026:01:57:21 +0000] "GET /0.php HTTP/1.1" 200 9209 "-" "Mozilla/5.0 (Windows NT 10.0; Win64; x64) AppleWebKit/537.36 (KHTML, like Gecko) Chrome/120.0.0.0 Safari/537.36"
20.63.87.152 - - [13/Jul/2026:01:57:22 +0000] "GET /002.php HTTP/1.1" 200 9209 "-" "Mozilla/5.0 (Windows NT 10.0; Win64; x64) AppleWebKit/537.36 (KHTML, like Gecko) Chrome/120.0.0.0 Safari/537.36"
20.63.87.152 - - [13/Jul/2026:01:57:22 +0000] "GET /01.php HTTP/1.1" 200 9209 "-" "Mozilla/5.0 (Windows NT 10.0; Win64; x64) AppleWebKit/537.36 (KHTML, like Gecko) Chrome/120.0.0.0 Safari/537.36"
20.63.87.152 - - [13/Jul/2026:01:57:23 +0000] "GET /0x.php HTTP/1.1" 200 9209 "-" "Mozilla/5.0 (Windows NT 10.0; Win64; x64) AppleWebKit/537.36 (KHTML, like Gecko) Chrome/120.0.0.0 Safari/537.36"
20.63.87.152 - - [13/Jul/2026:01:57:23 +0000] "GET /1.php HTTP/1.1" 200 9209 "-" "Mozilla/5.0 (Windows NT 10.0; Win64; x64) AppleWebKit/537.36 (KHTML, like Gecko) Chrome/120.0.0.0 Safari/537.36"
20.63.87.152 - - [13/Jul/2026:01:57:24 +0000] "GET /100.php HTTP/1.1" 200 9209 "-" "Mozilla/5.0 (Windows NT 10.0; Win64; x64) AppleWebKit/537.36 (KHTML, like Gecko) Chrome/120.0.0.0 Safari/537.36"
20.63.87.152 - - [13/Jul/2026:01:57:24 +0000] "GET /122.php HTTP/1.1" 200 9209 "-" "Mozilla/5.0 (Windows NT 10.0; Win64; x64) AppleWebKit/537.36 (KHTML, like Gecko) Chrome/120.0.0.0 Safari/537.36"
20.63.87.152 - - [13/Jul/2026:01:57:24 +0000] "GET /123.php HTTP/1.1" 200 9209 "-" "Mozilla/5.0 (Windows NT 10.0; Win64; x64) AppleWebKit/537.36 (KHTML, like Gecko) Chrome/120.0.0.0 Safari/537.36"
20.63.87.152 - - [13/Jul/2026:01:57:25 +0000] "GET /13.php HTTP/1.1" 200 9209 "-" "Mozilla/5.0 (Windows NT 10.0; Win64; x64) AppleWebKit/537.36 (KHTML, like Gecko) Chrome/120.0.0.0 Safari/537.36"
20.63.87.152 - - [13/Jul/2026:01:57:25 +0000] "GET /133.php HTTP/1.1" 200 9209 "-" "Mozilla/5.0 (Windows NT 10.0; Win64; x64) AppleWebKit/537.36 (KHTML, like Gecko) Chrome/120.0.0.0 Safari/537.36"
20.63.87.152 - - [13/Jul/2026:01:57:26 +0000] "GET /155.php HTTP/1.1" 200 9209 "-" "Mozilla/5.0 (Windows NT 10.0; Win64; x64) AppleWebKit/537.36 (KHTML, like Gecko) Chrome/120.0.0.0 Safari/537.36"
20.63.87.152 - - [13/Jul/2026:01:57:27 +0000] "GET /177.php HTTP/1.1" 200 9209 "-" "Mozilla/5.0 (Windows NT 10.0; Win64; x64) AppleWebKit/537.36 (KHTML, like Gecko) Chrome/120.0.0.0 Safari/537.36"
20.63.87.152 - - [13/Jul/2026:01:57:27 +0000] "GET /1index.php HTTP/1.1" 200 9209 "-" "Mozilla/5.0 (Windows NT 10.0; Win64; x64) AppleWebKit/537.36 (KHTML, like Gecko) Chrome/120.0.0.0 Safari/537.36"
20.63.87.152 - - [13/Jul/2026:01:57:27 +0000] "GET /2.php HTTP/1.1" 200 9209 "-" "Mozilla/5.0 (Windows NT 10.0; Win64; x64) AppleWebKit/537.36 (KHTML, like Gecko) Chrome/120.0.0.0 Safari/537.36"
20.63.87.152 - - [13/Jul/2026:01:57:28 +0000] "GET /222.php HTTP/1.1" 200 9209 "-" "Mozilla/5.0 (Windows NT 10.0; Win64; x64) AppleWebKit/537.36 (KHTML, like Gecko) Chrome/120.0.0.0 Safari/537.36"
20.63.87.152 - - [13/Jul/2026:01:57:28 +0000] "GET /2p.update.php HTTP/1.1" 200 9209 "-" "Mozilla/5.0 (Windows NT 10.0; Win64; x64) AppleWebKit/537.36 (KHTML, like Gecko) Chrome/120.0.0.0 Safari/537.36"
20.63.87.152 - - [13/Jul/2026:01:57:29 +0000] "GET /3.php HTTP/1.1" 200 9209 "-" "Mozilla/5.0 (Windows NT 10.0; Win64; x64) AppleWebKit/537.36 (KHTML, like Gecko) Chrome/120.0.0.0 Safari/537.36"
20.63.87.152 - - [13/Jul/2026:01:57:29 +0000] "GET /3pjcpmfsd8b.php HTTP/1.1" 200 9209 "-" "Mozilla/5.0 (Windows NT 10.0; Win64; x64) AppleWebKit/537.36 (KHTML, like Gecko) Chrome/120.0.0.0 Safari/537.36"
20.63.87.152 - - [13/Jul/2026:01:57:30 +0000] "GET /403.php HTTP/1.1" 200 9209 "-" "Mozilla/5.0 (Windows NT 10.0; Win64; x64) AppleWebKit/537.36 (KHTML, like Gecko) Chrome/120.0.0.0 Safari/537.36"
20.63.87.152 - - [13/Jul/2026:01:57:30 +0000] "GET /404.php HTTP/1.1" 200 9209 "-" "Mozilla/5.0 (Windows NT 10.0; Win64; x64) AppleWebKit/537.36 (KHTML, like Gecko) Chrome/120.0.0.0 Safari/537.36"