File: /home/mykopera/access-logs/kospekhilirperakberhad.mykoperasi.coop-ssl_log
209.42.27.159 - - [12/Jul/2026:13:04:23 +0000] "POST /wp-cron.php?doing_wp_cron=1783861463.4474821090698242187500 HTTP/1.1" 200 0 "-" "WordPress/7.0.1; https://kospekhilirperakberhad.mykoperasi.coop"
209.42.27.159 - - [12/Jul/2026:13:04:23 +0000] "POST /wp-cron.php?doing_wp_cron=1783861463.6861031055450439453125 HTTP/1.1" 200 0 "-" "WordPress/7.0.1; https://kospekhilirperakberhad.mykoperasi.coop"
74.7.241.176 - - [12/Jul/2026:13:04:22 +0000] "GET /robots.txt HTTP/2" 200 61 "-" "Mozilla/5.0 (Macintosh; Intel Mac OS X 10_15_7) AppleWebKit/537.36 (KHTML, like Gecko) Chrome/131.0.0.0 Safari/537.36; compatible; OAI-SearchBot/1.4; robots.txt; +https://openai.com/searchbot"
209.42.27.159 - - [12/Jul/2026:13:07:04 +0000] "POST /wp-cron.php?doing_wp_cron=1783861623.9089820384979248046875 HTTP/1.1" 200 0 "-" "WordPress/7.0.1; https://kospekhilirperakberhad.mykoperasi.coop"
167.71.240.77 - - [12/Jul/2026:13:07:03 +0000] "GET /wp-login.php HTTP/2" 200 2129 "-" "Mozilla/5.0 (Windows NT 10.0; Win64; x64) AppleWebKit/537.36 (KHTML, like Gecko) Chrome/148.0.0.0 Safari/537.36"
167.71.240.77 - - [12/Jul/2026:13:07:04 +0000] "POST /wp-login.php HTTP/2" 200 2269 "https://kospekhilirperakberhad.mykoperasi.coop/wp-login.php" "Mozilla/5.0 (Windows NT 10.0; Win64; x64) AppleWebKit/537.36 (KHTML, like Gecko) Chrome/148.0.0.0 Safari/537.36"
209.42.27.159 - - [12/Jul/2026:13:12:06 +0000] "POST /wp-cron.php?doing_wp_cron=1783861926.3875188827514648437500 HTTP/1.1" 200 0 "-" "WordPress/7.0.1; https://kospekhilirperakberhad.mykoperasi.coop"
66.132.172.142 - - [12/Jul/2026:13:12:05 +0000] "GET / HTTP/1.1" 301 0 "-" "Mozilla/5.0 (compatible; CensysInspect/1.1; +https://about.censys.io/)"
66.132.172.142 - - [12/Jul/2026:13:12:08 +0000] "GET / HTTP/1.1" 200 33907 "-" "Mozilla/5.0 (compatible; CensysInspect/1.1; +https://about.censys.io/)"
66.132.172.142 - - [12/Jul/2026:13:12:39 +0000] "GET /wp-json/?_fields=name,description,home,gmt_offset,timezone_string,namespaces HTTP/1.1" 200 329 "-" "Mozilla/5.0 (compatible; CensysInspect/1.1; +https://about.censys.io/)"
209.42.27.159 - - [12/Jul/2026:13:12:49 +0000] "POST /wp-cron.php?doing_wp_cron=1783861969.2869410514831542968750 HTTP/1.1" 200 0 "-" "WordPress/7.0.1; https://kospekhilirperakberhad.mykoperasi.coop"
66.132.172.142 - - [12/Jul/2026:13:12:49 +0000] "GET / HTTP/1.1" 301 0 "-" "Mozilla/5.0 (compatible; CensysInspect/1.1; +https://about.censys.io/)"
172.86.116.36 - - [12/Jul/2026:13:34:16 +0000] "GET /.git/config HTTP/1.1" 403 1242 "-" "Mozilla/5.0 (X11; Linux x86_64)"
209.42.27.159 - - [12/Jul/2026:13:43:21 +0000] "POST /wp-cron.php?doing_wp_cron=1783863801.6729741096496582031250 HTTP/1.1" 200 0 "-" "WordPress/7.0.1; https://kospekhilirperakberhad.mykoperasi.coop"
149.210.223.24 - - [12/Jul/2026:13:43:21 +0000] "GET /wp-login.php HTTP/2" 200 2129 "-" "Mozilla/5.0 (iPhone; CPU iPhone OS 17_7 like Mac OS X) AppleWebKit/605.1.15 (KHTML, like Gecko) CriOS/143.0.6917.0 Mobile/15E148 Safari/604.1"
149.210.223.24 - - [12/Jul/2026:13:43:22 +0000] "POST /wp-login.php HTTP/2" 200 2269 "https://kospekhilirperakberhad.mykoperasi.coop/wp-login.php" "Mozilla/5.0 (iPhone; CPU iPhone OS 17_7 like Mac OS X) AppleWebKit/605.1.15 (KHTML, like Gecko) CriOS/143.0.6917.0 Mobile/15E148 Safari/604.1"
209.42.27.159 - - [12/Jul/2026:13:59:56 +0000] "POST /wp-cron.php?doing_wp_cron=1783864796.2435920238494873046875 HTTP/1.1" 200 0 "-" "WordPress/7.0.1; https://kospekhilirperakberhad.mykoperasi.coop"
38.84.24.90 - - [12/Jul/2026:13:59:55 +0000] "GET /wp-login.php HTTP/2" 200 2129 "-" "Mozilla/5.0 (Linux; Android 10; K) AppleWebKit/537.36 (KHTML, like Gecko) Chrome/147.0.0.0 Mobile Safari/537.36"
38.84.24.90 - - [12/Jul/2026:13:59:56 +0000] "POST /wp-login.php HTTP/2" 200 2263 "https://kospekhilirperakberhad.mykoperasi.coop/wp-login.php" "Mozilla/5.0 (Linux; Android 10; K) AppleWebKit/537.36 (KHTML, like Gecko) Chrome/147.0.0.0 Mobile Safari/537.36"
209.42.27.159 - - [12/Jul/2026:14:16:08 +0000] "POST /wp-cron.php?doing_wp_cron=1783865768.0905580520629882812500 HTTP/1.1" 200 0 "-" "WordPress/7.0.1; https://kospekhilirperakberhad.mykoperasi.coop"
23.21.119.232 - - [12/Jul/2026:14:16:07 +0000] "GET /wp-json/wp/v2/product_cat/49 HTTP/1.1" 200 342 "-" "Mozilla/5.0 AppleWebKit/537.36 (KHTML, like Gecko; compatible; Amazonbot/0.1; +https://developer.amazon.com/support/amazonbot) Chrome/119.0.6045.214 Safari/537.36"
35.195.249.54 - - [12/Jul/2026:14:18:43 +0000] "GET //wp-includes/ID3/license.txt HTTP/1.1" 200 1396 "-" "Mozilla/5.0 (Windows NT 10.0; Win64; x64) AppleWebKit/537.36 (KHTML, like Gecko) Chrome/95.0.4638.69 Safari/537.36"
35.195.249.54 - - [12/Jul/2026:14:18:43 +0000] "GET //feed/ HTTP/1.1" 301 0 "-" "Mozilla/5.0 (Windows NT 10.0; Win64; x64) AppleWebKit/537.36 (KHTML, like Gecko) Chrome/95.0.4638.69 Safari/537.36"
35.195.249.54 - - [12/Jul/2026:14:18:44 +0000] "GET //xmlrpc.php?rsd HTTP/1.1" 403 1242 "-" "Mozilla/5.0 (Windows NT 10.0; Win64; x64) AppleWebKit/537.36 (KHTML, like Gecko) Chrome/95.0.4638.69 Safari/537.36"
35.195.249.54 - - [12/Jul/2026:14:18:44 +0000] "GET //blog/wp-includes/wlwmanifest.xml HTTP/1.1" 301 0 "-" "Mozilla/5.0 (Windows NT 10.0; Win64; x64) AppleWebKit/537.36 (KHTML, like Gecko) Chrome/95.0.4638.69 Safari/537.36"
35.195.249.54 - - [12/Jul/2026:14:18:45 +0000] "GET //web/wp-includes/wlwmanifest.xml HTTP/1.1" 301 0 "-" "Mozilla/5.0 (Windows NT 10.0; Win64; x64) AppleWebKit/537.36 (KHTML, like Gecko) Chrome/95.0.4638.69 Safari/537.36"
35.195.249.54 - - [12/Jul/2026:14:18:45 +0000] "GET //wordpress/wp-includes/wlwmanifest.xml HTTP/1.1" 301 0 "-" "Mozilla/5.0 (Windows NT 10.0; Win64; x64) AppleWebKit/537.36 (KHTML, like Gecko) Chrome/95.0.4638.69 Safari/537.36"
35.195.249.54 - - [12/Jul/2026:14:18:46 +0000] "GET //wp/wp-includes/wlwmanifest.xml HTTP/1.1" 301 0 "-" "Mozilla/5.0 (Windows NT 10.0; Win64; x64) AppleWebKit/537.36 (KHTML, like Gecko) Chrome/95.0.4638.69 Safari/537.36"
35.195.249.54 - - [12/Jul/2026:14:18:47 +0000] "GET //2020/wp-includes/wlwmanifest.xml HTTP/1.1" 301 0 "-" "Mozilla/5.0 (Windows NT 10.0; Win64; x64) AppleWebKit/537.36 (KHTML, like Gecko) Chrome/95.0.4638.69 Safari/537.36"
35.195.249.54 - - [12/Jul/2026:14:18:47 +0000] "GET //2019/wp-includes/wlwmanifest.xml HTTP/1.1" 301 0 "-" "Mozilla/5.0 (Windows NT 10.0; Win64; x64) AppleWebKit/537.36 (KHTML, like Gecko) Chrome/95.0.4638.69 Safari/537.36"
35.195.249.54 - - [12/Jul/2026:14:18:48 +0000] "GET //2021/wp-includes/wlwmanifest.xml HTTP/1.1" 301 0 "-" "Mozilla/5.0 (Windows NT 10.0; Win64; x64) AppleWebKit/537.36 (KHTML, like Gecko) Chrome/95.0.4638.69 Safari/537.36"
209.42.27.159 - - [12/Jul/2026:14:18:49 +0000] "POST /wp-cron.php?doing_wp_cron=1783865929.4106700420379638671875 HTTP/1.1" 200 0 "-" "WordPress/7.0.1; https://kospekhilirperakberhad.mykoperasi.coop"
35.195.249.54 - - [12/Jul/2026:14:18:49 +0000] "GET //shop/wp-includes/wlwmanifest.xml HTTP/1.1" 301 0 "-" "Mozilla/5.0 (Windows NT 10.0; Win64; x64) AppleWebKit/537.36 (KHTML, like Gecko) Chrome/95.0.4638.69 Safari/537.36"
35.195.249.54 - - [12/Jul/2026:14:18:49 +0000] "GET //wp1/wp-includes/wlwmanifest.xml HTTP/1.1" 301 0 "-" "Mozilla/5.0 (Windows NT 10.0; Win64; x64) AppleWebKit/537.36 (KHTML, like Gecko) Chrome/95.0.4638.69 Safari/537.36"
35.195.249.54 - - [12/Jul/2026:14:18:50 +0000] "GET //test/wp-includes/wlwmanifest.xml HTTP/1.1" 301 0 "-" "Mozilla/5.0 (Windows NT 10.0; Win64; x64) AppleWebKit/537.36 (KHTML, like Gecko) Chrome/95.0.4638.69 Safari/537.36"
35.195.249.54 - - [12/Jul/2026:14:18:50 +0000] "GET //site/wp-includes/wlwmanifest.xml HTTP/1.1" 301 0 "-" "Mozilla/5.0 (Windows NT 10.0; Win64; x64) AppleWebKit/537.36 (KHTML, like Gecko) Chrome/95.0.4638.69 Safari/537.36"
35.195.249.54 - - [12/Jul/2026:14:18:51 +0000] "GET //cms/wp-includes/wlwmanifest.xml HTTP/1.1" 301 0 "-" "Mozilla/5.0 (Windows NT 10.0; Win64; x64) AppleWebKit/537.36 (KHTML, like Gecko) Chrome/95.0.4638.69 Safari/537.36"
115.164.43.57 - - [12/Jul/2026:14:23:30 +0000] "GET /wp-content/themes/astra/assets/css/minified/main.min.css?ver=3.7.9 HTTP/2" 200 7892 "https://kospekhilirperakberhad.mykoperasi.coop/" "Mozilla/5.0 (Linux; Android 10; K) AppleWebKit/537.36 (KHTML, like Gecko) Chrome/149.0.0.0 Mobile Safari/537.36"
115.164.43.57 - - [12/Jul/2026:14:23:30 +0000] "GET /wp-content/plugins/contact-form-7/includes/css/styles.css?ver=5.5.6 HTTP/2" 200 848 "https://kospekhilirperakberhad.mykoperasi.coop/" "Mozilla/5.0 (Linux; Android 10; K) AppleWebKit/537.36 (KHTML, like Gecko) Chrome/149.0.0.0 Mobile Safari/537.36"
115.164.43.57 - - [12/Jul/2026:14:23:30 +0000] "GET /wp-content/themes/astra/assets/css/minified/compatibility/contact-form-7-main.min.css?ver=3.7.9 HTTP/2" 200 334 "https://kospekhilirperakberhad.mykoperasi.coop/" "Mozilla/5.0 (Linux; Android 10; K) AppleWebKit/537.36 (KHTML, like Gecko) Chrome/149.0.0.0 Mobile Safari/537.36"
115.164.43.57 - - [12/Jul/2026:14:23:30 +0000] "GET /wp-content/plugins/wp-user-avatar/assets/css/frontend.min.css?ver=3.2.9 HTTP/2" 200 9516 "https://kospekhilirperakberhad.mykoperasi.coop/" "Mozilla/5.0 (Linux; Android 10; K) AppleWebKit/537.36 (KHTML, like Gecko) Chrome/149.0.0.0 Mobile Safari/537.36"
115.164.43.57 - - [12/Jul/2026:14:23:30 +0000] "GET /wp-content/plugins/wp-user-avatar/assets/flatpickr/flatpickr.min.css?ver=3.2.9 HTTP/2" 200 2810 "https://kospekhilirperakberhad.mykoperasi.coop/" "Mozilla/5.0 (Linux; Android 10; K) AppleWebKit/537.36 (KHTML, like Gecko) Chrome/149.0.0.0 Mobile Safari/537.36"
115.164.43.57 - - [12/Jul/2026:14:23:30 +0000] "GET /wp-content/plugins/wp-user-avatar/assets/select2/select2.min.css?ver=7.0.1 HTTP/2" 200 1800 "https://kospekhilirperakberhad.mykoperasi.coop/" "Mozilla/5.0 (Linux; Android 10; K) AppleWebKit/537.36 (KHTML, like Gecko) Chrome/149.0.0.0 Mobile Safari/537.36"
115.164.43.57 - - [12/Jul/2026:14:23:30 +0000] "GET /wp-content/themes/astra/assets/css/minified/compatibility/woocommerce/woocommerce-layout-grid.min.css?ver=3.7.9 HTTP/2" 200 1701 "https://kospekhilirperakberhad.mykoperasi.coop/" "Mozilla/5.0 (Linux; Android 10; K) AppleWebKit/537.36 (KHTML, like Gecko) Chrome/149.0.0.0 Mobile Safari/537.36"
115.164.43.57 - - [12/Jul/2026:14:23:30 +0000] "GET /wp-content/themes/astra/assets/css/minified/compatibility/woocommerce/woocommerce-smallscreen-grid.min.css?ver=3.7.9 HTTP/2" 200 766 "https://kospekhilirperakberhad.mykoperasi.coop/" "Mozilla/5.0 (Linux; Android 10; K) AppleWebKit/537.36 (KHTML, like Gecko) Chrome/149.0.0.0 Mobile Safari/537.36"
115.164.43.57 - - [12/Jul/2026:14:23:30 +0000] "GET /wp-content/themes/astra/assets/css/minified/compatibility/woocommerce/woocommerce-grid.min.css?ver=3.7.9 HTTP/2" 200 13714 "https://kospekhilirperakberhad.mykoperasi.coop/" "Mozilla/5.0 (Linux; Android 10; K) AppleWebKit/537.36 (KHTML, like Gecko) Chrome/149.0.0.0 Mobile Safari/537.36"
115.164.43.57 - - [12/Jul/2026:14:23:30 +0000] "GET /wp-content/plugins/header-footer-elementor/assets/css/header-footer-elementor.css?ver=1.6.10 HTTP/2" 200 259 "https://kospekhilirperakberhad.mykoperasi.coop/" "Mozilla/5.0 (Linux; Android 10; K) AppleWebKit/537.36 (KHTML, like Gecko) Chrome/149.0.0.0 Mobile Safari/537.36"
115.164.43.57 - - [12/Jul/2026:14:23:30 +0000] "GET /wp-content/plugins/elementor/assets/lib/eicons/css/elementor-icons.min.css?ver=5.15.0 HTTP/2" 200 3603 "https://kospekhilirperakberhad.mykoperasi.coop/" "Mozilla/5.0 (Linux; Android 10; K) AppleWebKit/537.36 (KHTML, like Gecko) Chrome/149.0.0.0 Mobile Safari/537.36"
115.164.43.57 - - [12/Jul/2026:14:23:30 +0000] "GET /wp-content/plugins/elementor/assets/css/frontend-lite.min.css?ver=3.6.1 HTTP/2" 200 12889 "https://kospekhilirperakberhad.mykoperasi.coop/" "Mozilla/5.0 (Linux; Android 10; K) AppleWebKit/537.36 (KHTML, like Gecko) Chrome/149.0.0.0 Mobile Safari/537.36"
115.164.43.57 - - [12/Jul/2026:14:23:30 +0000] "GET /wp-content/uploads/elementor/css/post-1314.css?ver=1705117380 HTTP/2" 200 338 "https://kospekhilirperakberhad.mykoperasi.coop/" "Mozilla/5.0 (Linux; Android 10; K) AppleWebKit/537.36 (KHTML, like Gecko) Chrome/149.0.0.0 Mobile Safari/537.36"
115.164.43.57 - - [12/Jul/2026:14:23:30 +0000] "GET /wp-content/uploads/elementor/css/global.css?ver=1705117380 HTTP/2" 200 1291 "https://kospekhilirperakberhad.mykoperasi.coop/" "Mozilla/5.0 (Linux; Android 10; K) AppleWebKit/537.36 (KHTML, like Gecko) Chrome/149.0.0.0 Mobile Safari/537.36"
115.164.43.57 - - [12/Jul/2026:14:23:30 +0000] "GET /wp-content/uploads/elementor/css/post-1366.css?ver=1705117380 HTTP/2" 200 940 "https://kospekhilirperakberhad.mykoperasi.coop/" "Mozilla/5.0 (Linux; Android 10; K) AppleWebKit/537.36 (KHTML, like Gecko) Chrome/149.0.0.0 Mobile Safari/537.36"
115.164.43.57 - - [12/Jul/2026:14:23:30 +0000] "GET /wp-content/plugins/header-footer-elementor/inc/widgets-css/frontend.css?ver=1.6.10 HTTP/2" 200 7374 "https://kospekhilirperakberhad.mykoperasi.coop/" "Mozilla/5.0 (Linux; Android 10; K) AppleWebKit/537.36 (KHTML, like Gecko) Chrome/149.0.0.0 Mobile Safari/537.36"
115.164.43.57 - - [12/Jul/2026:14:23:30 +0000] "GET /wp-content/uploads/elementor/css/post-1336.css?ver=1705117381 HTTP/2" 200 1047 "https://kospekhilirperakberhad.mykoperasi.coop/" "Mozilla/5.0 (Linux; Android 10; K) AppleWebKit/537.36 (KHTML, like Gecko) Chrome/149.0.0.0 Mobile Safari/537.36"
115.164.43.57 - - [12/Jul/2026:14:23:30 +0000] "GET /wp-content/uploads/elementor/css/post-1565.css?ver=1705117381 HTTP/2" 200 1083 "https://kospekhilirperakberhad.mykoperasi.coop/" "Mozilla/5.0 (Linux; Android 10; K) AppleWebKit/537.36 (KHTML, like Gecko) Chrome/149.0.0.0 Mobile Safari/537.36"
115.164.43.57 - - [12/Jul/2026:14:23:30 +0000] "GET /wp-content/plugins/qi-addons-for-elementor/assets/plugins/swiper/swiper.min.css?ver=7.0.1 HTTP/2" 200 3818 "https://kospekhilirperakberhad.mykoperasi.coop/" "Mozilla/5.0 (Linux; Android 10; K) AppleWebKit/537.36 (KHTML, like Gecko) Chrome/149.0.0.0 Mobile Safari/537.36"
115.164.43.57 - - [12/Jul/2026:14:23:30 +0000] "GET /wp-content/plugins/qi-addons-for-elementor/assets/css/grid.min.css?ver=7.0.1 HTTP/2" 200 1416 "https://kospekhilirperakberhad.mykoperasi.coop/" "Mozilla/5.0 (Linux; Android 10; K) AppleWebKit/537.36 (KHTML, like Gecko) Chrome/149.0.0.0 Mobile Safari/537.36"
115.164.43.57 - - [12/Jul/2026:14:23:30 +0000] "GET /wp-content/plugins/qi-addons-for-elementor/assets/css/helper-parts.min.css?ver=7.0.1 HTTP/2" 200 2471 "https://kospekhilirperakberhad.mykoperasi.coop/" "Mozilla/5.0 (Linux; Android 10; K) AppleWebKit/537.36 (KHTML, like Gecko) Chrome/149.0.0.0 Mobile Safari/537.36"
115.164.43.57 - - [12/Jul/2026:14:23:30 +0000] "GET /wp-content/plugins/qi-addons-for-elementor/assets/css/main.min.css?ver=7.0.1 HTTP/2" 200 24410 "https://kospekhilirperakberhad.mykoperasi.coop/" "Mozilla/5.0 (Linux; Android 10; K) AppleWebKit/537.36 (KHTML, like Gecko) Chrome/149.0.0.0 Mobile Safari/537.36"
115.164.43.57 - - [12/Jul/2026:14:23:30 +0000] "GET /wp-content/plugins/elementor/assets/lib/font-awesome/css/fontawesome.min.css?ver=5.15.3 HTTP/2" 200 12133 "https://kospekhilirperakberhad.mykoperasi.coop/" "Mozilla/5.0 (Linux; Android 10; K) AppleWebKit/537.36 (KHTML, like Gecko) Chrome/149.0.0.0 Mobile Safari/537.36"
115.164.43.57 - - [12/Jul/2026:14:23:30 +0000] "GET /wp-content/plugins/elementor/assets/lib/font-awesome/css/solid.min.css?ver=5.15.3 HTTP/2" 200 286 "https://kospekhilirperakberhad.mykoperasi.coop/" "Mozilla/5.0 (Linux; Android 10; K) AppleWebKit/537.36 (KHTML, like Gecko) Chrome/149.0.0.0 Mobile Safari/537.36"
115.164.43.57 - - [12/Jul/2026:14:23:30 +0000] "GET /wp-content/plugins/elementor/assets/lib/font-awesome/css/regular.min.css?ver=5.15.3 HTTP/2" 200 283 "https://kospekhilirperakberhad.mykoperasi.coop/" "Mozilla/5.0 (Linux; Android 10; K) AppleWebKit/537.36 (KHTML, like Gecko) Chrome/149.0.0.0 Mobile Safari/537.36"
115.164.43.57 - - [12/Jul/2026:14:23:30 +0000] "GET /wp-content/plugins/elementor/assets/lib/font-awesome/css/brands.min.css?ver=5.15.3 HTTP/2" 200 284 "https://kospekhilirperakberhad.mykoperasi.coop/" "Mozilla/5.0 (Linux; Android 10; K) AppleWebKit/537.36 (KHTML, like Gecko) Chrome/149.0.0.0 Mobile Safari/537.36"
115.164.43.57 - - [12/Jul/2026:14:23:30 +0000] "GET /wp-content/plugins/elementor/assets/lib/animations/animations.min.css?ver=3.6.1 HTTP/2" 200 2442 "https://kospekhilirperakberhad.mykoperasi.coop/" "Mozilla/5.0 (Linux; Android 10; K) AppleWebKit/537.36 (KHTML, like Gecko) Chrome/149.0.0.0 Mobile Safari/537.36"
115.164.43.57 - - [12/Jul/2026:14:23:30 +0000] "GET /wp-includes/js/jquery/jquery-migrate.min.js?ver=3.4.1 HTTP/2" 200 4678 "https://kospekhilirperakberhad.mykoperasi.coop/" "Mozilla/5.0 (Linux; Android 10; K) AppleWebKit/537.36 (KHTML, like Gecko) Chrome/149.0.0.0 Mobile Safari/537.36"
115.164.43.57 - - [12/Jul/2026:14:23:30 +0000] "GET /wp-content/plugins/wp-user-avatar/assets/flatpickr/flatpickr.min.js?ver=7.0.1 HTTP/2" 200 13752 "https://kospekhilirperakberhad.mykoperasi.coop/" "Mozilla/5.0 (Linux; Android 10; K) AppleWebKit/537.36 (KHTML, like Gecko) Chrome/149.0.0.0 Mobile Safari/537.36"
115.164.43.57 - - [12/Jul/2026:14:23:30 +0000] "GET /wp-content/themes/astra/assets/js/minified/frontend.min.js?ver=3.7.9 HTTP/2" 200 3672 "https://kospekhilirperakberhad.mykoperasi.coop/" "Mozilla/5.0 (Linux; Android 10; K) AppleWebKit/537.36 (KHTML, like Gecko) Chrome/149.0.0.0 Mobile Safari/537.36"
115.164.43.57 - - [12/Jul/2026:14:23:30 +0000] "GET /wp-content/plugins/click-to-chat-for-whatsapp/new/inc/assets/js/app.js?ver=3.12.1 HTTP/2" 200 1868 "https://kospekhilirperakberhad.mykoperasi.coop/" "Mozilla/5.0 (Linux; Android 10; K) AppleWebKit/537.36 (KHTML, like Gecko) Chrome/149.0.0.0 Mobile Safari/537.36"
115.164.43.57 - - [12/Jul/2026:14:23:30 +0000] "GET /wp-includes/js/dist/vendor/wp-polyfill.min.js?ver=3.15.0 HTTP/2" 200 11581 "https://kospekhilirperakberhad.mykoperasi.coop/" "Mozilla/5.0 (Linux; Android 10; K) AppleWebKit/537.36 (KHTML, like Gecko) Chrome/149.0.0.0 Mobile Safari/537.36"
115.164.43.57 - - [12/Jul/2026:14:23:30 +0000] "GET /wp-content/plugins/contact-form-7/includes/js/index.js?ver=5.5.6 HTTP/2" 200 3050 "https://kospekhilirperakberhad.mykoperasi.coop/" "Mozilla/5.0 (Linux; Android 10; K) AppleWebKit/537.36 (KHTML, like Gecko) Chrome/149.0.0.0 Mobile Safari/537.36"
115.164.43.57 - - [12/Jul/2026:14:23:30 +0000] "GET /wp-content/plugins/wp-user-avatar/assets/js/frontend.min.js?ver=3.2.9 HTTP/2" 200 2205 "https://kospekhilirperakberhad.mykoperasi.coop/" "Mozilla/5.0 (Linux; Android 10; K) AppleWebKit/537.36 (KHTML, like Gecko) Chrome/149.0.0.0 Mobile Safari/537.36"
115.164.43.57 - - [12/Jul/2026:14:23:30 +0000] "GET /wp-content/plugins/woocommerce/assets/js/jquery-blockui/jquery.blockUI.min.js?ver=2.7.0-wc.6.3.2 HTTP/2" 200 3245 "https://kospekhilirperakberhad.mykoperasi.coop/" "Mozilla/5.0 (Linux; Android 10; K) AppleWebKit/537.36 (KHTML, like Gecko) Chrome/149.0.0.0 Mobile Safari/537.36"
115.164.43.57 - - [12/Jul/2026:14:23:30 +0000] "GET /wp-content/plugins/woocommerce/assets/js/frontend/add-to-cart.min.js?ver=6.3.2 HTTP/2" 200 970 "https://kospekhilirperakberhad.mykoperasi.coop/" "Mozilla/5.0 (Linux; Android 10; K) AppleWebKit/537.36 (KHTML, like Gecko) Chrome/149.0.0.0 Mobile Safari/537.36"
115.164.43.57 - - [12/Jul/2026:14:23:30 +0000] "GET /wp-content/plugins/woocommerce/assets/js/js-cookie/js.cookie.min.js?ver=2.1.4-wc.6.3.2 HTTP/2" 200 899 "https://kospekhilirperakberhad.mykoperasi.coop/" "Mozilla/5.0 (Linux; Android 10; K) AppleWebKit/537.36 (KHTML, like Gecko) Chrome/149.0.0.0 Mobile Safari/537.36"
115.164.43.57 - - [12/Jul/2026:14:23:30 +0000] "GET /wp-content/plugins/woocommerce/assets/js/frontend/woocommerce.min.js?ver=6.3.2 HTTP/2" 200 677 "https://kospekhilirperakberhad.mykoperasi.coop/" "Mozilla/5.0 (Linux; Android 10; K) AppleWebKit/537.36 (KHTML, like Gecko) Chrome/149.0.0.0 Mobile Safari/537.36"
115.164.43.57 - - [12/Jul/2026:14:23:30 +0000] "GET /wp-content/plugins/woocommerce/assets/js/frontend/cart-fragments.min.js?ver=6.3.2 HTTP/2" 200 934 "https://kospekhilirperakberhad.mykoperasi.coop/" "Mozilla/5.0 (Linux; Android 10; K) AppleWebKit/537.36 (KHTML, like Gecko) Chrome/149.0.0.0 Mobile Safari/537.36"
115.164.43.57 - - [12/Jul/2026:14:23:30 +0000] "GET /wp-includes/js/jquery/ui/core.min.js?ver=1.13.3 HTTP/2" 200 6812 "https://kospekhilirperakberhad.mykoperasi.coop/" "Mozilla/5.0 (Linux; Android 10; K) AppleWebKit/537.36 (KHTML, like Gecko) Chrome/149.0.0.0 Mobile Safari/537.36"
115.164.43.57 - - [12/Jul/2026:14:23:30 +0000] "GET /wp-content/plugins/qi-addons-for-elementor/assets/js/main.min.js?ver=7.0.1 HTTP/2" 200 12030 "https://kospekhilirperakberhad.mykoperasi.coop/" "Mozilla/5.0 (Linux; Android 10; K) AppleWebKit/537.36 (KHTML, like Gecko) Chrome/149.0.0.0 Mobile Safari/537.36"
115.164.43.57 - - [12/Jul/2026:14:23:30 +0000] "GET /wp-content/plugins/header-footer-elementor/inc/js/frontend.js?ver=1.6.10 HTTP/2" 200 3600 "https://kospekhilirperakberhad.mykoperasi.coop/" "Mozilla/5.0 (Linux; Android 10; K) AppleWebKit/537.36 (KHTML, like Gecko) Chrome/149.0.0.0 Mobile Safari/537.36"
115.164.43.57 - - [12/Jul/2026:14:23:30 +0000] "GET /wp-content/plugins/elementor/assets/lib/jquery-numerator/jquery-numerator.min.js?ver=0.2.1 HTTP/2" 200 677 "https://kospekhilirperakberhad.mykoperasi.coop/" "Mozilla/5.0 (Linux; Android 10; K) AppleWebKit/537.36 (KHTML, like Gecko) Chrome/149.0.0.0 Mobile Safari/537.36"
115.164.43.57 - - [12/Jul/2026:14:23:30 +0000] "GET /wp-content/plugins/elementor/assets/js/webpack.runtime.min.js?ver=3.6.1 HTTP/2" 200 2049 "https://kospekhilirperakberhad.mykoperasi.coop/" "Mozilla/5.0 (Linux; Android 10; K) AppleWebKit/537.36 (KHTML, like Gecko) Chrome/149.0.0.0 Mobile Safari/537.36"
115.164.43.57 - - [12/Jul/2026:14:23:30 +0000] "GET /wp-content/plugins/elementor/assets/js/frontend-modules.min.js?ver=3.6.1 HTTP/2" 200 4448 "https://kospekhilirperakberhad.mykoperasi.coop/" "Mozilla/5.0 (Linux; Android 10; K) AppleWebKit/537.36 (KHTML, like Gecko) Chrome/149.0.0.0 Mobile Safari/537.36"
115.164.43.57 - - [12/Jul/2026:14:23:30 +0000] "GET /wp-content/plugins/elementor/assets/lib/waypoints/waypoints.min.js?ver=4.0.2 HTTP/2" 200 2867 "https://kospekhilirperakberhad.mykoperasi.coop/" "Mozilla/5.0 (Linux; Android 10; K) AppleWebKit/537.36 (KHTML, like Gecko) Chrome/149.0.0.0 Mobile Safari/537.36"
115.164.43.57 - - [12/Jul/2026:14:23:30 +0000] "GET /wp-content/plugins/elementor/assets/js/frontend.min.js?ver=3.6.1 HTTP/2" 200 10629 "https://kospekhilirperakberhad.mykoperasi.coop/" "Mozilla/5.0 (Linux; Android 10; K) AppleWebKit/537.36 (KHTML, like Gecko) Chrome/149.0.0.0 Mobile Safari/537.36"
115.164.43.57 - - [12/Jul/2026:14:23:30 +0000] "GET /wp-content/plugins/qi-addons-for-elementor/inc/plugins/elementor/assets/js/elementor.js?ver=7.0.1 HTTP/2" 200 496 "https://kospekhilirperakberhad.mykoperasi.coop/" "Mozilla/5.0 (Linux; Android 10; K) AppleWebKit/537.36 (KHTML, like Gecko) Chrome/149.0.0.0 Mobile Safari/537.36"
209.42.27.159 - - [12/Jul/2026:14:23:30 +0000] "POST /wp-cron.php?doing_wp_cron=1783866210.1023769378662109375000 HTTP/1.1" 200 0 "-" "WordPress/7.0.1; https://kospekhilirperakberhad.mykoperasi.coop"
115.164.43.57 - - [12/Jul/2026:14:23:29 +0000] "GET / HTTP/2" 200 29097 "https://www.google.com/" "Mozilla/5.0 (Linux; Android 10; K) AppleWebKit/537.36 (KHTML, like Gecko) Chrome/149.0.0.0 Mobile Safari/537.36"
115.164.43.57 - - [12/Jul/2026:14:23:30 +0000] "GET /wp-includes/js/jquery/jquery.min.js?ver=3.7.1 HTTP/2" 200 29744 "https://kospekhilirperakberhad.mykoperasi.coop/" "Mozilla/5.0 (Linux; Android 10; K) AppleWebKit/537.36 (KHTML, like Gecko) Chrome/149.0.0.0 Mobile Safari/537.36"
115.164.43.57 - - [12/Jul/2026:14:23:30 +0000] "GET /wp-content/plugins/wp-user-avatar/assets/select2/select2.min.js?ver=7.0.1 HTTP/2" 200 18500 "https://kospekhilirperakberhad.mykoperasi.coop/" "Mozilla/5.0 (Linux; Android 10; K) AppleWebKit/537.36 (KHTML, like Gecko) Chrome/149.0.0.0 Mobile Safari/537.36"
209.42.27.159 - - [12/Jul/2026:14:25:51 +0000] "POST /wp-cron.php?doing_wp_cron=1783866350.9644920825958251953125 HTTP/1.1" 200 0 "-" "WordPress/7.0.1; https://kospekhilirperakberhad.mykoperasi.coop"
199.45.155.93 - - [12/Jul/2026:14:25:50 +0000] "GET /wp-json/?_fields=name,description,home,gmt_offset,timezone_string,namespaces HTTP/1.1" 200 329 "-" "Mozilla/5.0 (compatible; CensysInspect/1.1; +https://about.censys.io/)"
209.42.27.159 - - [12/Jul/2026:14:29:46 +0000] "POST /wp-cron.php?doing_wp_cron=1783866586.3395149707794189453125 HTTP/1.1" 200 0 "-" "WordPress/7.0.1; https://kospekhilirperakberhad.mykoperasi.coop"
66.132.186.196 - - [12/Jul/2026:14:29:45 +0000] "GET /wp-json/?_fields=name,description,home,gmt_offset,timezone_string,namespaces HTTP/1.1" 200 329 "-" "Mozilla/5.0 (compatible; CensysInspect/1.1; +https://about.censys.io/)"
209.42.27.159 - - [12/Jul/2026:14:45:21 +0000] "POST /wp-cron.php?doing_wp_cron=1783867520.9550409317016601562500 HTTP/1.1" 200 0 "-" "WordPress/7.0.1; https://kospekhilirperakberhad.mykoperasi.coop"
198.235.24.17 - - [12/Jul/2026:14:45:20 +0000] "GET / HTTP/1.1" 200 161740 "-" "Hello from Palo Alto Networks, find out more about our scans in https://docs-cortex.paloaltonetworks.com/r/1/Cortex-Xpanse/Scanning-activity"
209.42.27.159 - - [12/Jul/2026:14:48:44 +0000] "POST /wp-cron.php?doing_wp_cron=1783867724.1269710063934326171875 HTTP/1.1" 200 0 "-" "WordPress/7.0.1; https://kospekhilirperakberhad.mykoperasi.coop"
103.133.216.219 - - [12/Jul/2026:14:48:43 +0000] "GET /wp-login.php HTTP/2" 200 2129 "-" "Mozilla/5.0 (Macintosh; Intel Mac OS X 10_15_7) AppleWebKit/537.36 (KHTML, like Gecko) Chrome/145.0.0.0 Safari/537.36"
103.133.216.219 - - [12/Jul/2026:14:48:45 +0000] "POST /wp-login.php HTTP/2" 200 2263 "https://kospekhilirperakberhad.mykoperasi.coop/wp-login.php" "Mozilla/5.0 (Macintosh; Intel Mac OS X 10_15_7) AppleWebKit/537.36 (KHTML, like Gecko) Chrome/145.0.0.0 Safari/537.36"
209.42.27.159 - - [12/Jul/2026:14:51:12 +0000] "POST /wp-cron.php?doing_wp_cron=1783867872.3450829982757568359375 HTTP/1.1" 200 0 "-" "WordPress/7.0.1; https://kospekhilirperakberhad.mykoperasi.coop"
52.45.194.165 - - [12/Jul/2026:14:51:11 +0000] "GET /product/pokok-meranti-paya/embed/ HTTP/1.1" 200 7447 "-" "Mozilla/5.0 AppleWebKit/537.36 (KHTML, like Gecko; compatible; Amazonbot/0.1; +https://developer.amazon.com/support/amazonbot) Chrome/119.0.6045.214 Safari/537.36"
209.42.27.159 - - [12/Jul/2026:15:36:28 +0000] "POST /wp-cron.php?doing_wp_cron=1783870588.6618969440460205078125 HTTP/1.1" 200 0 "-" "WordPress/7.0.1; https://kospekhilirperakberhad.mykoperasi.coop"
138.197.70.61 - - [12/Jul/2026:15:36:28 +0000] "GET /wp-login.php HTTP/2" 200 2129 "-" "Mozilla/5.0 (Macintosh; Intel Mac OS X 10_15_7) AppleWebKit/537.36 (KHTML, like Gecko) Chrome/145.0.0.0 Safari/537.36"
138.197.70.61 - - [12/Jul/2026:15:36:30 +0000] "POST /wp-login.php HTTP/2" 200 2263 "https://kospekhilirperakberhad.mykoperasi.coop/wp-login.php" "Mozilla/5.0 (Macintosh; Intel Mac OS X 10_15_7) AppleWebKit/537.36 (KHTML, like Gecko) Chrome/145.0.0.0 Safari/537.36"
209.42.27.159 - - [12/Jul/2026:15:41:24 +0000] "POST /wp-cron.php?doing_wp_cron=1783870884.0516180992126464843750 HTTP/1.1" 200 0 "-" "WordPress/7.0.1; https://kospekhilirperakberhad.mykoperasi.coop"
54.90.8.255 - - [12/Jul/2026:15:41:23 +0000] "GET /wp-json/wp/v2/product_cat/50 HTTP/1.1" 200 358 "-" "Mozilla/5.0 AppleWebKit/537.36 (KHTML, like Gecko; compatible; Amazonbot/0.1; +https://developer.amazon.com/support/amazonbot) Chrome/119.0.6045.214 Safari/537.36"
209.42.27.159 - - [12/Jul/2026:15:45:56 +0000] "POST /wp-cron.php?doing_wp_cron=1783871156.0851209163665771484375 HTTP/1.1" 200 0 "-" "WordPress/7.0.1; https://kospekhilirperakberhad.mykoperasi.coop"
157.66.47.83 - - [12/Jul/2026:15:45:55 +0000] "GET /wp-login.php HTTP/2" 200 2129 "-" "Mozilla/5.0 (iPhone; CPU iPhone OS 17_7 like Mac OS X) AppleWebKit/605.1.15 (KHTML, like Gecko) Version/17.7 Mobile/15E148 Safari/604.1"
157.66.47.83 - - [12/Jul/2026:15:45:56 +0000] "POST /wp-login.php HTTP/2" 200 2269 "https://kospekhilirperakberhad.mykoperasi.coop/wp-login.php" "Mozilla/5.0 (iPhone; CPU iPhone OS 17_7 like Mac OS X) AppleWebKit/605.1.15 (KHTML, like Gecko) Version/17.7 Mobile/15E148 Safari/604.1"
209.42.27.159 - - [12/Jul/2026:16:10:02 +0000] "POST /wp-cron.php?doing_wp_cron=1783872601.8687379360198974609375 HTTP/1.1" 200 0 "-" "WordPress/7.0.1; https://kospekhilirperakberhad.mykoperasi.coop"
185.115.217.185 - - [12/Jul/2026:16:10:01 +0000] "GET /wp-login.php HTTP/2" 200 2129 "-" "Mozilla/5.0 (Linux; Android 10; K) AppleWebKit/537.36 (KHTML, like Gecko) Chrome/147.0.0.0 Mobile Safari/537.36"
185.115.217.185 - - [12/Jul/2026:16:10:02 +0000] "POST /wp-login.php HTTP/2" 200 2263 "https://kospekhilirperakberhad.mykoperasi.coop/wp-login.php" "Mozilla/5.0 (Linux; Android 10; K) AppleWebKit/537.36 (KHTML, like Gecko) Chrome/147.0.0.0 Mobile Safari/537.36"
209.42.27.159 - - [12/Jul/2026:16:40:27 +0000] "POST /wp-cron.php?doing_wp_cron=1783874426.8136680126190185546875 HTTP/1.1" 200 0 "-" "WordPress/7.0.1; https://kospekhilirperakberhad.mykoperasi.coop"
124.253.251.121 - - [12/Jul/2026:16:40:26 +0000] "GET /wp-login.php HTTP/2" 200 2129 "-" "Mozilla/5.0 (X11; Linux x86_64) AppleWebKit/537.36 (KHTML, like Gecko) Chrome/143.0.0.0 Safari/537.36"
124.253.251.121 - - [12/Jul/2026:16:40:27 +0000] "POST /wp-login.php HTTP/2" 200 2269 "https://kospekhilirperakberhad.mykoperasi.coop/wp-login.php" "Mozilla/5.0 (X11; Linux x86_64) AppleWebKit/537.36 (KHTML, like Gecko) Chrome/143.0.0.0 Safari/537.36"
209.42.27.159 - - [12/Jul/2026:18:22:23 +0000] "POST /wp-cron.php?doing_wp_cron=1783880543.5452280044555664062500 HTTP/1.1" 200 0 "-" "WordPress/7.0.1; https://kospekhilirperakberhad.mykoperasi.coop"
103.75.185.95 - - [12/Jul/2026:18:22:22 +0000] "GET /wp-login.php HTTP/2" 200 2129 "-" "Mozilla/5.0 (X11; Linux x86_64) AppleWebKit/537.36 (KHTML, like Gecko) Chrome/147.0.0.0 Safari/537.36"
103.75.185.95 - - [12/Jul/2026:18:22:24 +0000] "POST /wp-login.php HTTP/2" 200 2269 "https://kospekhilirperakberhad.mykoperasi.coop/wp-login.php" "Mozilla/5.0 (X11; Linux x86_64) AppleWebKit/537.36 (KHTML, like Gecko) Chrome/147.0.0.0 Safari/537.36"
209.42.27.159 - - [12/Jul/2026:18:46:24 +0000] "POST /wp-cron.php?doing_wp_cron=1783881984.4958679676055908203125 HTTP/1.1" 200 0 "-" "WordPress/7.0.1; https://kospekhilirperakberhad.mykoperasi.coop"
209.42.27.159 - - [12/Jul/2026:18:46:24 +0000] "POST /wp-cron.php?doing_wp_cron=1783881984.7064840793609619140625 HTTP/1.1" 200 0 "-" "WordPress/7.0.1; https://kospekhilirperakberhad.mykoperasi.coop"
44.215.231.15 - - [12/Jul/2026:18:46:23 +0000] "GET /product-category/pokok-gelam-pokok-kayu-putih/feed/ HTTP/1.1" 200 967 "-" "Mozilla/5.0 AppleWebKit/537.36 (KHTML, like Gecko; compatible; Amazonbot/0.1; +https://developer.amazon.com/support/amazonbot) Chrome/119.0.6045.214 Safari/537.36"
209.42.27.159 - - [12/Jul/2026:18:52:10 +0000] "POST /wp-cron.php?doing_wp_cron=1783882329.9639670848846435546875 HTTP/1.1" 200 0 "-" "WordPress/7.0.1; https://kospekhilirperakberhad.mykoperasi.coop"
114.119.136.8 - - [12/Jul/2026:18:52:09 +0000] "GET /robots.txt HTTP/1.1" 200 61 "https://kospekhilirperakberhad.mykoperasi.coop/robots.txt" "Mozilla/5.0 (compatible;PetalBot;+https://webmaster.petalsearch.com/site/petalbot)"
209.42.27.159 - - [12/Jul/2026:19:16:07 +0000] "POST /wp-cron.php?doing_wp_cron=1783883767.3323490619659423828125 HTTP/1.1" 200 0 "-" "WordPress/7.0.1; https://kospekhilirperakberhad.mykoperasi.coop"
141.94.161.61 - - [12/Jul/2026:19:16:06 +0000] "GET /wp-login.php HTTP/2" 200 2129 "-" "Mozilla/5.0 (Macintosh; Intel Mac OS X 10_15_7) AppleWebKit/537.36 (KHTML, like Gecko) Chrome/145.0.0.0 Safari/537.36"
141.94.161.61 - - [12/Jul/2026:19:16:07 +0000] "POST /wp-login.php HTTP/2" 200 2269 "https://kospekhilirperakberhad.mykoperasi.coop/wp-login.php" "Mozilla/5.0 (Macintosh; Intel Mac OS X 10_15_7) AppleWebKit/537.36 (KHTML, like Gecko) Chrome/145.0.0.0 Safari/537.36"
209.42.27.159 - - [12/Jul/2026:19:33:54 +0000] "POST /wp-cron.php?doing_wp_cron=1783884834.2329809665679931640625 HTTP/1.1" 200 0 "-" "WordPress/7.0.1; https://kospekhilirperakberhad.mykoperasi.coop"
44.194.98.103 - - [12/Jul/2026:19:33:53 +0000] "GET /robots.txt HTTP/1.1" 200 70 "-" "Mozilla/5.0 (Macintosh; Intel Mac OS X 10_10_1) AppleWebKit/600.2.5 (KHTML, like Gecko) Version/8.0.2 Safari/600.2.5 (Gort)"
209.42.27.159 - - [12/Jul/2026:20:53:18 +0000] "POST /wp-cron.php?doing_wp_cron=1783889598.2166779041290283203125 HTTP/1.1" 200 0 "-" "WordPress/7.0.1; https://kospekhilirperakberhad.mykoperasi.coop"
209.42.27.159 - - [12/Jul/2026:20:53:18 +0000] "POST /wp-cron.php?doing_wp_cron=1783889598.4220681190490722656250 HTTP/1.1" 200 0 "-" "WordPress/7.0.1; https://kospekhilirperakberhad.mykoperasi.coop"
107.20.181.148 - - [12/Jul/2026:20:53:17 +0000] "GET /product/pokok-gelam-pokok-kayu-putih/embed/ HTTP/1.1" 200 7459 "-" "Mozilla/5.0 AppleWebKit/537.36 (KHTML, like Gecko; compatible; Amazonbot/0.1; +https://developer.amazon.com/support/amazonbot) Chrome/119.0.6045.214 Safari/537.36"
209.42.27.159 - - [12/Jul/2026:21:05:25 +0000] "POST /wp-cron.php?doing_wp_cron=1783890325.6447761058807373046875 HTTP/1.1" 200 0 "-" "WordPress/7.0.1; https://kospekhilirperakberhad.mykoperasi.coop"
104.210.140.130 - - [12/Jul/2026:21:05:25 +0000] "GET /robots.txt HTTP/2" 200 61 "-" "Mozilla/5.0 (Macintosh; Intel Mac OS X 10_15_7) AppleWebKit/537.36 (KHTML, like Gecko) Chrome/131.0.0.0 Safari/537.36; compatible; OAI-SearchBot/1.0; +https://openai.com/searchbot"
209.42.27.159 - - [12/Jul/2026:21:25:11 +0000] "POST /wp-cron.php?doing_wp_cron=1783891511.7949490547180175781250 HTTP/1.1" 200 0 "-" "WordPress/7.0.1; https://kospekhilirperakberhad.mykoperasi.coop"
74.7.175.184 - - [12/Jul/2026:21:25:11 +0000] "GET /robots.txt HTTP/2" 301 0 "-" "Mozilla/5.0 (Macintosh; Intel Mac OS X 10_15_7) AppleWebKit/537.36 (KHTML, like Gecko) Chrome/131.0.0.0 Safari/537.36; compatible; OAI-SearchBot/1.4; robots.txt; +https://openai.com/searchbot"
74.7.175.184 - - [12/Jul/2026:21:25:12 +0000] "GET /robots.txt HTTP/2" 200 61 "https://www.kospekhilirperakberhad.mykoperasi.coop/robots.txt" "Mozilla/5.0 (Macintosh; Intel Mac OS X 10_15_7) AppleWebKit/537.36 (KHTML, like Gecko) Chrome/131.0.0.0 Safari/537.36; compatible; OAI-SearchBot/1.4; robots.txt; +https://openai.com/searchbot"
199.45.154.137 - - [12/Jul/2026:21:30:38 +0000] "GET / HTTP/1.1" 200 33907 "-" "Mozilla/5.0 (compatible; CensysInspect/1.1; +https://about.censys.io/)"
199.45.154.137 - - [12/Jul/2026:21:30:48 +0000] "GET /favicon.ico HTTP/1.1" 404 1251 "-" "Mozilla/5.0 (compatible; CensysInspect/1.1; +https://about.censys.io/)"
209.42.27.159 - - [12/Jul/2026:21:40:38 +0000] "POST /wp-cron.php?doing_wp_cron=1783892438.0309410095214843750000 HTTP/1.1" 200 0 "-" "WordPress/7.0.1; https://kospekhilirperakberhad.mykoperasi.coop"
199.45.154.158 - - [12/Jul/2026:21:40:37 +0000] "GET / HTTP/1.1" 301 0 "-" "Mozilla/5.0 (compatible; CensysInspect/1.1; +https://about.censys.io/)"
209.42.27.159 - - [12/Jul/2026:21:40:49 +0000] "POST /wp-cron.php?doing_wp_cron=1783892449.5938100814819335937500 HTTP/1.1" 200 0 "-" "WordPress/7.0.1; https://kospekhilirperakberhad.mykoperasi.coop"
199.45.154.158 - - [12/Jul/2026:21:40:49 +0000] "GET / HTTP/1.1" 200 33907 "-" "Mozilla/5.0 (compatible; CensysInspect/1.1; +https://about.censys.io/)"
199.45.154.158 - - [12/Jul/2026:21:40:57 +0000] "GET /favicon.ico HTTP/1.1" 404 1251 "-" "Mozilla/5.0 (compatible; CensysInspect/1.1; +https://about.censys.io/)"
209.42.27.159 - - [12/Jul/2026:21:41:45 +0000] "POST /wp-cron.php?doing_wp_cron=1783892505.5114159584045410156250 HTTP/1.1" 200 0 "-" "WordPress/7.0.1; https://kospekhilirperakberhad.mykoperasi.coop"
199.45.154.158 - - [12/Jul/2026:21:41:45 +0000] "GET /wp-json/?_fields=name,description,home,gmt_offset,timezone_string,namespaces HTTP/1.1" 200 329 "-" "Mozilla/5.0 (compatible; CensysInspect/1.1; +https://about.censys.io/)"
209.42.27.159 - - [12/Jul/2026:21:42:14 +0000] "POST /wp-cron.php?doing_wp_cron=1783892534.0831069946289062500000 HTTP/1.1" 200 0 "-" "WordPress/7.0.1; https://kospekhilirperakberhad.mykoperasi.coop"
199.45.154.158 - - [12/Jul/2026:21:42:13 +0000] "GET / HTTP/1.1" 301 0 "-" "Mozilla/5.0 (compatible; CensysInspect/1.1; +https://about.censys.io/)"
209.42.27.159 - - [12/Jul/2026:21:51:43 +0000] "POST /wp-cron.php?doing_wp_cron=1783893103.4511389732360839843750 HTTP/1.1" 200 0 "-" "WordPress/7.0.1; https://kospekhilirperakberhad.mykoperasi.coop"
3.211.181.86 - - [12/Jul/2026:21:51:43 +0000] "GET /product-category/pokok-meranti-paya/feed/ HTTP/1.1" 200 954 "-" "Mozilla/5.0 AppleWebKit/537.36 (KHTML, like Gecko; compatible; Amazonbot/0.1; +https://developer.amazon.com/support/amazonbot) Chrome/119.0.6045.214 Safari/537.36"
209.42.27.159 - - [12/Jul/2026:21:55:09 +0000] "POST /wp-cron.php?doing_wp_cron=1783893309.6635808944702148437500 HTTP/1.1" 200 0 "-" "WordPress/7.0.1; https://kospekhilirperakberhad.mykoperasi.coop"
209.42.27.159 - - [12/Jul/2026:21:55:10 +0000] "POST /wp-cron.php?doing_wp_cron=1783893310.0709769725799560546875 HTTP/1.1" 200 0 "-" "WordPress/7.0.1; https://kospekhilirperakberhad.mykoperasi.coop"
167.94.146.48 - - [12/Jul/2026:21:55:08 +0000] "GET / HTTP/1.1" 200 33907 "-" "Mozilla/5.0 (compatible; CensysInspect/1.1; +https://about.censys.io/)"
167.94.146.48 - - [12/Jul/2026:21:55:11 +0000] "GET /favicon.ico HTTP/1.1" 404 1251 "-" "Mozilla/5.0 (compatible; CensysInspect/1.1; +https://about.censys.io/)"
167.94.146.48 - - [12/Jul/2026:21:55:27 +0000] "GET /wp-json/?_fields=name,description,home,gmt_offset,timezone_string,namespaces HTTP/1.1" 200 329 "-" "Mozilla/5.0 (compatible; CensysInspect/1.1; +https://about.censys.io/)"
167.94.146.48 - - [12/Jul/2026:21:55:35 +0000] "GET / HTTP/1.1" 301 0 "-" "Mozilla/5.0 (compatible; CensysInspect/1.1; +https://about.censys.io/)"
209.42.27.159 - - [12/Jul/2026:22:56:37 +0000] "POST /wp-cron.php?doing_wp_cron=1783896997.4523251056671142578125 HTTP/1.1" 200 0 "-" "WordPress/7.0.1; https://kospekhilirperakberhad.mykoperasi.coop"
209.42.27.159 - - [12/Jul/2026:22:56:38 +0000] "POST /wp-cron.php?doing_wp_cron=1783896997.9017179012298583984375 HTTP/1.1" 200 0 "-" "WordPress/7.0.1; https://kospekhilirperakberhad.mykoperasi.coop"
40.77.167.58 - - [12/Jul/2026:22:56:36 +0000] "GET /alk-pengurusan-koop/ HTTP/2" 200 28208 "-" "Mozilla/5.0 AppleWebKit/537.36 (KHTML, like Gecko; compatible; bingbot/2.0; +http://www.bing.com/bingbot.htm) Chrome/116.0.1938.76 Safari/537.36"
40.77.167.21 - - [12/Jul/2026:22:56:52 +0000] "GET /wp-content/plugins/wp-user-avatar/assets/select2/select2.min.css?ver=7.0.1 HTTP/2" 200 1800 "https://kospekhilirperakberhad.mykoperasi.coop/alk-pengurusan-koop/" "Mozilla/5.0 AppleWebKit/537.36 (KHTML, like Gecko; compatible; bingbot/2.0; +http://www.bing.com/bingbot.htm) Chrome/136.0.0.0 Safari/537.36 AppleWebKit/537.36 (KHTML, like Gecko; compatible; bingbot/2.0; +http://www.bing.com/bingbot.htm) Chrome/116.0.1938.76 Safari/537.36"
40.77.167.21 - - [12/Jul/2026:22:56:52 +0000] "GET /wp-content/plugins/header-footer-elementor/inc/widgets-css/frontend.css?ver=1.6.10 HTTP/2" 200 7374 "https://kospekhilirperakberhad.mykoperasi.coop/alk-pengurusan-koop/" "Mozilla/5.0 AppleWebKit/537.36 (KHTML, like Gecko; compatible; bingbot/2.0; +http://www.bing.com/bingbot.htm) Chrome/136.0.0.0 Safari/537.36 AppleWebKit/537.36 (KHTML, like Gecko; compatible; bingbot/2.0; +http://www.bing.com/bingbot.htm) Chrome/116.0.1938.76 Safari/537.36"
40.77.167.21 - - [12/Jul/2026:22:56:52 +0000] "GET /wp-content/uploads/elementor/css/global.css?ver=1705117380 HTTP/2" 200 1291 "https://kospekhilirperakberhad.mykoperasi.coop/alk-pengurusan-koop/" "Mozilla/5.0 AppleWebKit/537.36 (KHTML, like Gecko; compatible; bingbot/2.0; +http://www.bing.com/bingbot.htm) Chrome/136.0.0.0 Safari/537.36 AppleWebKit/537.36 (KHTML, like Gecko; compatible; bingbot/2.0; +http://www.bing.com/bingbot.htm) Chrome/116.0.1938.76 Safari/537.36"
40.77.167.21 - - [12/Jul/2026:22:56:52 +0000] "GET /wp-content/uploads/elementor/css/post-2420.css?ver=1745826223 HTTP/2" 200 572 "https://kospekhilirperakberhad.mykoperasi.coop/alk-pengurusan-koop/" "Mozilla/5.0 AppleWebKit/537.36 (KHTML, like Gecko; compatible; bingbot/2.0; +http://www.bing.com/bingbot.htm) Chrome/136.0.0.0 Safari/537.36 AppleWebKit/537.36 (KHTML, like Gecko; compatible; bingbot/2.0; +http://www.bing.com/bingbot.htm) Chrome/116.0.1938.76 Safari/537.36"
40.77.167.21 - - [12/Jul/2026:22:56:53 +0000] "GET /wp-content/themes/astra/assets/css/minified/compatibility/contact-form-7-main.min.css?ver=3.7.9 HTTP/2" 200 334 "https://kospekhilirperakberhad.mykoperasi.coop/alk-pengurusan-koop/" "Mozilla/5.0 AppleWebKit/537.36 (KHTML, like Gecko; compatible; bingbot/2.0; +http://www.bing.com/bingbot.htm) Chrome/136.0.0.0 Safari/537.36 AppleWebKit/537.36 (KHTML, like Gecko; compatible; bingbot/2.0; +http://www.bing.com/bingbot.htm) Chrome/116.0.1938.76 Safari/537.36"
40.77.167.21 - - [12/Jul/2026:22:56:53 +0000] "GET /wp-content/plugins/wp-user-avatar/assets/flatpickr/flatpickr.min.css?ver=3.2.9 HTTP/2" 200 2810 "https://kospekhilirperakberhad.mykoperasi.coop/alk-pengurusan-koop/" "Mozilla/5.0 AppleWebKit/537.36 (KHTML, like Gecko; compatible; bingbot/2.0; +http://www.bing.com/bingbot.htm) Chrome/136.0.0.0 Safari/537.36 AppleWebKit/537.36 (KHTML, like Gecko; compatible; bingbot/2.0; +http://www.bing.com/bingbot.htm) Chrome/116.0.1938.76 Safari/537.36"
40.77.167.21 - - [12/Jul/2026:22:56:53 +0000] "GET /wp-content/plugins/elementor/assets/js/webpack.runtime.min.js?ver=3.6.1 HTTP/2" 200 2049 "https://kospekhilirperakberhad.mykoperasi.coop/alk-pengurusan-koop/" "Mozilla/5.0 AppleWebKit/537.36 (KHTML, like Gecko; compatible; bingbot/2.0; +http://www.bing.com/bingbot.htm) Chrome/136.0.0.0 Safari/537.36 AppleWebKit/537.36 (KHTML, like Gecko; compatible; bingbot/2.0; +http://www.bing.com/bingbot.htm) Chrome/116.0.1938.76 Safari/537.36"
40.77.167.21 - - [12/Jul/2026:22:56:53 +0000] "GET /wp-content/plugins/elementor/assets/lib/waypoints/waypoints.min.js?ver=4.0.2 HTTP/2" 200 2867 "https://kospekhilirperakberhad.mykoperasi.coop/alk-pengurusan-koop/" "Mozilla/5.0 AppleWebKit/537.36 (KHTML, like Gecko; compatible; bingbot/2.0; +http://www.bing.com/bingbot.htm) Chrome/136.0.0.0 Safari/537.36 AppleWebKit/537.36 (KHTML, like Gecko; compatible; bingbot/2.0; +http://www.bing.com/bingbot.htm) Chrome/116.0.1938.76 Safari/537.36"
40.77.167.21 - - [12/Jul/2026:22:56:53 +0000] "GET /wp-content/plugins/qi-addons-for-elementor/inc/plugins/elementor/assets/js/elementor.js?ver=7.0.1 HTTP/2" 200 496 "https://kospekhilirperakberhad.mykoperasi.coop/alk-pengurusan-koop/" "Mozilla/5.0 AppleWebKit/537.36 (KHTML, like Gecko; compatible; bingbot/2.0; +http://www.bing.com/bingbot.htm) Chrome/136.0.0.0 Safari/537.36 AppleWebKit/537.36 (KHTML, like Gecko; compatible; bingbot/2.0; +http://www.bing.com/bingbot.htm) Chrome/116.0.1938.76 Safari/537.36"
40.77.167.21 - - [12/Jul/2026:22:56:54 +0000] "GET /wp-includes/js/wp-emoji-release.min.js?ver=7.0.1 HTTP/2" 200 4974 "https://kospekhilirperakberhad.mykoperasi.coop/alk-pengurusan-koop/" "Mozilla/5.0 AppleWebKit/537.36 (KHTML, like Gecko; compatible; bingbot/2.0; +http://www.bing.com/bingbot.htm) Chrome/136.0.0.0 Safari/537.36 AppleWebKit/537.36 (KHTML, like Gecko; compatible; bingbot/2.0; +http://www.bing.com/bingbot.htm) Chrome/116.0.1938.76 Safari/537.36"
40.77.167.58 - - [12/Jul/2026:22:57:01 +0000] "GET /wp-content/plugins/qi-addons-for-elementor/assets/css/helper-parts.min.css?ver=7.0.1 HTTP/2" 200 2471 "https://kospekhilirperakberhad.mykoperasi.coop/alk-pengurusan-koop/" "Mozilla/5.0 AppleWebKit/537.36 (KHTML, like Gecko; compatible; bingbot/2.0; +http://www.bing.com/bingbot.htm) Chrome/136.0.0.0 Safari/537.36 AppleWebKit/537.36 (KHTML, like Gecko; compatible; bingbot/2.0; +http://www.bing.com/bingbot.htm) Chrome/116.0.1938.76 Safari/537.36"
40.77.167.58 - - [12/Jul/2026:22:57:01 +0000] "GET /wp-content/plugins/qi-addons-for-elementor/assets/plugins/swiper/swiper.min.css?ver=7.0.1 HTTP/2" 200 3818 "https://kospekhilirperakberhad.mykoperasi.coop/alk-pengurusan-koop/" "Mozilla/5.0 AppleWebKit/537.36 (KHTML, like Gecko; compatible; bingbot/2.0; +http://www.bing.com/bingbot.htm) Chrome/136.0.0.0 Safari/537.36 AppleWebKit/537.36 (KHTML, like Gecko; compatible; bingbot/2.0; +http://www.bing.com/bingbot.htm) Chrome/116.0.1938.76 Safari/537.36"
40.77.167.58 - - [12/Jul/2026:22:57:01 +0000] "GET /wp-content/plugins/contact-form-7/includes/css/styles.css?ver=5.5.6 HTTP/2" 200 848 "https://kospekhilirperakberhad.mykoperasi.coop/alk-pengurusan-koop/" "Mozilla/5.0 AppleWebKit/537.36 (KHTML, like Gecko; compatible; bingbot/2.0; +http://www.bing.com/bingbot.htm) Chrome/136.0.0.0 Safari/537.36 AppleWebKit/537.36 (KHTML, like Gecko; compatible; bingbot/2.0; +http://www.bing.com/bingbot.htm) Chrome/116.0.1938.76 Safari/537.36"
40.77.167.58 - - [12/Jul/2026:22:57:02 +0000] "GET /wp-content/plugins/qi-addons-for-elementor/assets/css/grid.min.css?ver=7.0.1 HTTP/2" 200 1416 "https://kospekhilirperakberhad.mykoperasi.coop/alk-pengurusan-koop/" "Mozilla/5.0 AppleWebKit/537.36 (KHTML, like Gecko; compatible; bingbot/2.0; +http://www.bing.com/bingbot.htm) Chrome/136.0.0.0 Safari/537.36 AppleWebKit/537.36 (KHTML, like Gecko; compatible; bingbot/2.0; +http://www.bing.com/bingbot.htm) Chrome/116.0.1938.76 Safari/537.36"
40.77.167.58 - - [12/Jul/2026:22:57:02 +0000] "GET /wp-content/plugins/wp-user-avatar/assets/flatpickr/flatpickr.min.js?ver=7.0.1 HTTP/2" 200 13752 "https://kospekhilirperakberhad.mykoperasi.coop/alk-pengurusan-koop/" "Mozilla/5.0 AppleWebKit/537.36 (KHTML, like Gecko; compatible; bingbot/2.0; +http://www.bing.com/bingbot.htm) Chrome/136.0.0.0 Safari/537.36 AppleWebKit/537.36 (KHTML, like Gecko; compatible; bingbot/2.0; +http://www.bing.com/bingbot.htm) Chrome/116.0.1938.76 Safari/537.36"
40.77.167.58 - - [12/Jul/2026:22:57:02 +0000] "GET /wp-content/plugins/wp-user-avatar/assets/select2/select2.min.js?ver=7.0.1 HTTP/2" 200 18500 "https://kospekhilirperakberhad.mykoperasi.coop/alk-pengurusan-koop/" "Mozilla/5.0 AppleWebKit/537.36 (KHTML, like Gecko; compatible; bingbot/2.0; +http://www.bing.com/bingbot.htm) Chrome/136.0.0.0 Safari/537.36 AppleWebKit/537.36 (KHTML, like Gecko; compatible; bingbot/2.0; +http://www.bing.com/bingbot.htm) Chrome/116.0.1938.76 Safari/537.36"
40.77.167.58 - - [12/Jul/2026:22:57:03 +0000] "GET /wp-content/plugins/qi-addons-for-elementor/assets/js/main.min.js?ver=7.0.1 HTTP/2" 200 12030 "https://kospekhilirperakberhad.mykoperasi.coop/alk-pengurusan-koop/" "Mozilla/5.0 AppleWebKit/537.36 (KHTML, like Gecko; compatible; bingbot/2.0; +http://www.bing.com/bingbot.htm) Chrome/136.0.0.0 Safari/537.36 AppleWebKit/537.36 (KHTML, like Gecko; compatible; bingbot/2.0; +http://www.bing.com/bingbot.htm) Chrome/116.0.1938.76 Safari/537.36"
40.77.167.58 - - [12/Jul/2026:22:57:03 +0000] "GET /wp-content/themes/astra/assets/css/minified/compatibility/woocommerce/woocommerce-smallscreen-grid.min.css?ver=3.7.9 HTTP/2" 200 766 "https://kospekhilirperakberhad.mykoperasi.coop/alk-pengurusan-koop/" "Mozilla/5.0 AppleWebKit/537.36 (KHTML, like Gecko; compatible; bingbot/2.0; +http://www.bing.com/bingbot.htm) Chrome/136.0.0.0 Safari/537.36 AppleWebKit/537.36 (KHTML, like Gecko; compatible; bingbot/2.0; +http://www.bing.com/bingbot.htm) Chrome/116.0.1938.76 Safari/537.36"
40.77.167.58 - - [12/Jul/2026:22:57:03 +0000] "GET /wp-content/plugins/elementor/assets/js/frontend-modules.min.js?ver=3.6.1 HTTP/2" 200 4448 "https://kospekhilirperakberhad.mykoperasi.coop/alk-pengurusan-koop/" "Mozilla/5.0 AppleWebKit/537.36 (KHTML, like Gecko; compatible; bingbot/2.0; +http://www.bing.com/bingbot.htm) Chrome/136.0.0.0 Safari/537.36 AppleWebKit/537.36 (KHTML, like Gecko; compatible; bingbot/2.0; +http://www.bing.com/bingbot.htm) Chrome/116.0.1938.76 Safari/537.36"
209.42.27.159 - - [12/Jul/2026:22:57:03 +0000] "POST /wp-cron.php?doing_wp_cron=1783897023.8288769721984863281250 HTTP/1.1" 200 0 "-" "WordPress/7.0.1; https://kospekhilirperakberhad.mykoperasi.coop"
40.77.167.58 - - [12/Jul/2026:22:57:03 +0000] "POST /?wc-ajax=get_refreshed_fragments HTTP/2" 200 499 "https://kospekhilirperakberhad.mykoperasi.coop/alk-pengurusan-koop/" "Mozilla/5.0 AppleWebKit/537.36 (KHTML, like Gecko; compatible; bingbot/2.0; +http://www.bing.com/bingbot.htm) Chrome/136.0.0.0 Safari/537.36 AppleWebKit/537.36 (KHTML, like Gecko; compatible; bingbot/2.0; +http://www.bing.com/bingbot.htm) Chrome/116.0.1938.76 Safari/537.36"
52.167.144.171 - - [12/Jul/2026:22:57:11 +0000] "GET /wp-content/plugins/elementor/assets/lib/animations/animations.min.css?ver=3.6.1 HTTP/2" 200 2442 "https://kospekhilirperakberhad.mykoperasi.coop/alk-pengurusan-koop/" "Mozilla/5.0 AppleWebKit/537.36 (KHTML, like Gecko; compatible; bingbot/2.0; +http://www.bing.com/bingbot.htm) Chrome/136.0.0.0 Safari/537.36 AppleWebKit/537.36 (KHTML, like Gecko; compatible; bingbot/2.0; +http://www.bing.com/bingbot.htm) Chrome/116.0.1938.76 Safari/537.36"
52.167.144.171 - - [12/Jul/2026:22:57:11 +0000] "GET /wp-content/themes/astra/assets/css/minified/main.min.css?ver=3.7.9 HTTP/2" 200 7892 "https://kospekhilirperakberhad.mykoperasi.coop/alk-pengurusan-koop/" "Mozilla/5.0 AppleWebKit/537.36 (KHTML, like Gecko; compatible; bingbot/2.0; +http://www.bing.com/bingbot.htm) Chrome/136.0.0.0 Safari/537.36 AppleWebKit/537.36 (KHTML, like Gecko; compatible; bingbot/2.0; +http://www.bing.com/bingbot.htm) Chrome/116.0.1938.76 Safari/537.36"
