File: /home/mykopera/access-logs/kopjanaharta.mykoperasi.coop-ssl_log
209.42.27.159 - - [12/Jul/2026:13:02:24 +0000] "POST /wp-cron.php?doing_wp_cron=1783861343.8910338878631591796875 HTTP/1.1" 200 0 "-" "WordPress/7.0.1; https://kopjanaharta.mykoperasi.coop"
209.42.27.159 - - [12/Jul/2026:13:02:26 +0000] "POST /wp-cron.php?doing_wp_cron=1783861346.5715420246124267578125 HTTP/1.1" 200 0 "-" "WordPress/7.0.1; https://kopjanaharta.mykoperasi.coop"
74.7.175.153 - - [12/Jul/2026:13:02:20 +0000] "GET /robots.txt HTTP/2" 200 61 "-" "Mozilla/5.0 (Macintosh; Intel Mac OS X 10_15_7) AppleWebKit/537.36 (KHTML, like Gecko) Chrome/131.0.0.0 Safari/537.36; compatible; OAI-SearchBot/1.4; robots.txt; +https://openai.com/searchbot"
209.42.27.159 - - [12/Jul/2026:13:04:31 +0000] "POST /wp-cron.php?doing_wp_cron=1783861471.2980790138244628906250 HTTP/1.1" 200 0 "-" "WordPress/7.0.1; https://kopjanaharta.mykoperasi.coop"
103.90.233.75 - - [12/Jul/2026:13:04:30 +0000] "GET /wp-login.php HTTP/2" 200 2095 "-" "Mozilla/5.0 (iPhone; CPU iPhone OS 18_0 like Mac OS X) AppleWebKit/605.1.15 (KHTML, like Gecko) Version/18.0 Mobile/15E148 Safari/604.1"
209.42.27.159 - - [12/Jul/2026:13:13:14 +0000] "POST /wp-cron.php?doing_wp_cron=1783861994.6741940975189208984375 HTTP/1.1" 200 0 "-" "WordPress/7.0.1; https://kopjanaharta.mykoperasi.coop"
3.20.201.240 - - [12/Jul/2026:13:13:13 +0000] "GET / HTTP/1.1" 200 33597 "-" "visionheight.com/scan Mozilla/5.0 (Macintosh; Intel Mac OS X 10_15_7) Chrome/126.0.0.0 Safari/537.36"
209.42.27.159 - - [12/Jul/2026:13:22:27 +0000] "POST /wp-cron.php?doing_wp_cron=1783862547.1045079231262207031250 HTTP/1.1" 200 0 "-" "WordPress/7.0.1; https://kopjanaharta.mykoperasi.coop"
41.185.8.76 - - [12/Jul/2026:13:22:26 +0000] "GET /wp-login.php HTTP/2" 200 2095 "-" "Mozilla/5.0 (X11; Linux x86_64; rv:148.0) Gecko/20100101 Firefox/148.0"
41.185.8.76 - - [12/Jul/2026:13:22:27 +0000] "POST /wp-login.php HTTP/2" 200 2244 "https://kopjanaharta.mykoperasi.coop/wp-login.php" "Mozilla/5.0 (X11; Linux x86_64; rv:148.0) Gecko/20100101 Firefox/148.0"
209.42.27.159 - - [12/Jul/2026:13:31:20 +0000] "POST /wp-cron.php?doing_wp_cron=1783863080.5844459533691406250000 HTTP/1.1" 200 0 "-" "WordPress/7.0.1; https://kopjanaharta.mykoperasi.coop"
103.90.233.75 - - [12/Jul/2026:13:31:19 +0000] "GET /wp-login.php HTTP/2" 200 2095 "-" "Mozilla/5.0 (iPhone; CPU iPhone OS 18_0 like Mac OS X) AppleWebKit/605.1.15 (KHTML, like Gecko) CriOS/146.0.6917.0 Mobile/15E148 Safari/604.1"
103.90.233.75 - - [12/Jul/2026:13:31:21 +0000] "POST /wp-login.php HTTP/2" 200 2240 "https://kopjanaharta.mykoperasi.coop/wp-login.php" "Mozilla/5.0 (iPhone; CPU iPhone OS 18_0 like Mac OS X) AppleWebKit/605.1.15 (KHTML, like Gecko) CriOS/146.0.6917.0 Mobile/15E148 Safari/604.1"
172.86.116.36 - - [12/Jul/2026:13:34:03 +0000] "GET /.git/config HTTP/1.1" 403 1242 "-" "Mozilla/5.0 (X11; Linux x86_64)"
209.42.27.159 - - [12/Jul/2026:13:45:29 +0000] "POST /wp-cron.php?doing_wp_cron=1783863929.5566799640655517578125 HTTP/1.1" 200 0 "-" "WordPress/7.0.1; https://kopjanaharta.mykoperasi.coop"
20.153.140.50 - - [12/Jul/2026:13:45:29 +0000] "GET /wp-login.php HTTP/2" 200 2095 "-" "Mozilla/5.0 (iPhone; CPU iPhone OS 18_0 like Mac OS X) AppleWebKit/605.1.15 (KHTML, like Gecko) Version/18.0 Mobile/15E148 Safari/604.1"
20.153.140.50 - - [12/Jul/2026:13:45:30 +0000] "POST /wp-login.php HTTP/2" 200 2236 "https://kopjanaharta.mykoperasi.coop/wp-login.php" "Mozilla/5.0 (iPhone; CPU iPhone OS 18_0 like Mac OS X) AppleWebKit/605.1.15 (KHTML, like Gecko) Version/18.0 Mobile/15E148 Safari/604.1"
45.132.195.112 - - [12/Jul/2026:14:01:50 +0000] "GET / HTTP/1.1" 200 33632 "http://kopjanaharta.mykoperasi.coop/" "Mozilla/5.0 (X11; Linux x86_64) AppleWebKit/537.36 (KHTML, like Gecko) Chrome/125.0.0.0 Safari/537.36"
45.132.195.112 - - [12/Jul/2026:14:01:50 +0000] "GET / HTTP/1.1" 200 33597 "http://www.kopjanaharta.mykoperasi.coop/" "Mozilla/5.0 (Windows NT 10.0; Win64; x64; rv:126.0) Gecko/20100101 Firefox/126.0"
35.195.249.54 - - [12/Jul/2026:14:16:58 +0000] "GET //wp-includes/ID3/license.txt HTTP/1.1" 200 1396 "-" "Mozilla/5.0 (Windows NT 10.0; Win64; x64) AppleWebKit/537.36 (KHTML, like Gecko) Chrome/95.0.4638.69 Safari/537.36"
35.195.249.54 - - [12/Jul/2026:14:16:58 +0000] "GET //feed/ HTTP/1.1" 301 0 "-" "Mozilla/5.0 (Windows NT 10.0; Win64; x64) AppleWebKit/537.36 (KHTML, like Gecko) Chrome/95.0.4638.69 Safari/537.36"
35.195.249.54 - - [12/Jul/2026:14:17:00 +0000] "GET //xmlrpc.php?rsd HTTP/1.1" 403 1242 "-" "Mozilla/5.0 (Windows NT 10.0; Win64; x64) AppleWebKit/537.36 (KHTML, like Gecko) Chrome/95.0.4638.69 Safari/537.36"
209.42.27.159 - - [12/Jul/2026:14:17:01 +0000] "POST /wp-cron.php?doing_wp_cron=1783865821.5702600479125976562500 HTTP/1.1" 200 0 "-" "WordPress/7.0.1; https://kopjanaharta.mykoperasi.coop"
35.195.249.54 - - [12/Jul/2026:14:17:00 +0000] "GET //blog/wp-includes/wlwmanifest.xml HTTP/1.1" 301 0 "-" "Mozilla/5.0 (Windows NT 10.0; Win64; x64) AppleWebKit/537.36 (KHTML, like Gecko) Chrome/95.0.4638.69 Safari/537.36"
35.195.249.54 - - [12/Jul/2026:14:17:01 +0000] "GET //web/wp-includes/wlwmanifest.xml HTTP/1.1" 301 0 "-" "Mozilla/5.0 (Windows NT 10.0; Win64; x64) AppleWebKit/537.36 (KHTML, like Gecko) Chrome/95.0.4638.69 Safari/537.36"
35.195.249.54 - - [12/Jul/2026:14:17:03 +0000] "GET //wordpress/wp-includes/wlwmanifest.xml HTTP/1.1" 301 0 "-" "Mozilla/5.0 (Windows NT 10.0; Win64; x64) AppleWebKit/537.36 (KHTML, like Gecko) Chrome/95.0.4638.69 Safari/537.36"
35.195.249.54 - - [12/Jul/2026:14:17:04 +0000] "GET //wp/wp-includes/wlwmanifest.xml HTTP/1.1" 301 0 "-" "Mozilla/5.0 (Windows NT 10.0; Win64; x64) AppleWebKit/537.36 (KHTML, like Gecko) Chrome/95.0.4638.69 Safari/537.36"
35.195.249.54 - - [12/Jul/2026:14:17:05 +0000] "GET //2020/wp-includes/wlwmanifest.xml HTTP/1.1" 301 0 "-" "Mozilla/5.0 (Windows NT 10.0; Win64; x64) AppleWebKit/537.36 (KHTML, like Gecko) Chrome/95.0.4638.69 Safari/537.36"
35.195.249.54 - - [12/Jul/2026:14:17:06 +0000] "GET //2019/wp-includes/wlwmanifest.xml HTTP/1.1" 301 0 "-" "Mozilla/5.0 (Windows NT 10.0; Win64; x64) AppleWebKit/537.36 (KHTML, like Gecko) Chrome/95.0.4638.69 Safari/537.36"
35.195.249.54 - - [12/Jul/2026:14:17:07 +0000] "GET //2021/wp-includes/wlwmanifest.xml HTTP/1.1" 301 0 "-" "Mozilla/5.0 (Windows NT 10.0; Win64; x64) AppleWebKit/537.36 (KHTML, like Gecko) Chrome/95.0.4638.69 Safari/537.36"
35.195.249.54 - - [12/Jul/2026:14:17:08 +0000] "GET //shop/wp-includes/wlwmanifest.xml HTTP/1.1" 301 0 "-" "Mozilla/5.0 (Windows NT 10.0; Win64; x64) AppleWebKit/537.36 (KHTML, like Gecko) Chrome/95.0.4638.69 Safari/537.36"
35.195.249.54 - - [12/Jul/2026:14:17:08 +0000] "GET //wp1/wp-includes/wlwmanifest.xml HTTP/1.1" 301 0 "-" "Mozilla/5.0 (Windows NT 10.0; Win64; x64) AppleWebKit/537.36 (KHTML, like Gecko) Chrome/95.0.4638.69 Safari/537.36"
35.195.249.54 - - [12/Jul/2026:14:17:09 +0000] "GET //test/wp-includes/wlwmanifest.xml HTTP/1.1" 301 0 "-" "Mozilla/5.0 (Windows NT 10.0; Win64; x64) AppleWebKit/537.36 (KHTML, like Gecko) Chrome/95.0.4638.69 Safari/537.36"
35.195.249.54 - - [12/Jul/2026:14:17:10 +0000] "GET //site/wp-includes/wlwmanifest.xml HTTP/1.1" 301 0 "-" "Mozilla/5.0 (Windows NT 10.0; Win64; x64) AppleWebKit/537.36 (KHTML, like Gecko) Chrome/95.0.4638.69 Safari/537.36"
35.195.249.54 - - [12/Jul/2026:14:17:10 +0000] "GET //cms/wp-includes/wlwmanifest.xml HTTP/1.1" 301 0 "-" "Mozilla/5.0 (Windows NT 10.0; Win64; x64) AppleWebKit/537.36 (KHTML, like Gecko) Chrome/95.0.4638.69 Safari/537.36"
209.42.27.159 - - [12/Jul/2026:14:28:58 +0000] "POST /wp-cron.php?doing_wp_cron=1783866538.0726590156555175781250 HTTP/1.1" 200 0 "-" "WordPress/7.0.1; https://kopjanaharta.mykoperasi.coop"
66.132.186.169 - - [12/Jul/2026:14:28:57 +0000] "GET /wp-json/?_fields=name,description,home,gmt_offset,timezone_string,namespaces HTTP/1.1" 200 288 "-" "Mozilla/5.0 (compatible; CensysInspect/1.1; +https://about.censys.io/)"
209.42.27.159 - - [12/Jul/2026:15:36:06 +0000] "POST /wp-cron.php?doing_wp_cron=1783870566.7623670101165771484375 HTTP/1.1" 200 0 "-" "WordPress/7.0.1; https://kopjanaharta.mykoperasi.coop"
103.75.185.95 - - [12/Jul/2026:15:36:06 +0000] "GET /wp-login.php HTTP/2" 200 2095 "-" "Mozilla/5.0 (iPhone; CPU iPhone OS 18_0 like Mac OS X) AppleWebKit/605.1.15 (KHTML, like Gecko) CriOS/147.0.6917.0 Mobile/15E148 Safari/604.1"
103.75.185.95 - - [12/Jul/2026:15:36:07 +0000] "POST /wp-login.php HTTP/2" 200 2240 "https://kopjanaharta.mykoperasi.coop/wp-login.php" "Mozilla/5.0 (iPhone; CPU iPhone OS 18_0 like Mac OS X) AppleWebKit/605.1.15 (KHTML, like Gecko) CriOS/147.0.6917.0 Mobile/15E148 Safari/604.1"
209.42.27.159 - - [12/Jul/2026:15:42:25 +0000] "POST /wp-cron.php?doing_wp_cron=1783870945.7919309139251708984375 HTTP/1.1" 200 0 "-" "WordPress/7.0.1; https://kopjanaharta.mykoperasi.coop"
192.250.229.184 - - [12/Jul/2026:15:42:25 +0000] "GET /wp-login.php HTTP/2" 200 2095 "-" "Mozilla/5.0 (X11; Linux x86_64; rv:133.0) Gecko/20100101 Firefox/133.0"
192.250.229.184 - - [12/Jul/2026:15:42:26 +0000] "POST /wp-login.php HTTP/2" 200 2244 "https://kopjanaharta.mykoperasi.coop/wp-login.php" "Mozilla/5.0 (X11; Linux x86_64; rv:133.0) Gecko/20100101 Firefox/133.0"
209.42.27.159 - - [12/Jul/2026:16:12:06 +0000] "POST /wp-cron.php?doing_wp_cron=1783872726.1161038875579833984375 HTTP/1.1" 200 0 "-" "WordPress/7.0.1; https://kopjanaharta.mykoperasi.coop"
209.42.27.159 - - [12/Jul/2026:16:12:06 +0000] "POST /wp-cron.php?doing_wp_cron=1783872726.3387470245361328125000 HTTP/1.1" 200 0 "-" "WordPress/7.0.1; https://kopjanaharta.mykoperasi.coop"
104.210.140.130 - - [12/Jul/2026:16:12:05 +0000] "GET /robots.txt HTTP/2" 200 61 "-" "Mozilla/5.0 (Macintosh; Intel Mac OS X 10_15_7) AppleWebKit/537.36 (KHTML, like Gecko) Chrome/131.0.0.0 Safari/537.36; compatible; OAI-SearchBot/1.0; +https://openai.com/searchbot"
209.42.27.159 - - [12/Jul/2026:16:17:57 +0000] "POST /wp-cron.php?doing_wp_cron=1783873077.6989979743957519531250 HTTP/1.1" 200 0 "-" "WordPress/7.0.1; https://kopjanaharta.mykoperasi.coop"
211.21.61.225 - - [12/Jul/2026:16:17:57 +0000] "GET /wp-login.php HTTP/2" 200 2095 "-" "Mozilla/5.0 (Linux; Android 10; K) AppleWebKit/537.36 (KHTML, like Gecko) Chrome/147.0.0.0 Mobile Safari/537.36"
211.21.61.225 - - [12/Jul/2026:16:17:59 +0000] "POST /wp-login.php HTTP/2" 200 2244 "https://kopjanaharta.mykoperasi.coop/wp-login.php" "Mozilla/5.0 (Linux; Android 10; K) AppleWebKit/537.36 (KHTML, like Gecko) Chrome/147.0.0.0 Mobile Safari/537.36"
209.42.27.159 - - [12/Jul/2026:16:39:12 +0000] "POST /wp-cron.php?doing_wp_cron=1783874351.9611990451812744140625 HTTP/1.1" 200 0 "-" "WordPress/7.0.1; https://kopjanaharta.mykoperasi.coop"
213.171.208.62 - - [12/Jul/2026:16:39:11 +0000] "GET /wp-login.php HTTP/2" 200 2095 "-" "Mozilla/5.0 (X11; Linux x86_64) AppleWebKit/537.36 (KHTML, like Gecko) Chrome/147.0.0.0 Safari/537.36"
213.171.208.62 - - [12/Jul/2026:16:39:12 +0000] "POST /wp-login.php HTTP/2" 200 2244 "https://kopjanaharta.mykoperasi.coop/wp-login.php" "Mozilla/5.0 (X11; Linux x86_64) AppleWebKit/537.36 (KHTML, like Gecko) Chrome/147.0.0.0 Safari/537.36"
209.42.27.159 - - [12/Jul/2026:17:00:26 +0000] "POST /wp-cron.php?doing_wp_cron=1783875625.8402059078216552734375 HTTP/1.1" 200 0 "-" "WordPress/7.0.1; https://kopjanaharta.mykoperasi.coop"
147.135.138.90 - - [12/Jul/2026:17:00:25 +0000] "GET /wp-login.php HTTP/2" 200 2095 "-" "Mozilla/5.0 (iPhone; CPU iPhone OS 18_0 like Mac OS X) AppleWebKit/605.1.15 (KHTML, like Gecko) CriOS/145.0.6917.0 Mobile/15E148 Safari/604.1"
147.135.138.90 - - [12/Jul/2026:17:00:26 +0000] "POST /wp-login.php HTTP/2" 200 2240 "https://kopjanaharta.mykoperasi.coop/wp-login.php" "Mozilla/5.0 (iPhone; CPU iPhone OS 18_0 like Mac OS X) AppleWebKit/605.1.15 (KHTML, like Gecko) CriOS/145.0.6917.0 Mobile/15E148 Safari/604.1"
209.42.27.159 - - [12/Jul/2026:17:22:51 +0000] "POST /wp-cron.php?doing_wp_cron=1783876971.7874710559844970703125 HTTP/1.1" 200 0 "-" "WordPress/7.0.1; https://kopjanaharta.mykoperasi.coop"
160.187.68.132 - - [12/Jul/2026:17:22:51 +0000] "GET /wp-login.php HTTP/2" 200 2095 "-" "Mozilla/5.0 (X11; Linux x86_64) AppleWebKit/537.36 (KHTML, like Gecko) Chrome/145.0.0.0 Safari/537.36"
160.187.68.132 - - [12/Jul/2026:17:22:52 +0000] "POST /wp-login.php HTTP/2" 200 2244 "https://kopjanaharta.mykoperasi.coop/wp-login.php" "Mozilla/5.0 (X11; Linux x86_64) AppleWebKit/537.36 (KHTML, like Gecko) Chrome/145.0.0.0 Safari/537.36"
209.42.27.159 - - [12/Jul/2026:18:10:10 +0000] "POST /wp-cron.php?doing_wp_cron=1783879810.3576190471649169921875 HTTP/1.1" 200 0 "-" "WordPress/7.0.1; https://kopjanaharta.mykoperasi.coop"
103.75.185.95 - - [12/Jul/2026:18:10:09 +0000] "GET /wp-login.php HTTP/2" 200 2095 "-" "Mozilla/5.0 (Linux; Android 10; K) AppleWebKit/537.36 (KHTML, like Gecko) Chrome/146.0.0.0 Mobile Safari/537.36"
103.75.185.95 - - [12/Jul/2026:18:10:11 +0000] "POST /wp-login.php HTTP/2" 200 2240 "https://kopjanaharta.mykoperasi.coop/wp-login.php" "Mozilla/5.0 (Linux; Android 10; K) AppleWebKit/537.36 (KHTML, like Gecko) Chrome/146.0.0.0 Mobile Safari/537.36"
209.42.27.159 - - [12/Jul/2026:19:23:32 +0000] "POST /wp-cron.php?doing_wp_cron=1783884211.8622970581054687500000 HTTP/1.1" 200 0 "-" "WordPress/7.0.1; https://kopjanaharta.mykoperasi.coop"
143.110.183.208 - - [12/Jul/2026:19:23:31 +0000] "GET /wp-login.php HTTP/2" 200 2095 "-" "Mozilla/5.0 (iPhone; CPU iPhone OS 17_7 like Mac OS X) AppleWebKit/605.1.15 (KHTML, like Gecko) Version/17.7 Mobile/15E148 Safari/604.1"
143.110.183.208 - - [12/Jul/2026:19:23:32 +0000] "POST /wp-login.php HTTP/2" 200 2244 "https://kopjanaharta.mykoperasi.coop/wp-login.php" "Mozilla/5.0 (iPhone; CPU iPhone OS 17_7 like Mac OS X) AppleWebKit/605.1.15 (KHTML, like Gecko) Version/17.7 Mobile/15E148 Safari/604.1"
209.42.27.159 - - [12/Jul/2026:19:29:44 +0000] "POST /wp-cron.php?doing_wp_cron=1783884584.2699179649353027343750 HTTP/1.1" 200 0 "-" "WordPress/7.0.1; https://kopjanaharta.mykoperasi.coop"
134.209.96.232 - - [12/Jul/2026:19:29:43 +0000] "GET /wp-login.php HTTP/1.1" 200 2095 "https://www.bing.com/" "Mozilla/5.0 (X11; Linux x86_64) AppleWebKit/537.36 (KHTML, like Gecko) Chrome/121.0.0.0 Safari/537.36"
134.209.96.232 - - [12/Jul/2026:19:29:50 +0000] "GET /wp-login.php HTTP/1.1" 200 2095 "-" "Mozilla/5.0 (Macintosh; Intel Mac OS X 10_15_7) AppleWebKit/537.36 (KHTML, like Gecko) Chrome/119.0.0.0 Safari/537.36"
134.209.96.232 - - [12/Jul/2026:19:29:52 +0000] "GET /wp-admin/ HTTP/1.1" 302 0 "-" "Mozilla/5.0 (Macintosh; Intel Mac OS X 10_15_7) AppleWebKit/537.36 (KHTML, like Gecko) Chrome/120.0.0.0 Safari/537.36"
134.209.96.232 - - [12/Jul/2026:19:29:56 +0000] "GET /wp-login.php?redirect_to=https%3A%2F%2Fkopjanaharta.mykoperasi.coop%2Fwp-admin%2F&reauth=1 HTTP/1.1" 200 2095 "-" "Mozilla/5.0 (Macintosh; Intel Mac OS X 10_15_7) AppleWebKit/537.36 (KHTML, like Gecko) Chrome/120.0.0.0 Safari/537.36"
156.59.198.136 - - [12/Jul/2026:19:31:28 +0000] "GET /wp-content/uploads/2024/01/photo_2024-01-27_15-53-38-300x300.jpg HTTP/2" 200 10669 "https://kopjanaharta.mykoperasi.coop/alk-pengurusan-koop/" "Mozilla/5.0 (Linux; Android 5.0) AppleWebKit/537.36 (KHTML, like Gecko) Mobile Safari/537.36 (compatible; Bytespider; spider-feedback@bytedance.com)"
66.132.186.181 - - [12/Jul/2026:20:32:35 +0000] "GET / HTTP/1.1" 200 33597 "-" "Mozilla/5.0 (compatible; CensysInspect/1.1; +https://about.censys.io/)"
66.132.186.181 - - [12/Jul/2026:20:32:41 +0000] "GET /favicon.ico HTTP/1.1" 404 1251 "-" "Mozilla/5.0 (compatible; CensysInspect/1.1; +https://about.censys.io/)"
209.42.27.159 - - [12/Jul/2026:20:48:53 +0000] "POST /wp-cron.php?doing_wp_cron=1783889333.1010470390319824218750 HTTP/1.1" 200 0 "-" "WordPress/7.0.1; https://kopjanaharta.mykoperasi.coop"
199.45.154.133 - - [12/Jul/2026:20:48:52 +0000] "GET / HTTP/1.1" 200 33597 "-" "Mozilla/5.0 (compatible; CensysInspect/1.1; +https://about.censys.io/)"
199.45.154.133 - - [12/Jul/2026:20:48:58 +0000] "GET /favicon.ico HTTP/1.1" 404 1251 "-" "Mozilla/5.0 (compatible; CensysInspect/1.1; +https://about.censys.io/)"
209.42.27.159 - - [12/Jul/2026:20:49:43 +0000] "POST /wp-cron.php?doing_wp_cron=1783889383.0781500339508056640625 HTTP/1.1" 200 0 "-" "WordPress/7.0.1; https://kopjanaharta.mykoperasi.coop"
199.45.154.133 - - [12/Jul/2026:20:49:42 +0000] "GET /wp-json/?_fields=name,description,home,gmt_offset,timezone_string,namespaces HTTP/1.1" 200 288 "-" "Mozilla/5.0 (compatible; CensysInspect/1.1; +https://about.censys.io/)"
199.45.154.133 - - [12/Jul/2026:20:49:57 +0000] "GET / HTTP/1.1" 301 0 "-" "Mozilla/5.0 (compatible; CensysInspect/1.1; +https://about.censys.io/)"
209.42.27.159 - - [12/Jul/2026:20:59:09 +0000] "POST /wp-cron.php?doing_wp_cron=1783889949.6901919841766357421875 HTTP/1.1" 200 0 "-" "WordPress/7.0.1; https://kopjanaharta.mykoperasi.coop"
66.132.172.200 - - [12/Jul/2026:20:59:09 +0000] "GET / HTTP/1.1" 301 0 "-" "Mozilla/5.0 (compatible; CensysInspect/1.1; +https://about.censys.io/)"
66.132.172.200 - - [12/Jul/2026:20:59:27 +0000] "GET / HTTP/1.1" 200 33597 "-" "Mozilla/5.0 (compatible; CensysInspect/1.1; +https://about.censys.io/)"
209.42.27.159 - - [12/Jul/2026:21:01:47 +0000] "POST /wp-cron.php?doing_wp_cron=1783890107.0736401081085205078125 HTTP/1.1" 200 0 "-" "WordPress/7.0.1; https://kopjanaharta.mykoperasi.coop"
66.132.172.200 - - [12/Jul/2026:21:01:46 +0000] "GET /wp-json/?_fields=name,description,home,gmt_offset,timezone_string,namespaces HTTP/1.1" 200 288 "-" "Mozilla/5.0 (compatible; CensysInspect/1.1; +https://about.censys.io/)"
66.132.172.200 - - [12/Jul/2026:21:01:59 +0000] "GET / HTTP/1.1" 301 0 "-" "Mozilla/5.0 (compatible; CensysInspect/1.1; +https://about.censys.io/)"
74.7.175.129 - - [12/Jul/2026:21:24:09 +0000] "GET /robots.txt HTTP/2" 301 0 "-" "Mozilla/5.0 (Macintosh; Intel Mac OS X 10_15_7) AppleWebKit/537.36 (KHTML, like Gecko) Chrome/131.0.0.0 Safari/537.36; compatible; OAI-SearchBot/1.4; robots.txt; +https://openai.com/searchbot"
209.42.27.159 - - [12/Jul/2026:21:24:11 +0000] "POST /wp-cron.php?doing_wp_cron=1783891451.4050419330596923828125 HTTP/1.1" 200 0 "-" "WordPress/7.0.1; https://kopjanaharta.mykoperasi.coop"
74.7.175.129 - - [12/Jul/2026:21:24:13 +0000] "GET /robots.txt HTTP/2" 200 0 "https://www.kopjanaharta.mykoperasi.coop/robots.txt" "Mozilla/5.0 (Macintosh; Intel Mac OS X 10_15_7) AppleWebKit/537.36 (KHTML, like Gecko) Chrome/131.0.0.0 Safari/537.36; compatible; OAI-SearchBot/1.4; robots.txt; +https://openai.com/searchbot"
209.42.27.159 - - [12/Jul/2026:22:27:49 +0000] "POST /wp-cron.php?doing_wp_cron=1783895268.8783090114593505859375 HTTP/1.1" 200 0 "-" "WordPress/7.0.1; https://kopjanaharta.mykoperasi.coop"
154.61.75.100 - - [12/Jul/2026:22:27:48 +0000] "GET /wp-login.php HTTP/2" 200 2095 "-" "Mozilla/5.0 (Linux; Android 10; K) AppleWebKit/537.36 (KHTML, like Gecko) Chrome/146.0.0.0 Mobile Safari/537.36"
154.61.75.100 - - [12/Jul/2026:22:27:49 +0000] "POST /wp-login.php HTTP/2" 200 2244 "https://kopjanaharta.mykoperasi.coop/wp-login.php" "Mozilla/5.0 (Linux; Android 10; K) AppleWebKit/537.36 (KHTML, like Gecko) Chrome/146.0.0.0 Mobile Safari/537.36"
156.59.198.135 - - [12/Jul/2026:22:32:01 +0000] "GET /wp-content/uploads/2024/03/photo_2024-03-02_03-10-33-600x664.jpg HTTP/2" 200 52685 "https://kopjanaharta.mykoperasi.coop/alk-pengurusan-koop/" "Mozilla/5.0 (Linux; Android 5.0) AppleWebKit/537.36 (KHTML, like Gecko) Mobile Safari/537.36 (compatible; Bytespider; spider-feedback@bytedance.com)"
209.42.27.159 - - [12/Jul/2026:23:29:59 +0000] "POST /wp-cron.php?doing_wp_cron=1783898999.2178199291229248046875 HTTP/1.1" 200 0 "-" "WordPress/7.0.1; https://kopjanaharta.mykoperasi.coop"
45.79.123.44 - - [12/Jul/2026:23:29:58 +0000] "GET /wp-login.php HTTP/2" 200 2095 "-" "Mozilla/5.0 (Windows NT 10.0; Win64; x64) AppleWebKit/537.36 (KHTML, like Gecko) Chrome/145.0.0.0 Safari/537.36"
45.79.123.44 - - [12/Jul/2026:23:29:59 +0000] "POST /wp-login.php HTTP/2" 200 2240 "https://kopjanaharta.mykoperasi.coop/wp-login.php" "Mozilla/5.0 (Windows NT 10.0; Win64; x64) AppleWebKit/537.36 (KHTML, like Gecko) Chrome/145.0.0.0 Safari/537.36"
209.42.27.159 - - [13/Jul/2026:00:02:27 +0000] "POST /wp-cron.php?doing_wp_cron=1783900947.3050639629364013671875 HTTP/1.1" 200 0 "-" "WordPress/7.0.1; https://kopjanaharta.mykoperasi.coop"
104.43.50.80 - - [13/Jul/2026:00:02:26 +0000] "GET /wp-login.php HTTP/2" 200 2095 "-" "Mozilla/5.0 (Windows NT 10.0; Win64; x64) AppleWebKit/537.36 (KHTML, like Gecko) Chrome/148.0.0.0 Safari/537.36"
104.43.50.80 - - [13/Jul/2026:00:02:33 +0000] "POST /wp-login.php HTTP/2" 200 2243 "https://kopjanaharta.mykoperasi.coop/wp-login.php" "Mozilla/5.0 (Windows NT 10.0; Win64; x64) AppleWebKit/537.36 (KHTML, like Gecko) Chrome/148.0.0.0 Safari/537.36"
209.42.27.159 - - [13/Jul/2026:01:04:53 +0000] "POST /wp-cron.php?doing_wp_cron=1783904693.5774331092834472656250 HTTP/1.1" 200 0 "-" "WordPress/7.0.1; https://kopjanaharta.mykoperasi.coop"
134.209.96.232 - - [13/Jul/2026:01:04:52 +0000] "GET /wp-login.php HTTP/1.1" 200 2095 "-" "Mozilla/5.0 (Windows NT 10.0; Win64; x64) Gecko/20100101 Firefox/122.0"
209.42.27.159 - - [13/Jul/2026:01:04:55 +0000] "POST /wp-cron.php?doing_wp_cron=1783904695.0165030956268310546875 HTTP/1.1" 200 0 "-" "WordPress/7.0.1; https://kopjanaharta.mykoperasi.coop"
134.209.96.232 - - [13/Jul/2026:01:04:54 +0000] "GET /administrator/ HTTP/1.1" 404 24878 "-" "Mozilla/5.0 (Windows NT 10.0; Win64; x64) Gecko/20100101 Firefox/118.0.2"
209.42.27.159 - - [13/Jul/2026:01:47:29 +0000] "POST /wp-cron.php?doing_wp_cron=1783907249.3301599025726318359375 HTTP/1.1" 200 0 "-" "WordPress/7.0.1; https://kopjanaharta.mykoperasi.coop"
72.167.132.114 - - [13/Jul/2026:01:47:28 +0000] "GET /wp-login.php HTTP/2" 200 2095 "-" "Mozilla/5.0 (Macintosh; Intel Mac OS X 10_15_7) AppleWebKit/537.36 (KHTML, like Gecko) Chrome/149.0.0.0 Safari/537.36"
72.167.132.114 - - [13/Jul/2026:01:47:29 +0000] "POST /wp-login.php HTTP/2" 200 2243 "https://kopjanaharta.mykoperasi.coop/wp-login.php" "Mozilla/5.0 (Macintosh; Intel Mac OS X 10_15_7) AppleWebKit/537.36 (KHTML, like Gecko) Chrome/149.0.0.0 Safari/537.36"
94.154.43.229 - - [13/Jul/2026:02:11:31 +0000] "GET /wp-content/plugins/click-to-chat-for-whatsapp/new/inc/assets/js/app.js HTTP/1.1" 200 6020 "-" "Mozilla/5.0 (Windows NT 10.0; Win64; x64) AppleWebKit/537.36 (KHTML, like Gecko) Chrome/147.0.0.0 Safari/537.36"
94.154.43.184 - - [13/Jul/2026:02:11:31 +0000] "GET /wp-content/plugins/qi-addons-for-elementor/assets/js/main.min.js HTTP/1.1" 200 59558 "-" "Mozilla/5.0 (Windows NT 10.0; Win64; x64) AppleWebKit/537.36 (KHTML, like Gecko) Chrome/147.0.0.0 Safari/537.36"
94.154.43.187 - - [13/Jul/2026:02:11:31 +0000] "GET /wp-content/plugins/contact-form-7/includes/js/index.js HTTP/1.1" 200 9720 "-" "Mozilla/5.0 (Windows NT 10.0; Win64; x64) AppleWebKit/537.36 (KHTML, like Gecko) Chrome/147.0.0.0 Safari/537.36"