45.88.138.44 - - [13/Jul/2026:02:40:31 +0000] "GET /api/shared/.env HTTP/2" 200 0 "-" "Mozilla/5.0 (Macintosh; Intel Mac OS X 10_15_7) AppleWebKit/537.36 (KHTML, like Gecko) Chrome/130.0.0.0 Safari/537.36"
45.88.138.44 - - [13/Jul/2026:02:40:31 +0000] "GET /aws/credentials HTTP/2" 200 0 "-" "Mozilla/5.0 (X11; Linux x86_64) AppleWebKit/537.36 (KHTML, like Gecko) Chrome/124.0.0.0 Safari/537.36"
45.88.138.44 - - [13/Jul/2026:02:40:32 +0000] "GET /.vscode/sftp.json HTTP/2" 200 0 "-" "Mozilla/5.0 (iPhone; CPU iPhone OS 17_0 like Mac OS X) AppleWebKit/605.1.15 (KHTML, like Gecko) Version/17.0 Mobile/15E148 Safari/604.1"
45.88.138.44 - - [13/Jul/2026:02:40:32 +0000] "GET /Procfile HTTP/2" 200 0 "-" "Mozilla/5.0 (Windows NT 10.0; Win64; x64; rv:132.0) Gecko/20100101 Firefox/132.0"
45.88.138.44 - - [13/Jul/2026:02:40:32 +0000] "GET /Dockerfile HTTP/2" 200 0 "-" "Mozilla/5.0 (Windows NT 10.0; Win64; x64) AppleWebKit/537.36 (KHTML, like Gecko) Chrome/133.0.0.0 Safari/537.36"
45.88.138.44 - - [13/Jul/2026:02:40:32 +0000] "GET /functions/.runtimeconfig.json HTTP/2" 200 0 "-" "Mozilla/5.0 (iPhone; CPU iPhone OS 17_0 like Mac OS X) AppleWebKit/605.1.15 (KHTML, like Gecko) Version/17.0 Mobile/15E148 Safari/604.1"
45.88.138.44 - - [13/Jul/2026:02:40:32 +0000] "GET /firebase-debug.log HTTP/2" 200 0 "-" "Mozilla/5.0 (Windows NT 10.0; Win64; x64) AppleWebKit/537.36 (KHTML, like Gecko) Chrome/133.0.0.0 Safari/537.36"
45.88.138.44 - - [13/Jul/2026:02:40:32 +0000] "GET /.envrc HTTP/2" 200 0 "-" "Mozilla/5.0 (Windows NT 10.0; Win64; x64; rv:132.0) Gecko/20100101 Firefox/132.0"
45.88.138.44 - - [13/Jul/2026:02:40:32 +0000] "GET /robots.txt HTTP/2" 200 0 "-" "Mozilla/5.0 (Windows NT 10.0; Win64; x64) AppleWebKit/537.36 (KHTML, like Gecko) Chrome/131.0.0.0 Safari/537.36"
45.88.138.44 - - [13/Jul/2026:02:40:32 +0000] "GET /serverless.yml HTTP/2" 200 0 "-" "Mozilla/5.0 (Macintosh; Intel Mac OS X 10_15_7) AppleWebKit/537.36 (KHTML, like Gecko) Chrome/130.0.0.0 Safari/537.36"
45.88.138.44 - - [13/Jul/2026:02:40:32 +0000] "GET /serverless.yaml HTTP/2" 200 0 "-" "Mozilla/5.0 (X11; Linux x86_64) AppleWebKit/537.36 (KHTML, like Gecko) Chrome/124.0.0.0 Safari/537.36"
45.88.138.44 - - [13/Jul/2026:02:40:36 +0000] "GET /license.txt HTTP/2" 200 6865 "-" "Mozilla/5.0 (Windows NT 10.0; Win64; x64) AppleWebKit/537.36 (KHTML, like Gecko) Chrome/133.0.0.0 Safari/537.36"
108.130.169.7 - - [13/Jul/2026:02:40:33 +0000] "GET / HTTP/1.1" 200 32094 "-" "Mozilla/5.0 (X11; Linux x86_64) AppleWebKit/537.36 Chrome/120 Safari/537.36"
108.130.169.7 - - [13/Jul/2026:02:40:34 +0000] "GET / HTTP/1.1" 301 0 "-" "Mozilla/5.0 (X11; Linux x86_64) AppleWebKit/537.36 Chrome/120 Safari/537.36"
45.88.138.44 - - [13/Jul/2026:02:40:36 +0000] "GET /wp-login.php HTTP/2" 200 2058 "-" "Mozilla/5.0 (X11; Linux x86_64) AppleWebKit/537.36 (KHTML, like Gecko) Chrome/124.0.0.0 Safari/537.36"
45.88.138.44 - - [13/Jul/2026:02:40:36 +0000] "GET /wp-admin/install.php HTTP/2" 200 464 "-" "Mozilla/5.0 (Windows NT 10.0; Win64; x64; rv:132.0) Gecko/20100101 Firefox/132.0"
45.88.138.44 - - [13/Jul/2026:02:40:36 +0000] "GET /wp-admin/upgrade.php HTTP/2" 200 430 "-" "Mozilla/5.0 (iPhone; CPU iPhone OS 17_0 like Mac OS X) AppleWebKit/605.1.15 (KHTML, like Gecko) Version/17.0 Mobile/15E148 Safari/604.1"
45.88.138.44 - - [13/Jul/2026:02:40:36 +0000] "GET /wp-admin/import.php HTTP/2" 302 0 "-" "Mozilla/5.0 (Windows NT 10.0; Win64; x64) AppleWebKit/537.36 (KHTML, like Gecko) Chrome/133.0.0.0 Safari/537.36"
45.88.138.44 - - [13/Jul/2026:02:40:36 +0000] "GET /wp-admin/update-core.php HTTP/2" 302 0 "-" "Mozilla/5.0 (Windows NT 10.0; Win64; x64) AppleWebKit/537.36 (KHTML, like Gecko) Chrome/131.0.0.0 Safari/537.36"
45.88.138.44 - - [13/Jul/2026:02:40:36 +0000] "GET /produk-perkhidmatan/ HTTP/2" 200 27019 "-" "Mozilla/5.0 (X11; Linux x86_64) AppleWebKit/537.36 (KHTML, like Gecko) Chrome/124.0.0.0 Safari/537.36"
45.88.138.44 - - [13/Jul/2026:02:40:36 +0000] "GET /alk-pengurusan-koop/ HTTP/2" 200 27588 "-" "Mozilla/5.0 (Macintosh; Intel Mac OS X 10_15_7) AppleWebKit/537.36 (KHTML, like Gecko) Chrome/130.0.0.0 Safari/537.36"
45.88.138.44 - - [13/Jul/2026:02:40:36 +0000] "GET /lokasi-kami/ HTTP/2" 200 25565 "-" "Mozilla/5.0 (iPhone; CPU iPhone OS 17_0 like Mac OS X) AppleWebKit/605.1.15 (KHTML, like Gecko) Version/17.0 Mobile/15E148 Safari/604.1"
45.88.138.44 - - [13/Jul/2026:02:40:36 +0000] "GET /galeri-aktiviti-2/ HTTP/2" 200 27012 "-" "Mozilla/5.0 (Windows NT 10.0; Win64; x64; rv:132.0) Gecko/20100101 Firefox/132.0"
45.88.138.44 - - [13/Jul/2026:02:40:36 +0000] "GET /download-borang/ HTTP/2" 200 27494 "-" "Mozilla/5.0 (Windows NT 10.0; Win64; x64) AppleWebKit/537.36 (KHTML, like Gecko) Chrome/131.0.0.0 Safari/537.36"
209.42.27.159 - - [13/Jul/2026:02:40:40 +0000] "POST /wp-cron.php?doing_wp_cron=1783910440.2712149620056152343750 HTTP/1.1" 200 0 "-" "WordPress/7.0.1; https://kopasan.mykoperasi.coop"
209.42.27.159 - - [13/Jul/2026:02:40:41 +0000] "POST /wp-cron.php?doing_wp_cron=1783910441.1744630336761474609375 HTTP/1.1" 200 0 "-" "WordPress/7.0.1; https://kopasan.mykoperasi.coop"
209.42.27.159 - - [13/Jul/2026:02:40:42 +0000] "POST /wp-cron.php?doing_wp_cron=1783910442.5760989189147949218750 HTTP/1.1" 200 0 "-" "WordPress/7.0.1; https://kopasan.mykoperasi.coop"
209.42.27.159 - - [13/Jul/2026:02:40:43 +0000] "POST /wp-cron.php?doing_wp_cron=1783910443.2849040031433105468750 HTTP/1.1" 200 0 "-" "WordPress/7.0.1; https://kopasan.mykoperasi.coop"
209.42.27.159 - - [13/Jul/2026:02:40:43 +0000] "POST /wp-cron.php?doing_wp_cron=1783910443.3793079853057861328125 HTTP/1.1" 200 0 "-" "WordPress/7.0.1; https://kopasan.mykoperasi.coop"
45.88.138.44 - - [13/Jul/2026:02:40:52 +0000] "GET /.svn/wc.db HTTP/2" 403 1242 "-" "Mozilla/5.0 (Windows NT 10.0; Win64; x64) AppleWebKit/537.36 (KHTML, like Gecko) Chrome/133.0.0.0 Safari/537.36"
45.88.138.44 - - [13/Jul/2026:02:40:52 +0000] "GET /azure-pipelines.yml HTTP/2" 200 0 "-" "Mozilla/5.0 (Macintosh; Intel Mac OS X 10_15_7) AppleWebKit/537.36 (KHTML, like Gecko) Chrome/130.0.0.0 Safari/537.36"
45.88.138.44 - - [13/Jul/2026:02:40:52 +0000] "GET /.env.vault HTTP/2" 200 0 "-" "Mozilla/5.0 (X11; Linux x86_64) AppleWebKit/537.36 (KHTML, like Gecko) Chrome/124.0.0.0 Safari/537.36"
45.88.138.44 - - [13/Jul/2026:02:40:52 +0000] "GET /.docker/config.json HTTP/2" 200 0 "-" "Mozilla/5.0 (X11; Linux x86_64) AppleWebKit/537.36 (KHTML, like Gecko) Chrome/124.0.0.0 Safari/537.36"
45.88.138.44 - - [13/Jul/2026:02:40:52 +0000] "GET /.terraform/terraform.tfstate HTTP/2" 200 0 "-" "Mozilla/5.0 (iPhone; CPU iPhone OS 17_0 like Mac OS X) AppleWebKit/605.1.15 (KHTML, like Gecko) Version/17.0 Mobile/15E148 Safari/604.1"
45.88.138.44 - - [13/Jul/2026:02:40:52 +0000] "GET /debug/pprof HTTP/2" 200 0 "-" "Mozilla/5.0 (Windows NT 10.0; Win64; x64) AppleWebKit/537.36 (KHTML, like Gecko) Chrome/131.0.0.0 Safari/537.36"
45.88.138.44 - - [13/Jul/2026:02:40:52 +0000] "GET /netlify.toml HTTP/2" 200 0 "-" "Mozilla/5.0 (Macintosh; Intel Mac OS X 10_15_7) AppleWebKit/537.36 (KHTML, like Gecko) Chrome/130.0.0.0 Safari/537.36"
45.88.138.44 - - [13/Jul/2026:02:40:52 +0000] "GET /metrics HTTP/2" 200 0 "-" "Mozilla/5.0 (Windows NT 10.0; Win64; x64; rv:132.0) Gecko/20100101 Firefox/132.0"
45.88.138.44 - - [13/Jul/2026:02:40:52 +0000] "GET /.netlify/state.json HTTP/2" 200 0 "-" "Mozilla/5.0 (X11; Linux x86_64) AppleWebKit/537.36 (KHTML, like Gecko) Chrome/124.0.0.0 Safari/537.36"
45.88.138.44 - - [13/Jul/2026:02:40:52 +0000] "GET /.vercel/output/config.json HTTP/2" 200 0 "-" "Mozilla/5.0 (iPhone; CPU iPhone OS 17_0 like Mac OS X) AppleWebKit/605.1.15 (KHTML, like Gecko) Version/17.0 Mobile/15E148 Safari/604.1"
45.88.138.44 - - [13/Jul/2026:02:40:52 +0000] "GET /.vercel/project.json HTTP/2" 200 0 "-" "Mozilla/5.0 (Windows NT 10.0; Win64; x64) AppleWebKit/537.36 (KHTML, like Gecko) Chrome/133.0.0.0 Safari/537.36"
45.88.138.44 - - [13/Jul/2026:02:40:52 +0000] "GET /config/database.yml HTTP/2" 200 0 "-" "Mozilla/5.0 (Windows NT 10.0; Win64; x64; rv:132.0) Gecko/20100101 Firefox/132.0"
45.88.138.44 - - [13/Jul/2026:02:40:52 +0000] "GET /config/master.key HTTP/2" 200 0 "-" "Mozilla/5.0 (Windows NT 10.0; Win64; x64) AppleWebKit/537.36 (KHTML, like Gecko) Chrome/131.0.0.0 Safari/537.36"
45.88.138.44 - - [13/Jul/2026:02:40:52 +0000] "GET /config/credentials.yml.enc HTTP/2" 200 0 "-" "Mozilla/5.0 (Macintosh; Intel Mac OS X 10_15_7) AppleWebKit/537.36 (KHTML, like Gecko) Chrome/130.0.0.0 Safari/537.36"
45.88.138.44 - - [13/Jul/2026:02:40:52 +0000] "GET /.netrc HTTP/2" 200 0 "-" "Mozilla/5.0 (X11; Linux x86_64) AppleWebKit/537.36 (KHTML, like Gecko) Chrome/124.0.0.0 Safari/537.36"
45.88.138.44 - - [13/Jul/2026:02:40:52 +0000] "GET /pip.conf HTTP/2" 200 0 "-" "Mozilla/5.0 (iPhone; CPU iPhone OS 17_0 like Mac OS X) AppleWebKit/605.1.15 (KHTML, like Gecko) Version/17.0 Mobile/15E148 Safari/604.1"
45.88.138.44 - - [13/Jul/2026:02:40:52 +0000] "GET /.pip/pip.conf HTTP/2" 200 0 "-" "Mozilla/5.0 (Windows NT 10.0; Win64; x64) AppleWebKit/537.36 (KHTML, like Gecko) Chrome/133.0.0.0 Safari/537.36"
45.88.138.44 - - [13/Jul/2026:02:40:52 +0000] "GET /.pypirc HTTP/2" 200 0 "-" "Mozilla/5.0 (Windows NT 10.0; Win64; x64; rv:132.0) Gecko/20100101 Firefox/132.0"
45.88.138.44 - - [13/Jul/2026:02:40:52 +0000] "GET /.env.enc HTTP/2" 200 0 "-" "Mozilla/5.0 (Windows NT 10.0; Win64; x64) AppleWebKit/537.36 (KHTML, like Gecko) Chrome/131.0.0.0 Safari/537.36"
45.88.138.44 - - [13/Jul/2026:02:40:52 +0000] "GET /.env.encrypted HTTP/2" 200 0 "-" "Mozilla/5.0 (Macintosh; Intel Mac OS X 10_15_7) AppleWebKit/537.36 (KHTML, like Gecko) Chrome/130.0.0.0 Safari/537.36"
45.88.138.44 - - [13/Jul/2026:02:40:56 +0000] "GET /.github/workflows/deploy.yml HTTP/2" 403 1242 "-" "Mozilla/5.0 (iPhone; CPU iPhone OS 17_0 like Mac OS X) AppleWebKit/605.1.15 (KHTML, like Gecko) Version/17.0 Mobile/15E148 Safari/604.1"
45.88.138.44 - - [13/Jul/2026:02:40:56 +0000] "GET /.github/workflows/ci.yml HTTP/2" 403 1242 "-" "Mozilla/5.0 (Windows NT 10.0; Win64; x64) AppleWebKit/537.36 (KHTML, like Gecko) Chrome/133.0.0.0 Safari/537.36"
45.88.138.44 - - [13/Jul/2026:02:40:56 +0000] "GET /.github/workflows/release.yml HTTP/2" 403 1242 "-" "Mozilla/5.0 (Windows NT 10.0; Win64; x64; rv:132.0) Gecko/20100101 Firefox/132.0"
45.88.138.44 - - [13/Jul/2026:02:40:57 +0000] "GET /.gitlab-ci.yml HTTP/2" 403 1242 "-" "Mozilla/5.0 (Windows NT 10.0; Win64; x64) AppleWebKit/537.36 (KHTML, like Gecko) Chrome/131.0.0.0 Safari/537.36"
45.88.138.44 - - [13/Jul/2026:02:40:53 +0000] "GET /.env.production.enc HTTP/2" 200 0 "-" "Mozilla/5.0 (iPhone; CPU iPhone OS 17_0 like Mac OS X) AppleWebKit/605.1.15 (KHTML, like Gecko) Version/17.0 Mobile/15E148 Safari/604.1"
45.88.138.44 - - [13/Jul/2026:02:40:56 +0000] "GET /api/v1/status/config HTTP/2" 200 0 "-" "Mozilla/5.0 (Windows NT 10.0; Win64; x64) AppleWebKit/537.36 (KHTML, like Gecko) Chrome/133.0.0.0 Safari/537.36"
45.88.138.44 - - [13/Jul/2026:02:40:56 +0000] "GET /v1/kv/?recurse HTTP/2" 200 0 "-" "Mozilla/5.0 (Windows NT 10.0; Win64; x64; rv:132.0) Gecko/20100101 Firefox/132.0"
45.88.138.44 - - [13/Jul/2026:02:40:56 +0000] "GET /api/version HTTP/2" 200 0 "-" "Mozilla/5.0 (Windows NT 10.0; Win64; x64; rv:132.0) Gecko/20100101 Firefox/132.0"
45.88.138.44 - - [13/Jul/2026:02:40:56 +0000] "GET /.bash_history HTTP/2" 200 0 "-" "Mozilla/5.0 (X11; Linux x86_64) AppleWebKit/537.36 (KHTML, like Gecko) Chrome/124.0.0.0 Safari/537.36"
45.88.138.44 - - [13/Jul/2026:02:40:56 +0000] "GET /.zsh_history HTTP/2" 200 0 "-" "Mozilla/5.0 (iPhone; CPU iPhone OS 17_0 like Mac OS X) AppleWebKit/605.1.15 (KHTML, like Gecko) Version/17.0 Mobile/15E148 Safari/604.1"
45.88.138.44 - - [13/Jul/2026:02:40:56 +0000] "GET /.sh_history HTTP/2" 200 0 "-" "Mozilla/5.0 (Windows NT 10.0; Win64; x64) AppleWebKit/537.36 (KHTML, like Gecko) Chrome/133.0.0.0 Safari/537.36"
45.88.138.44 - - [13/Jul/2026:02:40:56 +0000] "GET /cloudbuild.yaml HTTP/2" 200 0 "-" "Mozilla/5.0 (Windows NT 10.0; Win64; x64; rv:132.0) Gecko/20100101 Firefox/132.0"
45.88.138.44 - - [13/Jul/2026:02:40:56 +0000] "GET /buildspec.yaml HTTP/2" 200 0 "-" "Mozilla/5.0 (X11; Linux x86_64) AppleWebKit/537.36 (KHTML, like Gecko) Chrome/124.0.0.0 Safari/537.36"
45.88.138.44 - - [13/Jul/2026:02:40:56 +0000] "GET /minio/health/live HTTP/2" 200 0 "-" "Mozilla/5.0 (Windows NT 10.0; Win64; x64) AppleWebKit/537.36 (KHTML, like Gecko) Chrome/131.0.0.0 Safari/537.36"
45.88.138.44 - - [13/Jul/2026:02:40:56 +0000] "GET /api/http/routers HTTP/2" 200 0 "-" "Mozilla/5.0 (Macintosh; Intel Mac OS X 10_15_7) AppleWebKit/537.36 (KHTML, like Gecko) Chrome/130.0.0.0 Safari/537.36"
45.88.138.44 - - [13/Jul/2026:02:40:56 +0000] "GET /debug/pprof/cmdline HTTP/2" 200 0 "-" "Mozilla/5.0 (X11; Linux x86_64) AppleWebKit/537.36 (KHTML, like Gecko) Chrome/124.0.0.0 Safari/537.36"
45.88.138.44 - - [13/Jul/2026:02:40:56 +0000] "GET /api/v1/me HTTP/2" 200 0 "-" "Mozilla/5.0 (iPhone; CPU iPhone OS 17_0 like Mac OS X) AppleWebKit/605.1.15 (KHTML, like Gecko) Version/17.0 Mobile/15E148 Safari/604.1"
45.88.138.44 - - [13/Jul/2026:02:40:56 +0000] "GET /api/users/admin/check HTTP/2" 200 0 "-" "Mozilla/5.0 (Windows NT 10.0; Win64; x64) AppleWebKit/537.36 (KHTML, like Gecko) Chrome/133.0.0.0 Safari/537.36"
45.88.138.44 - - [13/Jul/2026:02:40:56 +0000] "GET /server/info HTTP/2" 200 0 "-" "Mozilla/5.0 (Windows NT 10.0; Win64; x64) AppleWebKit/537.36 (KHTML, like Gecko) Chrome/131.0.0.0 Safari/537.36"
45.88.138.44 - - [13/Jul/2026:02:40:56 +0000] "GET /geoserver/web/ HTTP/2" 200 0 "-" "Mozilla/5.0 (Macintosh; Intel Mac OS X 10_15_7) AppleWebKit/537.36 (KHTML, like Gecko) Chrome/130.0.0.0 Safari/537.36"
45.88.138.44 - - [13/Jul/2026:02:40:56 +0000] "GET /cloudbuild.json HTTP/2" 200 0 "-" "Mozilla/5.0 (Windows NT 10.0; Win64; x64) AppleWebKit/537.36 (KHTML, like Gecko) Chrome/131.0.0.0 Safari/537.36"
45.88.138.44 - - [13/Jul/2026:02:40:56 +0000] "GET /buildspec.yml HTTP/2" 200 0 "-" "Mozilla/5.0 (Macintosh; Intel Mac OS X 10_15_7) AppleWebKit/537.36 (KHTML, like Gecko) Chrome/130.0.0.0 Safari/537.36"
45.88.138.44 - - [13/Jul/2026:02:40:57 +0000] "GET /.circleci/config.yml HTTP/2" 200 0 "-" "Mozilla/5.0 (Macintosh; Intel Mac OS X 10_15_7) AppleWebKit/537.36 (KHTML, like Gecko) Chrome/130.0.0.0 Safari/537.36"
45.88.138.44 - - [13/Jul/2026:02:40:57 +0000] "GET /bitbucket-pipelines.yml HTTP/2" 200 0 "-" "Mozilla/5.0 (iPhone; CPU iPhone OS 17_0 like Mac OS X) AppleWebKit/605.1.15 (KHTML, like Gecko) Version/17.0 Mobile/15E148 Safari/604.1"
176.65.148.30 - - [13/Jul/2026:02:35:50 +0000] "GET / HTTP/1.1" 200 32201 "-" "Mozilla/5.0 (compatible; CT-WP-Scanner/1.0; +https://example.com/bot)"
176.65.148.30 - - [13/Jul/2026:02:35:50 +0000] "GET / HTTP/1.1" 301 0 "-" "Mozilla/5.0 (compatible; CT-WP-Scanner/1.0; +https://example.com/bot)"
209.42.27.159 - - [13/Jul/2026:02:35:53 +0000] "POST /wp-cron.php?doing_wp_cron=1783910153.1896119117736816406250 HTTP/1.1" 200 0 "-" "WordPress/7.0.1; https://kopasan.mykoperasi.coop"
209.42.27.159 - - [13/Jul/2026:02:35:53 +0000] "POST /wp-cron.php?doing_wp_cron=1783910153.1894099712371826171875 HTTP/1.1" 200 0 "-" "WordPress/7.0.1; https://kopasan.mykoperasi.coop"
91.148.244.131 - - [13/Jul/2026:02:35:51 +0000] "HEAD / HTTP/1.1" 200 0 "-" "Go-http-client/1.1"
91.148.244.131 - - [13/Jul/2026:02:35:51 +0000] "POST / HTTP/1.1" 200 32131 "-" "Go-http-client/1.1"
91.148.244.131 - - [13/Jul/2026:02:35:51 +0000] "GET / HTTP/1.1" 200 32094 "-" "Go-http-client/1.1"
176.65.148.30 - - [13/Jul/2026:02:35:53 +0000] "GET / HTTP/1.1" 200 32201 "-" "Mozilla/5.0 (compatible; CT-WP-Scanner/1.0; +https://example.com/bot)"
176.65.148.30 - - [13/Jul/2026:02:35:53 +0000] "GET / HTTP/1.1" 301 0 "-" "Mozilla/5.0 (compatible; CT-WP-Scanner/1.0; +https://example.com/bot)"
209.42.27.159 - - [13/Jul/2026:02:35:56 +0000] "POST /wp-cron.php?doing_wp_cron=1783910156.2023859024047851562500 HTTP/1.1" 200 0 "-" "WordPress/7.0.1; https://kopasan.mykoperasi.coop"
47.250.40.154 - - [13/Jul/2026:02:36:13 +0000] "GET /config HTTP/1.1" 301 0 "-" "Mozilla/5.0 (Windows NT 10.0; Win64; x64) AppleWebKit/537.36 (KHTML, like Gecko) Chrome/136.0.0.0 Safari/537.36 (Silvy X Ran)"
64.227.104.105 - - [13/Jul/2026:02:36:26 +0000] "GET /.env HTTP/1.1" 301 0 "-" "Mozilla/5.0 (Windows NT 10.0; Win64; x64) AppleWebKit/537.36 (KHTML, like Gecko) Chrome/136.0.0.0 Safari/537.36 (Silvy X Ran)"
37.187.32.181 - - [13/Jul/2026:02:36:24 +0000] "GET /.env HTTP/1.1" 404 129763 "-" "Mozilla/5.0 (Windows NT 10.0; Win64; x64) AppleWebKit/537.36 (KHTML, like Gecko) Chrome/136.0.0.0 Safari/537.36 (Silvy X Ran)"
157.245.113.227 - - [13/Jul/2026:02:36:40 +0000] "GET / HTTP/1.1" 301 0 "-" "Mozilla/5.0 (l9scan/2.0.336313e27323e22343e2930323; +https://leakix.net)"
45.88.138.44 - - [13/Jul/2026:02:40:58 +0000] "GET /Jenkinsfile HTTP/2" 200 0 "-" "Mozilla/5.0 (X11; Linux x86_64) AppleWebKit/537.36 (KHTML, like Gecko) Chrome/124.0.0.0 Safari/537.36"
209.42.27.159 - - [13/Jul/2026:02:41:01 +0000] "POST /wp-cron.php?doing_wp_cron=1783910461.1657669544219970703125 HTTP/1.1" 200 0 "-" "WordPress/7.0.1; https://kopasan.mykoperasi.coop"
216.126.227.187 - - [13/Jul/2026:02:41:00 +0000] "GET / HTTP/1.1" 301 0 "-" "Mozilla/5.0"
216.126.227.187 - - [13/Jul/2026:02:41:00 +0000] "GET / HTTP/1.1" 200 131072 "-" "Mozilla/5.0"
45.88.138.44 - - [13/Jul/2026:02:41:05 +0000] "GET /download-borang/ HTTP/2" 200 0 "-" "Mozilla/5.0 (Windows NT 10.0; Win64; x64) AppleWebKit/537.36 (KHTML, like Gecko) Chrome/133.0.0.0 Safari/537.36"
209.42.27.159 - - [13/Jul/2026:02:41:17 +0000] "POST /wp-cron.php?doing_wp_cron=1783910477.8757259845733642578125 HTTP/1.1" 200 0 "-" "WordPress/7.0.1; https://kopasan.mykoperasi.coop"
45.88.138.44 - - [13/Jul/2026:02:41:11 +0000] "GET /wp-json/ HTTP/2" 200 53890 "-" "Mozilla/5.0 (Windows NT 10.0; Win64; x64) AppleWebKit/537.36 (KHTML, like Gecko) Chrome/131.0.0.0 Safari/537.36"
45.88.138.44 - - [13/Jul/2026:02:41:12 +0000] "GET /wp-json/ HTTP/2" 200 53873 "-" "Mozilla/5.0 (Windows NT 10.0; Win64; x64; rv:132.0) Gecko/20100101 Firefox/132.0"
45.88.138.44 - - [13/Jul/2026:02:41:12 +0000] "GET /wp-json/ HTTP/2" 200 53873 "-" "Mozilla/5.0 (Macintosh; Intel Mac OS X 10_15_7) AppleWebKit/537.36 (KHTML, like Gecko) Chrome/130.0.0.0 Safari/537.36"
45.88.138.44 - - [13/Jul/2026:02:41:12 +0000] "GET /wp-json/ HTTP/2" 200 53873 "-" "Mozilla/5.0 (X11; Linux x86_64) AppleWebKit/537.36 (KHTML, like Gecko) Chrome/124.0.0.0 Safari/537.36"
45.88.138.44 - - [13/Jul/2026:02:41:12 +0000] "GET /wp-content/plugins/hide-my-wp/readme.txt HTTP/2" 404 24863 "-" "Mozilla/5.0 (iPhone; CPU iPhone OS 17_0 like Mac OS X) AppleWebKit/605.1.15 (KHTML, like Gecko) Version/17.0 Mobile/15E148 Safari/604.1"
45.88.138.44 - - [13/Jul/2026:02:41:20 +0000] "GET /wp-json/ HTTP/2" 200 53890 "-" "Mozilla/5.0 (Windows NT 10.0; Win64; x64) AppleWebKit/537.36 (KHTML, like Gecko) Chrome/133.0.0.0 Safari/537.36"
45.88.138.44 - - [13/Jul/2026:02:41:22 +0000] "GET /wp-content/plugins/wp-ghost/readme.txt HTTP/2" 404 24874 "-" "Mozilla/5.0 (Windows NT 10.0; Win64; x64; rv:132.0) Gecko/20100101 Firefox/132.0"
45.88.138.44 - - [13/Jul/2026:02:41:22 +0000] "GET /wp-content/plugins/post-smtp/readme.txt HTTP/2" 404 24874 "-" "Mozilla/5.0 (Windows NT 10.0; Win64; x64) AppleWebKit/537.36 (KHTML, like Gecko) Chrome/131.0.0.0 Safari/537.36"
45.88.138.44 - - [13/Jul/2026:02:41:22 +0000] "GET /wp-content/plugins/the-events-calendar/readme.txt HTTP/2" 404 24874 "-" "Mozilla/5.0 (Macintosh; Intel Mac OS X 10_15_7) AppleWebKit/537.36 (KHTML, like Gecko) Chrome/130.0.0.0 Safari/537.36"
45.88.138.44 - - [13/Jul/2026:02:41:22 +0000] "GET /wp-content/plugins/really-simple-ssl/readme.txt HTTP/2" 404 24872 "-" "Mozilla/5.0 (X11; Linux x86_64) AppleWebKit/537.36 (KHTML, like Gecko) Chrome/124.0.0.0 Safari/537.36"
45.88.138.44 - - [13/Jul/2026:02:41:24 +0000] "GET /wp-content/plugins/acf-extended-pro/readme.txt HTTP/2" 404 24861 "-" "Mozilla/5.0 (iPhone; CPU iPhone OS 17_0 like Mac OS X) AppleWebKit/605.1.15 (KHTML, like Gecko) Version/17.0 Mobile/15E148 Safari/604.1"
45.88.138.44 - - [13/Jul/2026:02:41:29 +0000] "GET /wp-content/plugins/acf-extended/readme.txt HTTP/2" 404 24872 "-" "Mozilla/5.0 (Windows NT 10.0; Win64; x64) AppleWebKit/537.36 (KHTML, like Gecko) Chrome/133.0.0.0 Safari/537.36"
209.42.27.159 - - [13/Jul/2026:02:42:36 +0000] "POST /wp-cron.php?doing_wp_cron=1783910556.1935970783233642578125 HTTP/1.1" 200 0 "-" "WordPress/7.0.1; https://kopasan.mykoperasi.coop"
45.88.138.44 - - [13/Jul/2026:02:42:35 +0000] "GET /wp-content/plugins/gravity-smtp/readme.txt HTTP/2" 404 24874 "-" "Mozilla/5.0 (Windows NT 10.0; Win64; x64; rv:132.0) Gecko/20100101 Firefox/132.0"
209.42.27.159 - - [13/Jul/2026:02:48:10 +0000] "POST /wp-cron.php?doing_wp_cron=1783910890.6185319423675537109375 HTTP/1.1" 200 0 "-" "WordPress/7.0.1; https://kopasan.mykoperasi.coop"
193.32.248.185 - - [13/Jul/2026:02:48:09 +0000] "GET / HTTP/1.1" 200 32094 "https://kopasan.mykoperasi.coop" "Mozilla/5.0 (SS; Linux i686) AppleWebKit/537.36 (KHTML, like Gecko) Chrome/129.0.0.0 Safari/537.36"
193.32.248.185 - - [13/Jul/2026:02:48:21 +0000] "GET /comments/feed/ HTTP/1.1" 200 453 "https://kopasan.mykoperasi.coop" "Mozilla/5.0 (SS; Linux i686) AppleWebKit/537.36 (KHTML, like Gecko) Chrome/129.0.0.0 Safari/537.36"
193.32.248.185 - - [13/Jul/2026:02:48:23 +0000] "GET /feed/ HTTP/1.1" 200 569 "https://kopasan.mykoperasi.coop" "Mozilla/5.0 (SS; Linux i686) AppleWebKit/537.36 (KHTML, like Gecko) Chrome/129.0.0.0 Safari/537.36"
193.32.248.185 - - [13/Jul/2026:02:48:25 +0000] "GET /wp-content/uploads/2022/04/KOPASAN-100x100.jpg HTTP/1.1" 200 3998 "https://kopasan.mykoperasi.coop" "Mozilla/5.0 (SS; Linux i686) AppleWebKit/537.36 (KHTML, like Gecko) Chrome/129.0.0.0 Safari/537.36"
209.42.27.159 - - [13/Jul/2026:02:49:20 +0000] "POST /wp-cron.php?doing_wp_cron=1783910959.9111499786376953125000 HTTP/1.1" 200 0 "-" "WordPress/7.0.1; https://kopasan.mykoperasi.coop"
193.32.248.185 - - [13/Jul/2026:02:49:19 +0000] "GET / HTTP/1.1" 301 0 "https://www.kopasan.mykoperasi.coop" "Mozilla/5.0 (Knoppix; Linux x86_64) AppleWebKit/537.36 (KHTML, like Gecko) Chrome/135.0.0.0 Safari/537.36"
193.32.248.185 - - [13/Jul/2026:02:49:21 +0000] "GET / HTTP/1.1" 200 32094 "https://www.kopasan.mykoperasi.coop" "Mozilla/5.0 (Knoppix; Linux x86_64) AppleWebKit/537.36 (KHTML, like Gecko) Chrome/135.0.0.0 Safari/537.36"
193.32.248.185 - - [13/Jul/2026:02:49:38 +0000] "GET /comments/feed/ HTTP/1.1" 200 453 "https://www.kopasan.mykoperasi.coop" "Mozilla/5.0 (Knoppix; Linux x86_64) AppleWebKit/537.36 (KHTML, like Gecko) Chrome/135.0.0.0 Safari/537.36"
193.32.248.185 - - [13/Jul/2026:02:49:41 +0000] "GET /feed/ HTTP/1.1" 200 569 "https://www.kopasan.mykoperasi.coop" "Mozilla/5.0 (Knoppix; Linux x86_64) AppleWebKit/537.36 (KHTML, like Gecko) Chrome/135.0.0.0 Safari/537.36"
193.32.248.185 - - [13/Jul/2026:02:49:43 +0000] "GET /wp-content/uploads/2022/04/KOPASAN-100x100.jpg HTTP/1.1" 200 3998 "https://www.kopasan.mykoperasi.coop" "Mozilla/5.0 (Knoppix; Linux x86_64) AppleWebKit/537.36 (KHTML, like Gecko) Chrome/135.0.0.0 Safari/537.36"
209.42.27.159 - - [13/Jul/2026:03:03:07 +0000] "POST /wp-cron.php?doing_wp_cron=1783911787.4982140064239501953125 HTTP/1.1" 200 0 "-" "WordPress/7.0.1; https://kopasan.mykoperasi.coop"
199.45.155.88 - - [13/Jul/2026:03:03:06 +0000] "GET / HTTP/1.1" 301 0 "-" "Mozilla/5.0 (compatible; CensysInspect/1.1; +https://about.censys.io/)"
199.45.155.88 - - [13/Jul/2026:03:03:16 +0000] "GET / HTTP/1.1" 200 32094 "-" "Mozilla/5.0 (compatible; CensysInspect/1.1; +https://about.censys.io/)"
199.45.155.88 - - [13/Jul/2026:03:03:23 +0000] "GET /favicon.ico HTTP/1.1" 404 1251 "-" "Mozilla/5.0 (compatible; CensysInspect/1.1; +https://about.censys.io/)"
209.42.27.159 - - [13/Jul/2026:03:04:19 +0000] "POST /wp-cron.php?doing_wp_cron=1783911859.5000209808349609375000 HTTP/1.1" 200 0 "-" "WordPress/7.0.1; https://kopasan.mykoperasi.coop"
199.45.155.88 - - [13/Jul/2026:03:04:18 +0000] "GET /wp-json/?_fields=name,description,home,gmt_offset,timezone_string,namespaces HTTP/1.1" 200 303 "-" "Mozilla/5.0 (compatible; CensysInspect/1.1; +https://about.censys.io/)"
199.45.155.88 - - [13/Jul/2026:03:04:43 +0000] "GET / HTTP/1.1" 301 0 "-" "Mozilla/5.0 (compatible; CensysInspect/1.1; +https://about.censys.io/)"
209.42.27.159 - - [13/Jul/2026:03:05:09 +0000] "POST /wp-cron.php?doing_wp_cron=1783911909.2574870586395263671875 HTTP/1.1" 200 0 "-" "WordPress/7.0.1; https://kopasan.mykoperasi.coop"
66.132.195.37 - - [13/Jul/2026:03:05:08 +0000] "GET / HTTP/1.1" 200 32094 "-" "Mozilla/5.0 (compatible; CensysInspect/1.1; +https://about.censys.io/)"
66.132.195.37 - - [13/Jul/2026:03:05:53 +0000] "GET /wp-json/?_fields=name,description,home,gmt_offset,timezone_string,namespaces HTTP/1.1" 200 303 "-" "Mozilla/5.0 (compatible; CensysInspect/1.1; +https://about.censys.io/)"
209.42.27.159 - - [13/Jul/2026:03:06:18 +0000] "POST /wp-cron.php?doing_wp_cron=1783911978.0117099285125732421875 HTTP/1.1" 200 0 "-" "WordPress/7.0.1; https://kopasan.mykoperasi.coop"
66.132.195.37 - - [13/Jul/2026:03:06:17 +0000] "GET / HTTP/1.1" 301 0 "-" "Mozilla/5.0 (compatible; CensysInspect/1.1; +https://about.censys.io/)"
209.42.27.159 - - [13/Jul/2026:03:07:20 +0000] "POST /wp-cron.php?doing_wp_cron=1783912040.2799780368804931640625 HTTP/1.1" 200 0 "-" "WordPress/7.0.1; https://kopasan.mykoperasi.coop"
199.45.155.110 - - [13/Jul/2026:03:07:19 +0000] "GET / HTTP/1.1" 200 32094 "-" "Mozilla/5.0 (compatible; CensysInspect/1.1; +https://about.censys.io/)"
199.45.155.110 - - [13/Jul/2026:03:07:28 +0000] "GET /favicon.ico HTTP/1.1" 404 1251 "-" "Mozilla/5.0 (compatible; CensysInspect/1.1; +https://about.censys.io/)"
209.42.27.159 - - [13/Jul/2026:03:19:43 +0000] "POST /wp-cron.php?doing_wp_cron=1783912783.2821259498596191406250 HTTP/1.1" 200 0 "-" "WordPress/7.0.1; https://kopasan.mykoperasi.coop"
74.7.244.39 - - [13/Jul/2026:03:19:42 +0000] "GET /robots.txt HTTP/2" 200 61 "-" "Mozilla/5.0 (Macintosh; Intel Mac OS X 10_15_7) AppleWebKit/537.36 (KHTML, like Gecko) Chrome/131.0.0.0 Safari/537.36; compatible; OAI-SearchBot/1.4; robots.txt; +https://openai.com/searchbot"
209.42.27.159 - - [13/Jul/2026:03:19:45 +0000] "POST /wp-cron.php?doing_wp_cron=1783912785.0149569511413574218750 HTTP/1.1" 200 0 "-" "WordPress/7.0.1; https://kopasan.mykoperasi.coop"
74.7.227.163 - - [13/Jul/2026:03:19:42 +0000] "GET / HTTP/2" 200 27575 "-" "Mozilla/5.0 AppleWebKit/537.36 (KHTML, like Gecko; compatible; GPTBot/1.4; +https://openai.com/gptbot)"
74.7.227.163 - - [13/Jul/2026:03:19:48 +0000] "GET /wp-content/plugins/wp-user-avatar/assets/js/frontend.min.js?ver=3.2.9 HTTP/2" 200 2205 "https://kopasan.mykoperasi.coop/" "Mozilla/5.0 AppleWebKit/537.36 (KHTML, like Gecko; compatible; GPTBot/1.4; +https://openai.com/gptbot)"
74.7.227.163 - - [13/Jul/2026:03:19:53 +0000] "GET /produk-perkhidmatan/ HTTP/2" 200 27019 "https://kopasan.mykoperasi.coop/" "Mozilla/5.0 AppleWebKit/537.36 (KHTML, like Gecko; compatible; GPTBot/1.4; +https://openai.com/gptbot)"
74.7.227.163 - - [13/Jul/2026:03:19:55 +0000] "GET /wp-content/plugins/elementor/assets/js/webpack.runtime.min.js?ver=3.6.1 HTTP/2" 200 2049 "https://kopasan.mykoperasi.coop/" "Mozilla/5.0 AppleWebKit/537.36 (KHTML, like Gecko; compatible; GPTBot/1.4; +https://openai.com/gptbot)"
74.7.227.163 - - [13/Jul/2026:03:19:58 +0000] "GET /wp-content/plugins/elementor/assets/lib/font-awesome/css/solid.min.css?ver=5.15.3 HTTP/2" 200 286 "https://kopasan.mykoperasi.coop/" "Mozilla/5.0 AppleWebKit/537.36 (KHTML, like Gecko; compatible; GPTBot/1.4; +https://openai.com/gptbot)"
74.7.227.163 - - [13/Jul/2026:03:19:59 +0000] "GET /wp-content/plugins/elementor/assets/lib/jquery-numerator/jquery-numerator.min.js?ver=0.2.1 HTTP/2" 200 677 "https://kopasan.mykoperasi.coop/" "Mozilla/5.0 AppleWebKit/537.36 (KHTML, like Gecko; compatible; GPTBot/1.4; +https://openai.com/gptbot)"
74.7.227.163 - - [13/Jul/2026:03:20:01 +0000] "GET /wp-content/themes/astra/assets/js/minified/frontend.min.js?ver=3.7.9 HTTP/2" 200 3672 "https://kopasan.mykoperasi.coop/" "Mozilla/5.0 AppleWebKit/537.36 (KHTML, like Gecko; compatible; GPTBot/1.4; +https://openai.com/gptbot)"
74.7.227.163 - - [13/Jul/2026:03:20:02 +0000] "GET /wp-content/plugins/header-footer-elementor/inc/js/frontend.js?ver=1.6.10 HTTP/2" 200 3600 "https://kopasan.mykoperasi.coop/" "Mozilla/5.0 AppleWebKit/537.36 (KHTML, like Gecko; compatible; GPTBot/1.4; +https://openai.com/gptbot)"
74.7.227.163 - - [13/Jul/2026:03:20:04 +0000] "GET /wp-content/plugins/elementor/assets/lib/eicons/css/elementor-icons.min.css?ver=5.15.0 HTTP/2" 200 3603 "https://kopasan.mykoperasi.coop/" "Mozilla/5.0 AppleWebKit/537.36 (KHTML, like Gecko; compatible; GPTBot/1.4; +https://openai.com/gptbot)"
74.7.227.163 - - [13/Jul/2026:03:20:05 +0000] "GET /wp-content/plugins/elementor/assets/lib/animations/animations.min.css?ver=3.6.1 HTTP/2" 200 2442 "https://kopasan.mykoperasi.coop/" "Mozilla/5.0 AppleWebKit/537.36 (KHTML, like Gecko; compatible; GPTBot/1.4; +https://openai.com/gptbot)"
74.7.227.163 - - [13/Jul/2026:03:20:06 +0000] "GET /galeri-aktiviti-2/ HTTP/2" 200 27004 "https://kopasan.mykoperasi.coop/" "Mozilla/5.0 AppleWebKit/537.36 (KHTML, like Gecko; compatible; GPTBot/1.4; +https://openai.com/gptbot)"
74.7.227.163 - - [13/Jul/2026:03:20:07 +0000] "GET /feed/ HTTP/2" 200 520 "https://kopasan.mykoperasi.coop/" "Mozilla/5.0 AppleWebKit/537.36 (KHTML, like Gecko; compatible; GPTBot/1.4; +https://openai.com/gptbot)"
74.7.227.163 - - [13/Jul/2026:03:20:08 +0000] "GET /download-borang/ HTTP/2" 200 27494 "https://kopasan.mykoperasi.coop/" "Mozilla/5.0 AppleWebKit/537.36 (KHTML, like Gecko; compatible; GPTBot/1.4; +https://openai.com/gptbot)"
74.7.227.163 - - [13/Jul/2026:03:20:10 +0000] "GET /?p=2382 HTTP/2" 301 0 "https://kopasan.mykoperasi.coop/produk-perkhidmatan/" "Mozilla/5.0 AppleWebKit/537.36 (KHTML, like Gecko; compatible; GPTBot/1.4; +https://openai.com/gptbot)"
74.7.227.163 - - [13/Jul/2026:03:20:10 +0000] "GET /comments/feed/ HTTP/2" 200 408 "https://kopasan.mykoperasi.coop/" "Mozilla/5.0 AppleWebKit/537.36 (KHTML, like Gecko; compatible; GPTBot/1.4; +https://openai.com/gptbot)"
74.7.227.163 - - [13/Jul/2026:03:20:11 +0000] "GET /wp-json/wp/v2/pages/1366 HTTP/2" 200 3890 "https://kopasan.mykoperasi.coop/" "Mozilla/5.0 AppleWebKit/537.36 (KHTML, like Gecko; compatible; GPTBot/1.4; +https://openai.com/gptbot)"
74.7.227.163 - - [13/Jul/2026:03:20:12 +0000] "GET /wp-json/oembed/1.0/embed?url=https%3A%2F%2Fkopasan.mykoperasi.coop%2F HTTP/2" 200 1048 "https://kopasan.mykoperasi.coop/" "Mozilla/5.0 AppleWebKit/537.36 (KHTML, like Gecko; compatible; GPTBot/1.4; +https://openai.com/gptbot)"
74.7.227.163 - - [13/Jul/2026:03:20:13 +0000] "GET /wp-content/plugins/click-to-chat-for-whatsapp/new/inc/assets/js/app.js?ver=3.12.1 HTTP/2" 200 1868 "https://kopasan.mykoperasi.coop/" "Mozilla/5.0 AppleWebKit/537.36 (KHTML, like Gecko; compatible; GPTBot/1.4; +https://openai.com/gptbot)"
74.7.227.163 - - [13/Jul/2026:03:20:14 +0000] "GET /wp-includes/js/jquery/jquery.min.js?ver=3.7.1 HTTP/2" 200 29744 "https://kopasan.mykoperasi.coop/" "Mozilla/5.0 AppleWebKit/537.36 (KHTML, like Gecko; compatible; GPTBot/1.4; +https://openai.com/gptbot)"
74.7.227.163 - - [13/Jul/2026:03:20:14 +0000] "GET /wp-includes/js/jquery/jquery-migrate.min.js?ver=3.4.1 HTTP/2" 200 4678 "https://kopasan.mykoperasi.coop/" "Mozilla/5.0 AppleWebKit/537.36 (KHTML, like Gecko; compatible; GPTBot/1.4; +https://openai.com/gptbot)"
74.7.227.163 - - [13/Jul/2026:03:20:15 +0000] "GET /wp-includes/js/jquery/ui/core.min.js?ver=1.13.3 HTTP/2" 200 6812 "https://kopasan.mykoperasi.coop/" "Mozilla/5.0 AppleWebKit/537.36 (KHTML, like Gecko; compatible; GPTBot/1.4; +https://openai.com/gptbot)"
74.7.227.163 - - [13/Jul/2026:03:20:16 +0000] "GET /?p=2357 HTTP/2" 301 0 "https://kopasan.mykoperasi.coop/galeri-aktiviti-2/" "Mozilla/5.0 AppleWebKit/537.36 (KHTML, like Gecko; compatible; GPTBot/1.4; +https://openai.com/gptbot)"
74.7.227.163 - - [13/Jul/2026:03:20:16 +0000] "GET /wp-content/plugins/woocommerce/assets/js/jquery-blockui/jquery.blockUI.min.js?ver=2.7.0-wc.6.3.2 HTTP/2" 200 3245 "https://kopasan.mykoperasi.coop/" "Mozilla/5.0 AppleWebKit/537.36 (KHTML, like Gecko; compatible; GPTBot/1.4; +https://openai.com/gptbot)"
74.7.227.163 - - [13/Jul/2026:03:20:17 +0000] "GET /?p=2370 HTTP/2" 301 0 "https://kopasan.mykoperasi.coop/download-borang/" "Mozilla/5.0 AppleWebKit/537.36 (KHTML, like Gecko; compatible; GPTBot/1.4; +https://openai.com/gptbot)"
74.7.227.163 - - [13/Jul/2026:03:20:18 +0000] "GET /wp-content/plugins/elementor/assets/js/frontend.min.js?ver=3.6.1 HTTP/2" 200 10629 "https://kopasan.mykoperasi.coop/" "Mozilla/5.0 AppleWebKit/537.36 (KHTML, like Gecko; compatible; GPTBot/1.4; +https://openai.com/gptbot)"
74.7.227.163 - - [13/Jul/2026:03:20:18 +0000] "GET /wp-includes/js/dist/vendor/wp-polyfill.min.js?ver=3.15.0 HTTP/2" 200 11581 "https://kopasan.mykoperasi.coop/" "Mozilla/5.0 AppleWebKit/537.36 (KHTML, like Gecko; compatible; GPTBot/1.4; +https://openai.com/gptbot)"
74.7.227.163 - - [13/Jul/2026:03:20:19 +0000] "GET /wp-json/oembed/1.0/embed?format=xml&url=https%3A%2F%2Fkopasan.mykoperasi.coop%2F HTTP/2" 200 1076 "https://kopasan.mykoperasi.coop/" "Mozilla/5.0 AppleWebKit/537.36 (KHTML, like Gecko; compatible; GPTBot/1.4; +https://openai.com/gptbot)"
74.7.227.163 - - [13/Jul/2026:03:20:20 +0000] "GET /wp-content/plugins/elementor/assets/js/frontend-modules.min.js?ver=3.6.1 HTTP/2" 200 4448 "https://kopasan.mykoperasi.coop/" "Mozilla/5.0 AppleWebKit/537.36 (KHTML, like Gecko; compatible; GPTBot/1.4; +https://openai.com/gptbot)"
74.7.227.163 - - [13/Jul/2026:03:20:20 +0000] "GET /wp-content/plugins/woocommerce/assets/js/js-cookie/js.cookie.min.js?ver=2.1.4-wc.6.3.2 HTTP/2" 200 899 "https://kopasan.mykoperasi.coop/" "Mozilla/5.0 AppleWebKit/537.36 (KHTML, like Gecko; compatible; GPTBot/1.4; +https://openai.com/gptbot)"
74.7.227.163 - - [13/Jul/2026:03:20:21 +0000] "GET /wp-content/plugins/woocommerce/assets/js/frontend/add-to-cart.min.js?ver=6.3.2 HTTP/2" 200 970 "https://kopasan.mykoperasi.coop/" "Mozilla/5.0 AppleWebKit/537.36 (KHTML, like Gecko; compatible; GPTBot/1.4; +https://openai.com/gptbot)"
74.7.227.163 - - [13/Jul/2026:03:20:21 +0000] "GET /wp-content/plugins/woocommerce/assets/js/frontend/woocommerce.min.js?ver=6.3.2 HTTP/2" 200 677 "https://kopasan.mykoperasi.coop/" "Mozilla/5.0 AppleWebKit/537.36 (KHTML, like Gecko; compatible; GPTBot/1.4; +https://openai.com/gptbot)"
74.7.227.163 - - [13/Jul/2026:03:20:22 +0000] "GET /wp-content/plugins/woocommerce/assets/js/frontend/cart-fragments.min.js?ver=6.3.2 HTTP/2" 200 934 "https://kopasan.mykoperasi.coop/" "Mozilla/5.0 AppleWebKit/537.36 (KHTML, like Gecko; compatible; GPTBot/1.4; +https://openai.com/gptbot)"
74.7.227.163 - - [13/Jul/2026:03:20:22 +0000] "GET /wp-content/plugins/contact-form-7/includes/js/index.js?ver=5.5.6 HTTP/2" 200 3050 "https://kopasan.mykoperasi.coop/" "Mozilla/5.0 AppleWebKit/537.36 (KHTML, like Gecko; compatible; GPTBot/1.4; +https://openai.com/gptbot)"
74.7.227.163 - - [13/Jul/2026:03:20:23 +0000] "GET /wp-content/plugins/elementor/assets/lib/waypoints/waypoints.min.js?ver=4.0.2 HTTP/2" 200 2867 "https://kopasan.mykoperasi.coop/" "Mozilla/5.0 AppleWebKit/537.36 (KHTML, like Gecko; compatible; GPTBot/1.4; +https://openai.com/gptbot)"
74.7.227.163 - - [13/Jul/2026:03:20:23 +0000] "GET /wp-content/themes/astra/assets/css/minified/main.min.css?ver=3.7.9 HTTP/2" 200 7892 "https://kopasan.mykoperasi.coop/" "Mozilla/5.0 AppleWebKit/537.36 (KHTML, like Gecko; compatible; GPTBot/1.4; +https://openai.com/gptbot)"
74.7.227.163 - - [13/Jul/2026:03:20:24 +0000] "GET /wp-content/plugins/wp-user-avatar/assets/flatpickr/flatpickr.min.css?ver=3.2.9 HTTP/2" 200 2810 "https://kopasan.mykoperasi.coop/" "Mozilla/5.0 AppleWebKit/537.36 (KHTML, like Gecko; compatible; GPTBot/1.4; +https://openai.com/gptbot)"
74.7.227.163 - - [13/Jul/2026:03:20:24 +0000] "GET /wp-content/plugins/elementor/assets/lib/font-awesome/css/fontawesome.min.css?ver=5.15.3 HTTP/2" 200 12133 "https://kopasan.mykoperasi.coop/" "Mozilla/5.0 AppleWebKit/537.36 (KHTML, like Gecko; compatible; GPTBot/1.4; +https://openai.com/gptbot)"
74.7.227.163 - - [13/Jul/2026:03:20:25 +0000] "GET /wp-content/plugins/elementor/assets/lib/font-awesome/css/brands.min.css?ver=5.15.3 HTTP/2" 200 284 "https://kopasan.mykoperasi.coop/" "Mozilla/5.0 AppleWebKit/537.36 (KHTML, like Gecko; compatible; GPTBot/1.4; +https://openai.com/gptbot)"
74.7.227.163 - - [13/Jul/2026:03:20:25 +0000] "GET /wp-content/plugins/elementor/assets/lib/font-awesome/css/regular.min.css?ver=5.15.3 HTTP/2" 200 283 "https://kopasan.mykoperasi.coop/" "Mozilla/5.0 AppleWebKit/537.36 (KHTML, like Gecko; compatible; GPTBot/1.4; +https://openai.com/gptbot)"
74.7.227.163 - - [13/Jul/2026:03:20:26 +0000] "GET /wp-content/plugins/elementor/assets/css/frontend-lite.min.css?ver=3.6.1 HTTP/2" 200 12889 "https://kopasan.mykoperasi.coop/" "Mozilla/5.0 AppleWebKit/537.36 (KHTML, like Gecko; compatible; GPTBot/1.4; +https://openai.com/gptbot)"
74.7.227.163 - - [13/Jul/2026:03:20:26 +0000] "GET /wp-content/themes/astra/assets/css/minified/compatibility/contact-form-7-main.min.css?ver=3.7.9 HTTP/2" 200 334 "https://kopasan.mykoperasi.coop/" "Mozilla/5.0 AppleWebKit/537.36 (KHTML, like Gecko; compatible; GPTBot/1.4; +https://openai.com/gptbot)"
74.7.227.163 - - [13/Jul/2026:03:20:27 +0000] "GET /wp-content/plugins/contact-form-7/includes/css/styles.css?ver=5.5.6 HTTP/2" 200 848 "https://kopasan.mykoperasi.coop/" "Mozilla/5.0 AppleWebKit/537.36 (KHTML, like Gecko; compatible; GPTBot/1.4; +https://openai.com/gptbot)"
74.7.227.163 - - [13/Jul/2026:03:20:27 +0000] "GET /wp-content/plugins/wp-user-avatar/assets/css/frontend.min.css?ver=3.2.9 HTTP/2" 200 9516 "https://kopasan.mykoperasi.coop/" "Mozilla/5.0 AppleWebKit/537.36 (KHTML, like Gecko; compatible; GPTBot/1.4; +https://openai.com/gptbot)"
74.7.227.163 - - [13/Jul/2026:03:20:28 +0000] "GET /wp-content/plugins/header-footer-elementor/inc/widgets-css/frontend.css?ver=1.6.10 HTTP/2" 200 7374 "https://kopasan.mykoperasi.coop/" "Mozilla/5.0 AppleWebKit/537.36 (KHTML, like Gecko; compatible; GPTBot/1.4; +https://openai.com/gptbot)"
74.7.227.163 - - [13/Jul/2026:03:20:28 +0000] "GET /wp-content/themes/astra/assets/css/minified/compatibility/woocommerce/woocommerce-grid.min.css?ver=3.7.9 HTTP/2" 200 13714 "https://kopasan.mykoperasi.coop/" "Mozilla/5.0 AppleWebKit/537.36 (KHTML, like Gecko; compatible; GPTBot/1.4; +https://openai.com/gptbot)"
74.7.227.163 - - [13/Jul/2026:03:20:29 +0000] "GET /wp-content/themes/astra/assets/css/minified/compatibility/woocommerce/woocommerce-layout-grid.min.css?ver=3.7.9 HTTP/2" 200 1701 "https://kopasan.mykoperasi.coop/" "Mozilla/5.0 AppleWebKit/537.36 (KHTML, like Gecko; compatible; GPTBot/1.4; +https://openai.com/gptbot)"
74.7.227.163 - - [13/Jul/2026:03:20:30 +0000] "GET /wp-content/themes/astra/assets/css/minified/compatibility/woocommerce/woocommerce-smallscreen-grid.min.css?ver=3.7.9 HTTP/2" 200 766 "https://kopasan.mykoperasi.coop/" "Mozilla/5.0 AppleWebKit/537.36 (KHTML, like Gecko; compatible; GPTBot/1.4; +https://openai.com/gptbot)"
74.7.227.163 - - [13/Jul/2026:03:20:30 +0000] "GET /wp-content/plugins/header-footer-elementor/assets/css/header-footer-elementor.css?ver=1.6.10 HTTP/2" 200 259 "https://kopasan.mykoperasi.coop/" "Mozilla/5.0 AppleWebKit/537.36 (KHTML, like Gecko; compatible; GPTBot/1.4; +https://openai.com/gptbot)"
74.7.227.163 - - [13/Jul/2026:03:20:31 +0000] "GET /wp-content/uploads/elementor/css/global.css?ver=1700881739 HTTP/2" 200 1291 "https://kopasan.mykoperasi.coop/" "Mozilla/5.0 AppleWebKit/537.36 (KHTML, like Gecko; compatible; GPTBot/1.4; +https://openai.com/gptbot)"
74.7.227.163 - - [13/Jul/2026:03:20:31 +0000] "GET /wp-content/uploads/elementor/css/post-1366.css?ver=1700904564 HTTP/2" 200 1079 "https://kopasan.mykoperasi.coop/" "Mozilla/5.0 AppleWebKit/537.36 (KHTML, like Gecko; compatible; GPTBot/1.4; +https://openai.com/gptbot)"
74.7.227.163 - - [13/Jul/2026:03:20:32 +0000] "GET /wp-content/uploads/elementor/css/post-1336.css?ver=1753190054 HTTP/2" 200 1143 "https://kopasan.mykoperasi.coop/" "Mozilla/5.0 AppleWebKit/537.36 (KHTML, like Gecko; compatible; GPTBot/1.4; +https://openai.com/gptbot)"
74.7.227.163 - - [13/Jul/2026:03:20:32 +0000] "GET /wp-content/uploads/elementor/css/post-1565.css?ver=1700901154 HTTP/2" 200 1083 "https://kopasan.mykoperasi.coop/" "Mozilla/5.0 AppleWebKit/537.36 (KHTML, like Gecko; compatible; GPTBot/1.4; +https://openai.com/gptbot)"
74.7.227.163 - - [13/Jul/2026:03:20:33 +0000] "GET /wp-content/uploads/elementor/css/post-1314.css?ver=1700881739 HTTP/2" 200 338 "https://kopasan.mykoperasi.coop/" "Mozilla/5.0 AppleWebKit/537.36 (KHTML, like Gecko; compatible; GPTBot/1.4; +https://openai.com/gptbot)"
209.42.27.159 - - [13/Jul/2026:03:20:45 +0000] "POST /wp-cron.php?doing_wp_cron=1783912845.2012410163879394531250 HTTP/1.1" 200 0 "-" "WordPress/7.0.1; https://kopasan.mykoperasi.coop"
74.7.241.159 - - [13/Jul/2026:03:20:44 +0000] "GET /robots.txt HTTP/2" 301 0 "-" "Mozilla/5.0 (Macintosh; Intel Mac OS X 10_15_7) AppleWebKit/537.36 (KHTML, like Gecko) Chrome/131.0.0.0 Safari/537.36; compatible; OAI-SearchBot/1.4; robots.txt; +https://openai.com/searchbot"
74.7.241.159 - - [13/Jul/2026:03:20:46 +0000] "GET /robots.txt HTTP/2" 200 61 "https://www.kopasan.mykoperasi.coop/robots.txt" "Mozilla/5.0 (Macintosh; Intel Mac OS X 10_15_7) AppleWebKit/537.36 (KHTML, like Gecko) Chrome/131.0.0.0 Safari/537.36; compatible; OAI-SearchBot/1.4; robots.txt; +https://openai.com/searchbot"
209.42.27.159 - - [13/Jul/2026:03:22:20 +0000] "POST /wp-cron.php?doing_wp_cron=1783912940.2479999065399169921875 HTTP/1.1" 200 0 "-" "WordPress/7.0.1; https://kopasan.mykoperasi.coop"
143.244.47.86 - - [13/Jul/2026:03:22:19 +0000] "HEAD / HTTP/1.1" 200 0 "-" "Mozilla/5.0 (Windows NT 10.0; Win64; x64) AppleWebKit/537.36 (KHTML, like Gecko) Chrome/58.0.3029.110 Safari/537.3"