HEX
Server: LiteSpeed
System: Linux s17246.sgp1.stableserver.net 5.14.0-611.45.1.el9_7.x86_64 #1 SMP PREEMPT_DYNAMIC Wed Apr 1 05:56:53 EDT 2026 x86_64
User: mykopera (1210)
PHP: 8.2.31
Disabled: NONE
Upload Files
File: /home/mykopera/access-logs/kopasan.mykoperasi.coop-ssl_log
74.7.244.39 - - [12/Jul/2026:13:02:20 +0000] "GET /robots.txt HTTP/2" 200 0 "-" "Mozilla/5.0 (Macintosh; Intel Mac OS X 10_15_7) AppleWebKit/537.36 (KHTML, like Gecko) Chrome/131.0.0.0 Safari/537.36; compatible; OAI-SearchBot/1.4; robots.txt; +https://openai.com/searchbot"
195.96.139.205 - - [12/Jul/2026:13:09:34 +0000] "GET / HTTP/1.1" 200 32092 "http://www.kopasan.mykoperasi.coop" "Mozilla/5.0 (compatible; InternetMeasurement/1.0; +https://internet-measurement.com/)"
195.96.139.21 - - [12/Jul/2026:13:09:35 +0000] "GET /wp-content/uploads/2022/04/KOPASAN-300x300.jpg HTTP/2" 200 15953 "-" "Mozilla/5.0 (compatible; InternetMeasurement/1.0; +https://internet-measurement.com/)"
185.247.137.100 - - [12/Jul/2026:13:09:36 +0000] "GET /wp-content/uploads/2022/04/KOPASAN-100x100.jpg HTTP/2" 200 3998 "-" "Mozilla/5.0 (compatible; InternetMeasurement/1.0; +https://internet-measurement.com/)"
87.236.176.72 - - [12/Jul/2026:13:09:36 +0000] "GET /favicon.ico HTTP/2" 404 1251 "-" "Mozilla/5.0 (compatible; InternetMeasurement/1.0; +https://internet-measurement.com/)"
64.227.99.138 - - [12/Jul/2026:13:09:37 +0000] "GET /favicon.ico HTTP/2" 404 1251 "-" "Mozilla/5.0 (compatible; InternetMeasurement/1.0; +https://internet-measurement.com/)"
209.42.27.159 - - [12/Jul/2026:13:16:37 +0000] "POST /wp-cron.php?doing_wp_cron=1783862197.0180039405822753906250 HTTP/1.1" 200 0 "-" "WordPress/7.0.1; https://kopasan.mykoperasi.coop"
40.77.167.7 - - [12/Jul/2026:13:16:36 +0000] "GET / HTTP/2" 200 27575 "-" "Mozilla/5.0 AppleWebKit/537.36 (KHTML, like Gecko; compatible; bingbot/2.0; +http://www.bing.com/bingbot.htm) Chrome/116.0.1938.76 Safari/537.36"
146.190.83.166 - - [12/Jul/2026:13:37:38 +0000] "GET //xmlrpc.php?rsd HTTP/1.1" 403 1242 "-" "Mozilla/5.0 (Windows NT 10.0; Win64; x64) AppleWebKit/537.36 (KHTML, like Gecko) Chrome/131.0.0.0 Safari/537.36"
146.190.83.166 - - [12/Jul/2026:13:37:38 +0000] "GET //blog/robots.txt HTTP/1.1" 301 0 "-" "Mozilla/5.0 (Windows NT 10.0; Win64; x64) AppleWebKit/537.36 (KHTML, like Gecko) Chrome/131.0.0.0 Safari/537.36"
146.190.83.166 - - [12/Jul/2026:13:37:39 +0000] "GET //blog/ HTTP/1.1" 301 0 "-" "Mozilla/5.0 (Windows NT 10.0; Win64; x64) AppleWebKit/537.36 (KHTML, like Gecko) Chrome/131.0.0.0 Safari/537.36"
146.190.83.166 - - [12/Jul/2026:13:37:40 +0000] "GET //wordpress/ HTTP/1.1" 301 0 "-" "Mozilla/5.0 (Windows NT 10.0; Win64; x64) AppleWebKit/537.36 (KHTML, like Gecko) Chrome/131.0.0.0 Safari/537.36"
146.190.83.166 - - [12/Jul/2026:13:37:41 +0000] "GET //wp/ HTTP/1.1" 301 0 "-" "Mozilla/5.0 (Windows NT 10.0; Win64; x64) AppleWebKit/537.36 (KHTML, like Gecko) Chrome/131.0.0.0 Safari/537.36"
136.107.107.53 - - [12/Jul/2026:14:04:26 +0000] "GET / HTTP/2" 200 32092 "http://kopasan.mykoperasi.coop" "Mozilla/5.0 (compatible; CMS-Checker/1.0; +https://example.com)"
209.42.27.159 - - [12/Jul/2026:14:20:49 +0000] "POST /wp-cron.php?doing_wp_cron=1783866049.6335051059722900390625 HTTP/1.1" 200 0 "-" "WordPress/7.0.1; https://kopasan.mykoperasi.coop"
209.42.27.159 - - [12/Jul/2026:14:20:50 +0000] "POST /wp-cron.php?doing_wp_cron=1783866049.9878170490264892578125 HTTP/1.1" 200 0 "-" "WordPress/7.0.1; https://kopasan.mykoperasi.coop"
40.77.167.126 - - [12/Jul/2026:14:20:49 +0000] "GET /galeri-aktiviti-2/ HTTP/2" 200 26983 "-" "Mozilla/5.0 AppleWebKit/537.36 (KHTML, like Gecko; compatible; bingbot/2.0; +http://www.bing.com/bingbot.htm) Chrome/116.0.1938.76 Safari/537.36"
209.42.27.159 - - [12/Jul/2026:14:28:23 +0000] "POST /wp-cron.php?doing_wp_cron=1783866503.5414319038391113281250 HTTP/1.1" 200 0 "-" "WordPress/7.0.1; https://kopasan.mykoperasi.coop"
23.95.96.140 - - [12/Jul/2026:14:28:22 +0000] "GET / HTTP/1.1" 200 32092 "-" "Mozilla/5.0 (Macintosh; Intel Mac OS X 10_15_7) AppleWebKit/605.1.15 (KHTML, like Gecko) Version/16.2 Safari/605.1.15"
23.95.96.140 - - [12/Jul/2026:14:29:04 +0000] "GET /wp-content/uploads/2022/04/KOPASAN-300x300.jpg HTTP/1.1" 200 15953 "-" "Mozilla/5.0 (Macintosh; Intel Mac OS X 10_15_7) AppleWebKit/605.1.15 (KHTML, like Gecko) Version/16.2 Safari/605.1.15"
209.42.27.159 - - [12/Jul/2026:14:37:17 +0000] "POST /wp-cron.php?doing_wp_cron=1783867037.4514100551605224609375 HTTP/1.1" 200 0 "-" "WordPress/7.0.1; https://kopasan.mykoperasi.coop"
47.128.48.88 - - [12/Jul/2026:14:37:16 +0000] "GET /robots.txt HTTP/1.1" 200 70 "-" "Mozilla/5.0 (Linux; Android 5.0) AppleWebKit/537.36 (KHTML, like Gecko) Mobile Safari/537.36 (compatible; Bytespider; spider-feedback@bytedance.com)"
136.107.107.53 - - [12/Jul/2026:14:55:04 +0000] "GET / HTTP/1.1" 200 148523 "-" "Mozilla/5.0 (Windows NT 10.0; Win64; x64) AppleWebKit/537.36 (KHTML, like Gecko) Chrome/78.0.3904.108 Safari/537.36"
136.107.107.53 - - [12/Jul/2026:14:55:06 +0000] "GET //wp-includes/wlwmanifest.xml HTTP/1.1" 301 0 "-" "Mozilla/5.0 (Windows NT 10.0; Win64; x64) AppleWebKit/537.36 (KHTML, like Gecko) Chrome/78.0.3904.108 Safari/537.36"
136.107.107.53 - - [12/Jul/2026:14:55:06 +0000] "GET //xmlrpc.php?rsd HTTP/1.1" 403 1242 "-" "Mozilla/5.0 (Windows NT 10.0; Win64; x64) AppleWebKit/537.36 (KHTML, like Gecko) Chrome/78.0.3904.108 Safari/537.36"
136.107.107.53 - - [12/Jul/2026:14:55:07 +0000] "GET / HTTP/1.1" 200 148523 "-" "Mozilla/5.0 (Windows NT 10.0; Win64; x64) AppleWebKit/537.36 (KHTML, like Gecko) Chrome/78.0.3904.108 Safari/537.36"
136.107.107.53 - - [12/Jul/2026:14:55:08 +0000] "GET //?author=1 HTTP/1.1" 301 0 "-" "Mozilla/5.0 (Windows NT 10.0; Win64; x64) AppleWebKit/537.36 (KHTML, like Gecko) Chrome/78.0.3904.108 Safari/537.36"
136.107.107.53 - - [12/Jul/2026:14:55:09 +0000] "GET //?author=2 HTTP/1.1" 301 0 "-" "Mozilla/5.0 (Windows NT 10.0; Win64; x64) AppleWebKit/537.36 (KHTML, like Gecko) Chrome/78.0.3904.108 Safari/537.36"
136.107.107.53 - - [12/Jul/2026:14:55:10 +0000] "GET //wp-json/wp/v2/users/ HTTP/1.1" 200 3975 "-" "Mozilla/5.0 (Windows NT 10.0; Win64; x64) AppleWebKit/537.36 (KHTML, like Gecko) Chrome/78.0.3904.108 Safari/537.36"
136.107.107.53 - - [12/Jul/2026:14:55:11 +0000] "POST //xmlrpc.php HTTP/1.1" 403 1242 "-" "Mozilla/5.0 (Windows NT 10.0; Win64; x64) AppleWebKit/537.36 (KHTML, like Gecko) Chrome/78.0.3904.108 Safari/537.36"
136.107.107.53 - - [12/Jul/2026:14:55:11 +0000] "POST //xmlrpc.php HTTP/1.1" 403 1242 "-" "Mozilla/5.0 (Windows NT 10.0; Win64; x64) AppleWebKit/537.36 (KHTML, like Gecko) Chrome/78.0.3904.108 Safari/537.36"
136.107.107.53 - - [12/Jul/2026:14:55:11 +0000] "POST //xmlrpc.php HTTP/1.1" 403 1242 "-" "Mozilla/5.0 (Windows NT 10.0; Win64; x64) AppleWebKit/537.36 (KHTML, like Gecko) Chrome/78.0.3904.108 Safari/537.36"
209.42.27.159 - - [12/Jul/2026:15:17:19 +0000] "POST /wp-cron.php?doing_wp_cron=1783869439.4397609233856201171875 HTTP/1.1" 200 0 "-" "WordPress/7.0.1; https://kopasan.mykoperasi.coop"
66.249.66.4 - - [12/Jul/2026:15:17:18 +0000] "GET /robots.txt HTTP/1.1" 200 61 "-" "Mozilla/5.0 (compatible; Googlebot/2.1; +http://www.google.com/bot.html)"
34.24.77.103 - - [12/Jul/2026:15:56:10 +0000] "GET / HTTP/2" 200 32092 "http://www.kopasan.mykoperasi.coop" "Mozilla/5.0 (compatible; CMS-Checker/1.0; +https://example.com)"
198.235.24.57 - - [12/Jul/2026:16:39:48 +0000] "GET / HTTP/1.1" 200 148523 "http://kopasan.mykoperasi.coop/" "Hello from Palo Alto Networks, find out more about our scans in https://docs-cortex.paloaltonetworks.com/r/1/Cortex-Xpanse/Scanning-activity"
34.24.77.103 - - [12/Jul/2026:16:51:45 +0000] "GET / HTTP/1.1" 200 148523 "-" "Mozilla/5.0 (Windows NT 10.0; Win64; x64) AppleWebKit/537.36 (KHTML, like Gecko) Chrome/78.0.3904.108 Safari/537.36"
34.24.77.103 - - [12/Jul/2026:16:51:47 +0000] "GET //wp-includes/wlwmanifest.xml HTTP/1.1" 301 0 "-" "Mozilla/5.0 (Windows NT 10.0; Win64; x64) AppleWebKit/537.36 (KHTML, like Gecko) Chrome/78.0.3904.108 Safari/537.36"
34.24.77.103 - - [12/Jul/2026:16:51:47 +0000] "GET //xmlrpc.php?rsd HTTP/1.1" 403 1242 "-" "Mozilla/5.0 (Windows NT 10.0; Win64; x64) AppleWebKit/537.36 (KHTML, like Gecko) Chrome/78.0.3904.108 Safari/537.36"
34.24.77.103 - - [12/Jul/2026:16:51:48 +0000] "GET / HTTP/1.1" 200 148523 "-" "Mozilla/5.0 (Windows NT 10.0; Win64; x64) AppleWebKit/537.36 (KHTML, like Gecko) Chrome/78.0.3904.108 Safari/537.36"
34.24.77.103 - - [12/Jul/2026:16:51:49 +0000] "GET //?author=1 HTTP/1.1" 301 0 "-" "Mozilla/5.0 (Windows NT 10.0; Win64; x64) AppleWebKit/537.36 (KHTML, like Gecko) Chrome/78.0.3904.108 Safari/537.36"
34.24.77.103 - - [12/Jul/2026:16:51:50 +0000] "GET //?author=2 HTTP/1.1" 301 0 "-" "Mozilla/5.0 (Windows NT 10.0; Win64; x64) AppleWebKit/537.36 (KHTML, like Gecko) Chrome/78.0.3904.108 Safari/537.36"
34.24.77.103 - - [12/Jul/2026:16:51:51 +0000] "GET //wp-json/wp/v2/users/ HTTP/1.1" 200 3975 "-" "Mozilla/5.0 (Windows NT 10.0; Win64; x64) AppleWebKit/537.36 (KHTML, like Gecko) Chrome/78.0.3904.108 Safari/537.36"
34.24.77.103 - - [12/Jul/2026:16:51:52 +0000] "POST //xmlrpc.php HTTP/1.1" 403 1242 "-" "Mozilla/5.0 (Windows NT 10.0; Win64; x64) AppleWebKit/537.36 (KHTML, like Gecko) Chrome/78.0.3904.108 Safari/537.36"
34.24.77.103 - - [12/Jul/2026:16:51:53 +0000] "POST //xmlrpc.php HTTP/1.1" 403 1242 "-" "Mozilla/5.0 (Windows NT 10.0; Win64; x64) AppleWebKit/537.36 (KHTML, like Gecko) Chrome/78.0.3904.108 Safari/537.36"
34.24.77.103 - - [12/Jul/2026:16:51:53 +0000] "POST //xmlrpc.php HTTP/1.1" 403 1242 "-" "Mozilla/5.0 (Windows NT 10.0; Win64; x64) AppleWebKit/537.36 (KHTML, like Gecko) Chrome/78.0.3904.108 Safari/537.36"
209.42.27.159 - - [12/Jul/2026:17:22:14 +0000] "POST /wp-cron.php?doing_wp_cron=1783876934.5427269935607910156250 HTTP/1.1" 200 0 "-" "WordPress/7.0.1; https://kopasan.mykoperasi.coop"
147.185.132.45 - - [12/Jul/2026:17:22:13 +0000] "GET /.well-known/security.txt HTTP/1.1" 404 129763 "-" "Hello from Palo Alto Networks, find out more about our scans in https://docs-cortex.paloaltonetworks.com/r/1/Cortex-Xpanse/Scanning-activity"
209.42.27.159 - - [12/Jul/2026:21:24:11 +0000] "POST /wp-cron.php?doing_wp_cron=1783891451.1915779113769531250000 HTTP/1.1" 200 0 "-" "WordPress/7.0.1; https://kopasan.mykoperasi.coop"
74.7.241.159 - - [12/Jul/2026:21:24:08 +0000] "GET /robots.txt HTTP/2" 301 0 "-" "Mozilla/5.0 (Macintosh; Intel Mac OS X 10_15_7) AppleWebKit/537.36 (KHTML, like Gecko) Chrome/131.0.0.0 Safari/537.36; compatible; OAI-SearchBot/1.4; robots.txt; +https://openai.com/searchbot"
74.7.241.159 - - [12/Jul/2026:21:24:15 +0000] "GET /robots.txt HTTP/2" 200 0 "https://www.kopasan.mykoperasi.coop/robots.txt" "Mozilla/5.0 (Macintosh; Intel Mac OS X 10_15_7) AppleWebKit/537.36 (KHTML, like Gecko) Chrome/131.0.0.0 Safari/537.36; compatible; OAI-SearchBot/1.4; robots.txt; +https://openai.com/searchbot"
209.42.27.159 - - [12/Jul/2026:21:24:14 +0000] "POST /wp-cron.php?doing_wp_cron=1783891454.1832919120788574218750 HTTP/1.1" 200 0 "-" "WordPress/7.0.1; https://kopasan.mykoperasi.coop"
94.154.43.183 - - [12/Jul/2026:23:12:54 +0000] "GET /wp-content/plugins/qi-addons-for-elementor/assets/js/main.min.js HTTP/1.1" 200 59558 "-" "Mozilla/5.0 (Windows NT 10.0; Win64; x64) AppleWebKit/537.36 (KHTML, like Gecko) Chrome/147.0.0.0 Safari/537.36"
94.154.43.179 - - [12/Jul/2026:23:12:54 +0000] "GET /wp-content/plugins/contact-form-7/includes/js/index.js HTTP/1.1" 200 9720 "-" "Mozilla/5.0 (Windows NT 10.0; Win64; x64) AppleWebKit/537.36 (KHTML, like Gecko) Chrome/147.0.0.0 Safari/537.36"
94.154.43.179 - - [12/Jul/2026:23:12:54 +0000] "GET /wp-content/plugins/click-to-chat-for-whatsapp/new/inc/assets/js/app.js HTTP/1.1" 200 6020 "-" "Mozilla/5.0 (Windows NT 10.0; Win64; x64) AppleWebKit/537.36 (KHTML, like Gecko) Chrome/147.0.0.0 Safari/537.36"
209.42.27.159 - - [12/Jul/2026:23:42:08 +0000] "POST /wp-cron.php?doing_wp_cron=1783899728.2084810733795166015625 HTTP/1.1" 200 0 "-" "WordPress/7.0.1; https://kopasan.mykoperasi.coop"
209.42.27.159 - - [12/Jul/2026:23:42:08 +0000] "POST /wp-cron.php?doing_wp_cron=1783899728.6090619564056396484375 HTTP/1.1" 200 0 "-" "WordPress/7.0.1; https://kopasan.mykoperasi.coop"
40.77.167.22 - - [12/Jul/2026:23:42:06 +0000] "GET /lokasi-kami/ HTTP/2" 200 25585 "-" "Mozilla/5.0 AppleWebKit/537.36 (KHTML, like Gecko; compatible; bingbot/2.0; +http://www.bing.com/bingbot.htm) Chrome/116.0.1938.76 Safari/537.36"
40.77.167.151 - - [12/Jul/2026:23:42:37 +0000] "POST /?wc-ajax=get_refreshed_fragments HTTP/2" 200 487 "https://kopasan.mykoperasi.coop/lokasi-kami/" "Mozilla/5.0 AppleWebKit/537.36 (KHTML, like Gecko; compatible; bingbot/2.0; +http://www.bing.com/bingbot.htm) Chrome/136.0.0.0 Safari/537.36 AppleWebKit/537.36 (KHTML, like Gecko; compatible; bingbot/2.0; +http://www.bing.com/bingbot.htm) Chrome/116.0.1938.76 Safari/537.36"
52.167.144.161 - - [12/Jul/2026:23:42:42 +0000] "GET /wp-content/uploads/elementor/css/post-1997.css?ver=1700882759 HTTP/2" 200 237 "https://kopasan.mykoperasi.coop/lokasi-kami/" "Mozilla/5.0 AppleWebKit/537.36 (KHTML, like Gecko; compatible; bingbot/2.0; +http://www.bing.com/bingbot.htm) Chrome/136.0.0.0 Safari/537.36 AppleWebKit/537.36 (KHTML, like Gecko; compatible; bingbot/2.0; +http://www.bing.com/bingbot.htm) Chrome/116.0.1938.76 Safari/537.36"
209.42.27.159 - - [12/Jul/2026:23:47:21 +0000] "POST /wp-cron.php?doing_wp_cron=1783900041.1342070102691650390625 HTTP/1.1" 200 0 "-" "WordPress/7.0.1; https://kopasan.mykoperasi.coop"
85.208.96.195 - - [12/Jul/2026:23:47:20 +0000] "GET /robots.txt HTTP/1.1" 200 70 "-" "Mozilla/5.0 (compatible; SemrushBot/7~bl; +http://www.semrush.com/bot.html)"
85.208.96.203 - - [12/Jul/2026:23:47:22 +0000] "GET /product-category/pokok-meranti-paya/ HTTP/1.1" 200 29404 "-" "Mozilla/5.0 (compatible; SemrushBot/7~bl; +http://www.semrush.com/bot.html)"
209.42.27.159 - - [12/Jul/2026:23:58:38 +0000] "POST /wp-cron.php?doing_wp_cron=1783900718.8003509044647216796875 HTTP/1.1" 200 0 "-" "WordPress/7.0.1; https://kopasan.mykoperasi.coop"
65.55.210.19 - - [12/Jul/2026:23:58:38 +0000] "POST /?wc-ajax=get_refreshed_fragments HTTP/2" 200 1447 "https://kopasan.mykoperasi.coop/lokasi-kami/" "Mozilla/5.0 AppleWebKit/537.36 (KHTML, like Gecko; compatible; bingbot/2.0; +http://www.bing.com/bingbot.htm) Chrome/136.0.0.0 Safari/537.36"
3.151.194.164 - - [13/Jul/2026:00:06:16 +0000] "GET / HTTP/1.1" 200 32094 "http://kopasan.mykoperasi.coop/" "visionheight.com/scan Mozilla/5.0 (Macintosh; Intel Mac OS X 10_15_7) Chrome/126.0.0.0 Safari/537.36"
209.42.27.159 - - [13/Jul/2026:00:07:18 +0000] "POST /wp-cron.php?doing_wp_cron=1783901238.5246241092681884765625 HTTP/1.1" 200 0 "-" "WordPress/7.0.1; https://kopasan.mykoperasi.coop"
3.151.194.164 - - [13/Jul/2026:00:07:17 +0000] "GET / HTTP/1.1" 200 32094 "-" "visionheight.com/scan Mozilla/5.0 (Macintosh; Intel Mac OS X 10_15_7) Chrome/126.0.0.0 Safari/537.36"
157.245.113.227 - - [13/Jul/2026:02:36:48 +0000] "GET /console/ HTTP/1.1" 200 0 "-" "Mozilla/5.0 (l9scan/2.0.336313e27323e22343e2930323; +https://leakix.net)"
157.245.36.108 - - [13/Jul/2026:02:36:40 +0000] "GET / HTTP/1.1" 200 148523 "-" "Mozilla/5.0 (l9scan/2.0.336313e27323e22343e2930323; +https://leakix.net)"
157.245.113.227 - - [13/Jul/2026:02:36:51 +0000] "GET /server HTTP/1.1" 200 0 "-" "Mozilla/5.0 (l9scan/2.0.336313e27323e22343e2930323; +https://leakix.net)"
157.245.36.108 - - [13/Jul/2026:02:36:52 +0000] "GET /console/ HTTP/1.1" 200 0 "-" "Mozilla/5.0 (l9scan/2.0.336313e27323e22343e2930323; +https://leakix.net)"
157.245.113.227 - - [13/Jul/2026:02:36:54 +0000] "GET /server-status HTTP/1.1" 200 0 "-" "Mozilla/5.0 (l9scan/2.0.336313e27323e22343e2930323; +https://leakix.net)"
157.245.36.108 - - [13/Jul/2026:02:36:55 +0000] "GET /server HTTP/1.1" 200 0 "-" "Mozilla/5.0 (l9scan/2.0.336313e27323e22343e2930323; +https://leakix.net)"
157.245.113.227 - - [13/Jul/2026:02:36:57 +0000] "GET /about HTTP/1.1" 200 0 "-" "Mozilla/5.0 (l9scan/2.0.336313e27323e22343e2930323; +https://leakix.net)"
157.245.36.108 - - [13/Jul/2026:02:36:58 +0000] "GET /server-status HTTP/1.1" 200 0 "-" "Mozilla/5.0 (l9scan/2.0.336313e27323e22343e2930323; +https://leakix.net)"
157.245.113.227 - - [13/Jul/2026:02:37:00 +0000] "GET /login.action HTTP/1.1" 200 0 "-" "Mozilla/5.0 (l9scan/2.0.336313e27323e22343e2930323; +https://leakix.net)"
157.245.36.108 - - [13/Jul/2026:02:37:01 +0000] "GET /about HTTP/1.1" 200 0 "-" "Mozilla/5.0 (l9scan/2.0.336313e27323e22343e2930323; +https://leakix.net)"
157.245.113.227 - - [13/Jul/2026:02:37:03 +0000] "GET / HTTP/1.1" 200 0 "-" "Mozilla/5.0 (l9scan/2.0.336313e27323e22343e2930323; +https://leakix.net)"
157.245.36.108 - - [13/Jul/2026:02:37:04 +0000] "GET /login.action HTTP/1.1" 200 0 "-" "Mozilla/5.0 (l9scan/2.0.336313e27323e22343e2930323; +https://leakix.net)"
157.245.113.227 - - [13/Jul/2026:02:37:06 +0000] "GET /___proxy_subdomain_whm/login HTTP/1.1" 200 0 "-" "Mozilla/5.0 (l9scan/2.0.336313e27323e22343e2930323; +https://leakix.net)"
157.245.36.108 - - [13/Jul/2026:02:37:07 +0000] "GET / HTTP/1.1" 200 0 "-" "Mozilla/5.0 (l9scan/2.0.336313e27323e22343e2930323; +https://leakix.net)"
157.245.113.227 - - [13/Jul/2026:02:37:09 +0000] "GET /___proxy_subdomain_cpanel HTTP/1.1" 200 0 "-" "Mozilla/5.0 (l9scan/2.0.336313e27323e22343e2930323; +https://leakix.net)"
157.245.36.108 - - [13/Jul/2026:02:37:10 +0000] "GET /___proxy_subdomain_whm/login HTTP/1.1" 200 0 "-" "Mozilla/5.0 (l9scan/2.0.336313e27323e22343e2930323; +https://leakix.net)"
103.196.9.163 - - [13/Jul/2026:02:37:06 +0000] "GET / HTTP/1.1" 200 27728 "-" "Mozilla/5.0 (Macintosh; Intel Mac OS X 10_15_7) AppleWebKit/537.36 (KHTML, like Gecko) Chrome/130.0.0.0 Safari/537.36"
103.196.9.5 - - [13/Jul/2026:02:37:06 +0000] "GET / HTTP/1.1" 200 27575 "-" "Mozilla/5.0 (Macintosh; Intel Mac OS X 10_15_7) AppleWebKit/537.36 (KHTML, like Gecko) Chrome/131.0.0.0 Safari/537.36"
157.245.113.227 - - [13/Jul/2026:02:37:12 +0000] "GET /v2/_catalog HTTP/1.1" 200 0 "-" "Mozilla/5.0 (l9scan/2.0.336313e27323e22343e2930323; +https://leakix.net)"
157.245.36.108 - - [13/Jul/2026:02:37:13 +0000] "GET /___proxy_subdomain_cpanel HTTP/1.1" 200 0 "-" "Mozilla/5.0 (l9scan/2.0.336313e27323e22343e2930323; +https://leakix.net)"
157.245.113.227 - - [13/Jul/2026:02:37:15 +0000] "GET /.DS_Store HTTP/1.1" 200 0 "-" "Mozilla/5.0 (l9scan/2.0.336313e27323e22343e2930323; +https://leakix.net)"
157.245.36.108 - - [13/Jul/2026:02:37:16 +0000] "GET /v2/_catalog HTTP/1.1" 200 0 "-" "Mozilla/5.0 (l9scan/2.0.336313e27323e22343e2930323; +https://leakix.net)"
157.245.113.227 - - [13/Jul/2026:02:37:18 +0000] "GET /.env HTTP/1.1" 200 0 "-" "Mozilla/5.0 (l9scan/2.0.336313e27323e22343e2930323; +https://leakix.net)"
157.245.36.108 - - [13/Jul/2026:02:37:19 +0000] "GET /.DS_Store HTTP/1.1" 200 0 "-" "Mozilla/5.0 (l9scan/2.0.336313e27323e22343e2930323; +https://leakix.net)"
157.245.36.108 - - [13/Jul/2026:02:37:22 +0000] "GET /.env HTTP/1.1" 200 0 "-" "Mozilla/5.0 (l9scan/2.0.336313e27323e22343e2930323; +https://leakix.net)"
157.245.113.227 - - [13/Jul/2026:02:37:22 +0000] "GET /ecp/Current/exporttool/microsoft.exchange.ediscovery.exporttool.application HTTP/1.1" 200 0 "-" "Mozilla/5.0 (l9scan/2.0.336313e27323e22343e2930323; +https://leakix.net)"
202.78.167.209 - - [13/Jul/2026:02:37:18 +0000] "GET / HTTP/1.1" 301 0 "https://www.kopasan.mykoperasi.coop/" "Mozilla/5.0 (iPhone; CPU iPhone OS 17_5 like Mac OS X) AppleWebKit/605.1.15 (KHTML, like Gecko) Version/17.5 Mobile/15E148 Safari/604.1"
202.78.167.209 - - [13/Jul/2026:02:37:18 +0000] "GET / HTTP/1.1" 200 32085 "https://kopasan.mykoperasi.coop/" "Mozilla/5.0 (iPhone; CPU iPhone OS 17_5 like Mac OS X) AppleWebKit/605.1.15 (KHTML, like Gecko) Version/17.5 Mobile/15E148 Safari/604.1"
157.245.113.227 - - [13/Jul/2026:02:37:26 +0000] "GET /.git/config HTTP/1.1" 403 1242 "-" "Mozilla/5.0 (l9scan/2.0.336313e27323e22343e2930323; +https://leakix.net)"
157.245.36.108 - - [13/Jul/2026:02:37:26 +0000] "GET /ecp/Current/exporttool/microsoft.exchange.ediscovery.exporttool.application HTTP/1.1" 200 0 "-" "Mozilla/5.0 (l9scan/2.0.336313e27323e22343e2930323; +https://leakix.net)"
202.78.167.209 - - [13/Jul/2026:02:37:21 +0000] "GET / HTTP/1.1" 301 0 "https://www.kopasan.mykoperasi.coop/" "Mozilla/5.0 (iPhone; CPU iPhone OS 17_5 like Mac OS X) AppleWebKit/605.1.15 (KHTML, like Gecko) Version/17.5 Mobile/15E148 Safari/604.1"
202.78.167.209 - - [13/Jul/2026:02:37:21 +0000] "GET / HTTP/1.1" 200 32085 "https://kopasan.mykoperasi.coop/" "Mozilla/5.0 (iPhone; CPU iPhone OS 17_5 like Mac OS X) AppleWebKit/605.1.15 (KHTML, like Gecko) Version/17.5 Mobile/15E148 Safari/604.1"
157.245.113.227 - - [13/Jul/2026:02:37:27 +0000] "POST /graphql HTTP/1.1" 200 0 "-" "Mozilla/5.0 (l9scan/2.0.336313e27323e22343e2930323; +https://leakix.net)"
157.245.36.108 - - [13/Jul/2026:02:37:30 +0000] "GET /.git/config HTTP/1.1" 403 1242 "-" "Mozilla/5.0 (l9scan/2.0.336313e27323e22343e2930323; +https://leakix.net)"
157.245.113.227 - - [13/Jul/2026:02:37:30 +0000] "POST /api HTTP/1.1" 200 0 "-" "Mozilla/5.0 (l9scan/2.0.336313e27323e22343e2930323; +https://leakix.net)"
157.245.36.108 - - [13/Jul/2026:02:37:31 +0000] "POST /graphql HTTP/1.1" 200 0 "-" "Mozilla/5.0 (l9scan/2.0.336313e27323e22343e2930323; +https://leakix.net)"
157.245.113.227 - - [13/Jul/2026:02:37:33 +0000] "POST /api/graphql HTTP/1.1" 200 0 "-" "Mozilla/5.0 (l9scan/2.0.336313e27323e22343e2930323; +https://leakix.net)"
157.245.36.108 - - [13/Jul/2026:02:37:34 +0000] "POST /api HTTP/1.1" 200 0 "-" "Mozilla/5.0 (l9scan/2.0.336313e27323e22343e2930323; +https://leakix.net)"
157.245.113.227 - - [13/Jul/2026:02:37:36 +0000] "POST /graphql/api HTTP/1.1" 200 0 "-" "Mozilla/5.0 (l9scan/2.0.336313e27323e22343e2930323; +https://leakix.net)"
157.245.36.108 - - [13/Jul/2026:02:37:37 +0000] "POST /api/graphql HTTP/1.1" 200 0 "-" "Mozilla/5.0 (l9scan/2.0.336313e27323e22343e2930323; +https://leakix.net)"
94.246.254.191 - - [13/Jul/2026:02:37:31 +0000] "GET / HTTP/1.1" 200 27574 "-" "Mozilla/5.0 (Windows NT 10.0; Win64; x64) AppleWebKit/537.36 (KHTML, like Gecko) Chrome/143.0.0.0 Safari/537.36"
94.246.254.191 - - [13/Jul/2026:02:37:40 +0000] "GET /wp-content/themes/astra/assets/css/minified/main.min.css?ver=3.7.9 HTTP/2" 200 7892 "https://kopasan.mykoperasi.coop/" "Mozilla/5.0 (Windows NT 10.0; Win64; x64) AppleWebKit/537.36 (KHTML, like Gecko) Chrome/143.0.0.0 Safari/537.36"
94.246.254.191 - - [13/Jul/2026:02:37:40 +0000] "GET /wp-content/plugins/contact-form-7/includes/css/styles.css?ver=5.5.6 HTTP/2" 200 848 "https://kopasan.mykoperasi.coop/" "Mozilla/5.0 (Windows NT 10.0; Win64; x64) AppleWebKit/537.36 (KHTML, like Gecko) Chrome/143.0.0.0 Safari/537.36"
94.246.254.191 - - [13/Jul/2026:02:37:40 +0000] "GET /wp-content/themes/astra/assets/css/minified/compatibility/contact-form-7-main.min.css?ver=3.7.9 HTTP/2" 200 334 "https://kopasan.mykoperasi.coop/" "Mozilla/5.0 (Windows NT 10.0; Win64; x64) AppleWebKit/537.36 (KHTML, like Gecko) Chrome/143.0.0.0 Safari/537.36"
94.246.254.191 - - [13/Jul/2026:02:37:40 +0000] "GET /wp-content/themes/astra/assets/css/minified/compatibility/woocommerce/woocommerce-layout-grid.min.css?ver=3.7.9 HTTP/2" 200 1701 "https://kopasan.mykoperasi.coop/" "Mozilla/5.0 (Windows NT 10.0; Win64; x64) AppleWebKit/537.36 (KHTML, like Gecko) Chrome/143.0.0.0 Safari/537.36"
94.246.254.191 - - [13/Jul/2026:02:37:40 +0000] "GET /wp-content/plugins/header-footer-elementor/assets/css/header-footer-elementor.css?ver=1.6.10 HTTP/2" 200 259 "https://kopasan.mykoperasi.coop/" "Mozilla/5.0 (Windows NT 10.0; Win64; x64) AppleWebKit/537.36 (KHTML, like Gecko) Chrome/143.0.0.0 Safari/537.36"
94.246.254.191 - - [13/Jul/2026:02:37:40 +0000] "GET /wp-content/plugins/wp-user-avatar/assets/select2/select2.min.css?ver=7.0.1 HTTP/2" 200 1800 "https://kopasan.mykoperasi.coop/" "Mozilla/5.0 (Windows NT 10.0; Win64; x64) AppleWebKit/537.36 (KHTML, like Gecko) Chrome/143.0.0.0 Safari/537.36"
94.246.254.191 - - [13/Jul/2026:02:37:40 +0000] "GET /wp-content/plugins/wp-user-avatar/assets/flatpickr/flatpickr.min.css?ver=3.2.9 HTTP/2" 200 2810 "https://kopasan.mykoperasi.coop/" "Mozilla/5.0 (Windows NT 10.0; Win64; x64) AppleWebKit/537.36 (KHTML, like Gecko) Chrome/143.0.0.0 Safari/537.36"
94.246.254.191 - - [13/Jul/2026:02:37:40 +0000] "GET /wp-content/plugins/wp-user-avatar/assets/css/frontend.min.css?ver=3.2.9 HTTP/2" 200 9516 "https://kopasan.mykoperasi.coop/" "Mozilla/5.0 (Windows NT 10.0; Win64; x64) AppleWebKit/537.36 (KHTML, like Gecko) Chrome/143.0.0.0 Safari/537.36"
94.246.254.191 - - [13/Jul/2026:02:37:40 +0000] "GET /wp-content/themes/astra/assets/css/minified/compatibility/woocommerce/woocommerce-grid.min.css?ver=3.7.9 HTTP/2" 200 13714 "https://kopasan.mykoperasi.coop/" "Mozilla/5.0 (Windows NT 10.0; Win64; x64) AppleWebKit/537.36 (KHTML, like Gecko) Chrome/143.0.0.0 Safari/537.36"
94.246.254.191 - - [13/Jul/2026:02:37:40 +0000] "GET /wp-content/uploads/elementor/css/post-1565.css?ver=1700901154 HTTP/2" 200 1083 "https://kopasan.mykoperasi.coop/" "Mozilla/5.0 (Windows NT 10.0; Win64; x64) AppleWebKit/537.36 (KHTML, like Gecko) Chrome/143.0.0.0 Safari/537.36"
94.246.254.191 - - [13/Jul/2026:02:37:40 +0000] "GET /wp-content/uploads/elementor/css/post-1336.css?ver=1753190054 HTTP/2" 200 1143 "https://kopasan.mykoperasi.coop/" "Mozilla/5.0 (Windows NT 10.0; Win64; x64) AppleWebKit/537.36 (KHTML, like Gecko) Chrome/143.0.0.0 Safari/537.36"
94.246.254.191 - - [13/Jul/2026:02:37:40 +0000] "GET /wp-content/plugins/header-footer-elementor/inc/widgets-css/frontend.css?ver=1.6.10 HTTP/2" 200 7374 "https://kopasan.mykoperasi.coop/" "Mozilla/5.0 (Windows NT 10.0; Win64; x64) AppleWebKit/537.36 (KHTML, like Gecko) Chrome/143.0.0.0 Safari/537.36"
94.246.254.191 - - [13/Jul/2026:02:37:40 +0000] "GET /wp-content/uploads/elementor/css/post-1366.css?ver=1700904564 HTTP/2" 200 1079 "https://kopasan.mykoperasi.coop/" "Mozilla/5.0 (Windows NT 10.0; Win64; x64) AppleWebKit/537.36 (KHTML, like Gecko) Chrome/143.0.0.0 Safari/537.36"
94.246.254.191 - - [13/Jul/2026:02:37:40 +0000] "GET /wp-content/uploads/elementor/css/global.css?ver=1700881739 HTTP/2" 200 1291 "https://kopasan.mykoperasi.coop/" "Mozilla/5.0 (Windows NT 10.0; Win64; x64) AppleWebKit/537.36 (KHTML, like Gecko) Chrome/143.0.0.0 Safari/537.36"
94.246.254.191 - - [13/Jul/2026:02:37:40 +0000] "GET /wp-content/uploads/elementor/css/post-1314.css?ver=1700881739 HTTP/2" 200 338 "https://kopasan.mykoperasi.coop/" "Mozilla/5.0 (Windows NT 10.0; Win64; x64) AppleWebKit/537.36 (KHTML, like Gecko) Chrome/143.0.0.0 Safari/537.36"
94.246.254.191 - - [13/Jul/2026:02:37:40 +0000] "GET /wp-content/plugins/elementor/assets/css/frontend-lite.min.css?ver=3.6.1 HTTP/2" 200 12889 "https://kopasan.mykoperasi.coop/" "Mozilla/5.0 (Windows NT 10.0; Win64; x64) AppleWebKit/537.36 (KHTML, like Gecko) Chrome/143.0.0.0 Safari/537.36"
94.246.254.191 - - [13/Jul/2026:02:37:40 +0000] "GET /wp-content/plugins/elementor/assets/lib/eicons/css/elementor-icons.min.css?ver=5.15.0 HTTP/2" 200 3603 "https://kopasan.mykoperasi.coop/" "Mozilla/5.0 (Windows NT 10.0; Win64; x64) AppleWebKit/537.36 (KHTML, like Gecko) Chrome/143.0.0.0 Safari/537.36"
94.246.254.191 - - [13/Jul/2026:02:37:40 +0000] "GET /wp-content/plugins/elementor/assets/lib/font-awesome/css/regular.min.css?ver=5.15.3 HTTP/2" 200 283 "https://kopasan.mykoperasi.coop/" "Mozilla/5.0 (Windows NT 10.0; Win64; x64) AppleWebKit/537.36 (KHTML, like Gecko) Chrome/143.0.0.0 Safari/537.36"
94.246.254.191 - - [13/Jul/2026:02:37:40 +0000] "GET /wp-content/plugins/elementor/assets/lib/font-awesome/css/solid.min.css?ver=5.15.3 HTTP/2" 200 286 "https://kopasan.mykoperasi.coop/" "Mozilla/5.0 (Windows NT 10.0; Win64; x64) AppleWebKit/537.36 (KHTML, like Gecko) Chrome/143.0.0.0 Safari/537.36"
94.246.254.191 - - [13/Jul/2026:02:37:40 +0000] "GET /wp-content/plugins/elementor/assets/lib/font-awesome/css/fontawesome.min.css?ver=5.15.3 HTTP/2" 200 12133 "https://kopasan.mykoperasi.coop/" "Mozilla/5.0 (Windows NT 10.0; Win64; x64) AppleWebKit/537.36 (KHTML, like Gecko) Chrome/143.0.0.0 Safari/537.36"
94.246.254.191 - - [13/Jul/2026:02:37:40 +0000] "GET /wp-content/plugins/qi-addons-for-elementor/assets/css/main.min.css?ver=7.0.1 HTTP/2" 200 24410 "https://kopasan.mykoperasi.coop/" "Mozilla/5.0 (Windows NT 10.0; Win64; x64) AppleWebKit/537.36 (KHTML, like Gecko) Chrome/143.0.0.0 Safari/537.36"
94.246.254.191 - - [13/Jul/2026:02:37:40 +0000] "GET /wp-content/plugins/qi-addons-for-elementor/assets/css/helper-parts.min.css?ver=7.0.1 HTTP/2" 200 2471 "https://kopasan.mykoperasi.coop/" "Mozilla/5.0 (Windows NT 10.0; Win64; x64) AppleWebKit/537.36 (KHTML, like Gecko) Chrome/143.0.0.0 Safari/537.36"
94.246.254.191 - - [13/Jul/2026:02:37:40 +0000] "GET /wp-content/plugins/qi-addons-for-elementor/assets/css/grid.min.css?ver=7.0.1 HTTP/2" 200 1416 "https://kopasan.mykoperasi.coop/" "Mozilla/5.0 (Windows NT 10.0; Win64; x64) AppleWebKit/537.36 (KHTML, like Gecko) Chrome/143.0.0.0 Safari/537.36"
94.246.254.191 - - [13/Jul/2026:02:37:40 +0000] "GET /wp-content/plugins/qi-addons-for-elementor/assets/plugins/swiper/swiper.min.css?ver=7.0.1 HTTP/2" 200 3818 "https://kopasan.mykoperasi.coop/" "Mozilla/5.0 (Windows NT 10.0; Win64; x64) AppleWebKit/537.36 (KHTML, like Gecko) Chrome/143.0.0.0 Safari/537.36"
94.246.254.191 - - [13/Jul/2026:02:37:40 +0000] "GET /wp-content/plugins/elementor/assets/lib/animations/animations.min.css?ver=3.6.1 HTTP/2" 200 2442 "https://kopasan.mykoperasi.coop/" "Mozilla/5.0 (Windows NT 10.0; Win64; x64) AppleWebKit/537.36 (KHTML, like Gecko) Chrome/143.0.0.0 Safari/537.36"
94.246.254.191 - - [13/Jul/2026:02:37:40 +0000] "GET /wp-content/plugins/elementor/assets/lib/font-awesome/css/brands.min.css?ver=5.15.3 HTTP/2" 200 284 "https://kopasan.mykoperasi.coop/" "Mozilla/5.0 (Windows NT 10.0; Win64; x64) AppleWebKit/537.36 (KHTML, like Gecko) Chrome/143.0.0.0 Safari/537.36"
94.246.254.191 - - [13/Jul/2026:02:37:41 +0000] "GET /wp-content/plugins/wp-user-avatar/assets/select2/select2.min.js?ver=7.0.1 HTTP/2" 200 18500 "https://kopasan.mykoperasi.coop/" "Mozilla/5.0 (Windows NT 10.0; Win64; x64) AppleWebKit/537.36 (KHTML, like Gecko) Chrome/143.0.0.0 Safari/537.36"
94.246.254.191 - - [13/Jul/2026:02:37:41 +0000] "GET /wp-content/plugins/wp-user-avatar/assets/flatpickr/flatpickr.min.js?ver=7.0.1 HTTP/2" 200 13752 "https://kopasan.mykoperasi.coop/" "Mozilla/5.0 (Windows NT 10.0; Win64; x64) AppleWebKit/537.36 (KHTML, like Gecko) Chrome/143.0.0.0 Safari/537.36"
94.246.254.191 - - [13/Jul/2026:02:37:41 +0000] "GET /wp-includes/js/jquery/jquery-migrate.min.js?ver=3.4.1 HTTP/2" 200 4678 "https://kopasan.mykoperasi.coop/" "Mozilla/5.0 (Windows NT 10.0; Win64; x64) AppleWebKit/537.36 (KHTML, like Gecko) Chrome/143.0.0.0 Safari/537.36"
94.246.254.191 - - [13/Jul/2026:02:37:41 +0000] "GET /wp-includes/js/jquery/jquery.min.js?ver=3.7.1 HTTP/2" 200 29744 "https://kopasan.mykoperasi.coop/" "Mozilla/5.0 (Windows NT 10.0; Win64; x64) AppleWebKit/537.36 (KHTML, like Gecko) Chrome/143.0.0.0 Safari/537.36"
94.246.254.191 - - [13/Jul/2026:02:37:41 +0000] "GET /wp-content/uploads/2022/04/KOPASAN-PNG.png HTTP/2" 200 91290 "https://kopasan.mykoperasi.coop/" "Mozilla/5.0 (Windows NT 10.0; Win64; x64) AppleWebKit/537.36 (KHTML, like Gecko) Chrome/143.0.0.0 Safari/537.36"
94.246.254.191 - - [13/Jul/2026:02:37:41 +0000] "GET /wp-content/themes/astra/assets/js/minified/frontend.min.js?ver=3.7.9 HTTP/2" 200 3672 "https://kopasan.mykoperasi.coop/" "Mozilla/5.0 (Windows NT 10.0; Win64; x64) AppleWebKit/537.36 (KHTML, like Gecko) Chrome/143.0.0.0 Safari/537.36"
103.196.9.5 - - [13/Jul/2026:02:37:32 +0000] "GET / HTTP/1.1" 200 27574 "-" "Mozilla/5.0 (X11; Linux x86_64) AppleWebKit/537.36 (KHTML, like Gecko) Chrome/131.0.0.0 Safari/537.36"
94.246.254.191 - - [13/Jul/2026:02:37:41 +0000] "GET /wp-content/plugins/click-to-chat-for-whatsapp/new/inc/assets/js/app.js?ver=3.12.1 HTTP/3" 200 1868 "https://kopasan.mykoperasi.coop/" "Mozilla/5.0 (Windows NT 10.0; Win64; x64) AppleWebKit/537.36 (KHTML, like Gecko) Chrome/143.0.0.0 Safari/537.36"
94.246.254.191 - - [13/Jul/2026:02:37:41 +0000] "GET /wp-includes/js/dist/vendor/wp-polyfill.min.js?ver=3.15.0 HTTP/3" 200 11581 "https://kopasan.mykoperasi.coop/" "Mozilla/5.0 (Windows NT 10.0; Win64; x64) AppleWebKit/537.36 (KHTML, like Gecko) Chrome/143.0.0.0 Safari/537.36"
94.246.254.191 - - [13/Jul/2026:02:37:41 +0000] "GET /wp-content/plugins/contact-form-7/includes/js/index.js?ver=5.5.6 HTTP/3" 200 3050 "https://kopasan.mykoperasi.coop/" "Mozilla/5.0 (Windows NT 10.0; Win64; x64) AppleWebKit/537.36 (KHTML, like Gecko) Chrome/143.0.0.0 Safari/537.36"
94.246.254.191 - - [13/Jul/2026:02:37:41 +0000] "GET /wp-content/plugins/elementor/assets/lib/font-awesome/webfonts/fa-brands-400.woff2 HTTP/3" 200 76764 "https://kopasan.mykoperasi.coop/wp-content/plugins/elementor/assets/lib/font-awesome/css/brands.min.css?ver=5.15.3" "Mozilla/5.0 (Windows NT 10.0; Win64; x64) AppleWebKit/537.36 (KHTML, like Gecko) Chrome/143.0.0.0 Safari/537.36"
94.246.254.191 - - [13/Jul/2026:02:37:41 +0000] "GET /wp-content/plugins/elementor/assets/lib/font-awesome/webfonts/fa-solid-900.woff2 HTTP/3" 200 78196 "https://kopasan.mykoperasi.coop/wp-content/plugins/elementor/assets/lib/font-awesome/css/solid.min.css?ver=5.15.3" "Mozilla/5.0 (Windows NT 10.0; Win64; x64) AppleWebKit/537.36 (KHTML, like Gecko) Chrome/143.0.0.0 Safari/537.36"
157.245.113.227 - - [13/Jul/2026:02:37:39 +0000] "POST /api/gql HTTP/1.1" 200 0 "-" "Mozilla/5.0 (l9scan/2.0.336313e27323e22343e2930323; +https://leakix.net)"
94.246.254.191 - - [13/Jul/2026:02:37:42 +0000] "GET /wp-content/plugins/woocommerce/assets/js/jquery-blockui/jquery.blockUI.min.js?ver=2.7.0-wc.6.3.2 HTTP/3" 200 3245 "https://kopasan.mykoperasi.coop/" "Mozilla/5.0 (Windows NT 10.0; Win64; x64) AppleWebKit/537.36 (KHTML, like Gecko) Chrome/143.0.0.0 Safari/537.36"
94.246.254.191 - - [13/Jul/2026:02:37:42 +0000] "GET /wp-content/plugins/woocommerce/assets/js/frontend/add-to-cart.min.js?ver=6.3.2 HTTP/3" 200 970 "https://kopasan.mykoperasi.coop/" "Mozilla/5.0 (Windows NT 10.0; Win64; x64) AppleWebKit/537.36 (KHTML, like Gecko) Chrome/143.0.0.0 Safari/537.36"
94.246.254.191 - - [13/Jul/2026:02:37:41 +0000] "GET /wp-content/uploads/2023/11/Picsart_23-11-25_14-27-52-329.jpg HTTP/3" 200 275000 "https://kopasan.mykoperasi.coop/wp-content/uploads/elementor/css/post-1366.css?ver=1700904564" "Mozilla/5.0 (Windows NT 10.0; Win64; x64) AppleWebKit/537.36 (KHTML, like Gecko) Chrome/143.0.0.0 Safari/537.36"
94.246.254.191 - - [13/Jul/2026:02:37:33 +0000] "GET / HTTP/1.1" 301 0 "-" "Mozilla/5.0 (Windows NT 10.0; Win64; x64) AppleWebKit/537.36 (KHTML, like Gecko) Chrome/147.0.0.0 Safari/537.36"
94.246.254.191 - - [13/Jul/2026:02:37:42 +0000] "GET /wp-content/plugins/woocommerce/assets/js/js-cookie/js.cookie.min.js?ver=2.1.4-wc.6.3.2 HTTP/3" 200 899 "https://kopasan.mykoperasi.coop/" "Mozilla/5.0 (Windows NT 10.0; Win64; x64) AppleWebKit/537.36 (KHTML, like Gecko) Chrome/143.0.0.0 Safari/537.36"
94.246.254.191 - - [13/Jul/2026:02:37:42 +0000] "GET /wp-content/plugins/woocommerce/assets/js/frontend/woocommerce.min.js?ver=6.3.2 HTTP/3" 200 677 "https://kopasan.mykoperasi.coop/" "Mozilla/5.0 (Windows NT 10.0; Win64; x64) AppleWebKit/537.36 (KHTML, like Gecko) Chrome/143.0.0.0 Safari/537.36"
94.246.254.191 - - [13/Jul/2026:02:37:42 +0000] "GET /wp-content/plugins/woocommerce/assets/js/frontend/cart-fragments.min.js?ver=6.3.2 HTTP/3" 200 934 "https://kopasan.mykoperasi.coop/" "Mozilla/5.0 (Windows NT 10.0; Win64; x64) AppleWebKit/537.36 (KHTML, like Gecko) Chrome/143.0.0.0 Safari/537.36"
94.246.254.191 - - [13/Jul/2026:02:37:42 +0000] "GET /wp-content/plugins/wp-user-avatar/assets/js/frontend.min.js?ver=3.2.9 HTTP/3" 200 2205 "https://kopasan.mykoperasi.coop/" "Mozilla/5.0 (Windows NT 10.0; Win64; x64) AppleWebKit/537.36 (KHTML, like Gecko) Chrome/143.0.0.0 Safari/537.36"
94.246.254.191 - - [13/Jul/2026:02:37:42 +0000] "GET /wp-content/plugins/header-footer-elementor/inc/js/frontend.js?ver=1.6.10 HTTP/3" 200 3600 "https://kopasan.mykoperasi.coop/" "Mozilla/5.0 (Windows NT 10.0; Win64; x64) AppleWebKit/537.36 (KHTML, like Gecko) Chrome/143.0.0.0 Safari/537.36"
94.246.254.191 - - [13/Jul/2026:02:37:42 +0000] "GET /wp-content/plugins/elementor/assets/lib/jquery-numerator/jquery-numerator.min.js?ver=0.2.1 HTTP/3" 200 677 "https://kopasan.mykoperasi.coop/" "Mozilla/5.0 (Windows NT 10.0; Win64; x64) AppleWebKit/537.36 (KHTML, like Gecko) Chrome/143.0.0.0 Safari/537.36"
94.246.254.191 - - [13/Jul/2026:02:37:42 +0000] "GET /wp-includes/js/jquery/ui/core.min.js?ver=1.13.3 HTTP/3" 200 6812 "https://kopasan.mykoperasi.coop/" "Mozilla/5.0 (Windows NT 10.0; Win64; x64) AppleWebKit/537.36 (KHTML, like Gecko) Chrome/143.0.0.0 Safari/537.36"
94.246.254.191 - - [13/Jul/2026:02:37:42 +0000] "GET /wp-content/plugins/qi-addons-for-elementor/assets/js/main.min.js?ver=7.0.1 HTTP/3" 200 12030 "https://kopasan.mykoperasi.coop/" "Mozilla/5.0 (Windows NT 10.0; Win64; x64) AppleWebKit/537.36 (KHTML, like Gecko) Chrome/143.0.0.0 Safari/537.36"
94.246.254.191 - - [13/Jul/2026:02:37:42 +0000] "GET /wp-content/plugins/elementor/assets/js/webpack.runtime.min.js?ver=3.6.1 HTTP/3" 200 2049 "https://kopasan.mykoperasi.coop/" "Mozilla/5.0 (Windows NT 10.0; Win64; x64) AppleWebKit/537.36 (KHTML, like Gecko) Chrome/143.0.0.0 Safari/537.36"
94.246.254.191 - - [13/Jul/2026:02:37:42 +0000] "GET /wp-content/plugins/elementor/assets/lib/waypoints/waypoints.min.js?ver=4.0.2 HTTP/3" 200 2867 "https://kopasan.mykoperasi.coop/" "Mozilla/5.0 (Windows NT 10.0; Win64; x64) AppleWebKit/537.36 (KHTML, like Gecko) Chrome/143.0.0.0 Safari/537.36"
94.246.254.191 - - [13/Jul/2026:02:37:42 +0000] "GET /wp-content/plugins/elementor/assets/js/frontend-modules.min.js?ver=3.6.1 HTTP/3" 200 4448 "https://kopasan.mykoperasi.coop/" "Mozilla/5.0 (Windows NT 10.0; Win64; x64) AppleWebKit/537.36 (KHTML, like Gecko) Chrome/143.0.0.0 Safari/537.36"
94.246.254.191 - - [13/Jul/2026:02:37:42 +0000] "GET /wp-content/plugins/elementor/assets/js/frontend.min.js?ver=3.6.1 HTTP/3" 200 10629 "https://kopasan.mykoperasi.coop/" "Mozilla/5.0 (Windows NT 10.0; Win64; x64) AppleWebKit/537.36 (KHTML, like Gecko) Chrome/143.0.0.0 Safari/537.36"
94.246.254.191 - - [13/Jul/2026:02:37:42 +0000] "GET /wp-content/plugins/qi-addons-for-elementor/inc/plugins/elementor/assets/js/elementor.js?ver=7.0.1 HTTP/3" 200 496 "https://kopasan.mykoperasi.coop/" "Mozilla/5.0 (Windows NT 10.0; Win64; x64) AppleWebKit/537.36 (KHTML, like Gecko) Chrome/143.0.0.0 Safari/537.36"
94.246.254.191 - - [13/Jul/2026:02:37:42 +0000] "GET /wp-content/themes/astra/assets/css/minified/compatibility/woocommerce/woocommerce-smallscreen-grid.min.css?ver=3.7.9 HTTP/3" 200 766 "https://kopasan.mykoperasi.coop/" "Mozilla/5.0 (Windows NT 10.0; Win64; x64) AppleWebKit/537.36 (KHTML, like Gecko) Chrome/143.0.0.0 Safari/537.36"
94.246.254.191 - - [13/Jul/2026:02:37:42 +0000] "GET /wp-content/uploads/2022/04/KOPASAN-PNG-300x220.png HTTP/3" 200 40745 "https://kopasan.mykoperasi.coop/" "Mozilla/5.0 (Windows NT 10.0; Win64; x64) AppleWebKit/537.36 (KHTML, like Gecko) Chrome/143.0.0.0 Safari/537.36"
103.196.9.163 - - [13/Jul/2026:02:37:32 +0000] "GET / HTTP/1.1" 200 27574 "-" "Mozilla/5.0 (Windows NT 10.0; Win64; x64) AppleWebKit/537.36 (KHTML, like Gecko) Chrome/130.0.0.0 Safari/537.36"
157.245.36.108 - - [13/Jul/2026:02:37:40 +0000] "POST /graphql/api HTTP/1.1" 200 0 "-" "Mozilla/5.0 (l9scan/2.0.336313e27323e22343e2930323; +https://leakix.net)"
94.246.254.191 - - [13/Jul/2026:02:37:42 +0000] "GET /wp-content/plugins/elementor/assets/js/text-editor.289ae80d76f0c5abea44.bundle.min.js HTTP/3" 200 596 "https://kopasan.mykoperasi.coop/" "Mozilla/5.0 (Windows NT 10.0; Win64; x64) AppleWebKit/537.36 (KHTML, like Gecko) Chrome/143.0.0.0 Safari/537.36"
94.246.254.191 - - [13/Jul/2026:02:37:42 +0000] "GET /wp-content/plugins/elementor/assets/js/video.d86bfd0676264945e968.bundle.min.js HTTP/3" 200 1277 "https://kopasan.mykoperasi.coop/" "Mozilla/5.0 (Windows NT 10.0; Win64; x64) AppleWebKit/537.36 (KHTML, like Gecko) Chrome/143.0.0.0 Safari/537.36"
94.246.254.191 - - [13/Jul/2026:02:37:42 +0000] "GET /wp-content/plugins/elementor/assets/js/counter.02cef29c589e742d4c8c.bundle.min.js HTTP/3" 200 423 "https://kopasan.mykoperasi.coop/" "Mozilla/5.0 (Windows NT 10.0; Win64; x64) AppleWebKit/537.36 (KHTML, like Gecko) Chrome/143.0.0.0 Safari/537.36"
157.245.113.227 - - [13/Jul/2026:02:37:42 +0000] "GET /s/336313e27323e22343e2930323/_/;/META-INF/maven/com.atlassian.jira/jira-webapp-dist/pom.properties HTTP/1.1" 200 0 "-" "Mozilla/5.0 (l9scan/2.0.336313e27323e22343e2930323; +https://leakix.net)"
157.245.36.108 - - [13/Jul/2026:02:37:43 +0000] "POST /api/gql HTTP/1.1" 200 0 "-" "Mozilla/5.0 (l9scan/2.0.336313e27323e22343e2930323; +https://leakix.net)"
94.246.254.191 - - [13/Jul/2026:02:37:42 +0000] "POST /?wc-ajax=get_refreshed_fragments HTTP/3" 200 0 "https://kopasan.mykoperasi.coop/" "Mozilla/5.0 (Windows NT 10.0; Win64; x64) AppleWebKit/537.36 (KHTML, like Gecko) Chrome/143.0.0.0 Safari/537.36"
157.245.113.227 - - [13/Jul/2026:02:37:45 +0000] "GET /config.json HTTP/1.1" 200 0 "-" "Mozilla/5.0 (l9scan/2.0.336313e27323e22343e2930323; +https://leakix.net)"
157.245.36.108 - - [13/Jul/2026:02:37:46 +0000] "GET /s/336313e27323e22343e2930323/_/;/META-INF/maven/com.atlassian.jira/jira-webapp-dist/pom.properties HTTP/1.1" 200 0 "-" "Mozilla/5.0 (l9scan/2.0.336313e27323e22343e2930323; +https://leakix.net)"
94.246.254.191 - - [13/Jul/2026:02:37:42 +0000] "GET / HTTP/1.1" 200 27574 "-" "Mozilla/5.0 (Windows NT 10.0; Win64; x64) AppleWebKit/537.36 (KHTML, like Gecko) Chrome/147.0.0.0 Safari/537.36"
157.245.113.227 - - [13/Jul/2026:02:37:48 +0000] "GET /telescope/requests HTTP/1.1" 200 0 "-" "Mozilla/5.0 (l9scan/2.0.336313e27323e22343e2930323; +https://leakix.net)"
94.246.254.191 - - [13/Jul/2026:02:37:51 +0000] "GET /wp-content/themes/astra/assets/css/minified/compatibility/contact-form-7-main.min.css?ver=3.7.9 HTTP/2" 200 334 "https://www.kopasan.mykoperasi.coop/" "Mozilla/5.0 (Windows NT 10.0; Win64; x64) AppleWebKit/537.36 (KHTML, like Gecko) Chrome/147.0.0.0 Safari/537.36"
94.246.254.191 - - [13/Jul/2026:02:37:51 +0000] "GET /wp-content/themes/astra/assets/css/minified/main.min.css?ver=3.7.9 HTTP/2" 200 7892 "https://www.kopasan.mykoperasi.coop/" "Mozilla/5.0 (Windows NT 10.0; Win64; x64) AppleWebKit/537.36 (KHTML, like Gecko) Chrome/147.0.0.0 Safari/537.36"
94.246.254.191 - - [13/Jul/2026:02:37:51 +0000] "GET /wp-content/plugins/contact-form-7/includes/css/styles.css?ver=5.5.6 HTTP/2" 200 848 "https://www.kopasan.mykoperasi.coop/" "Mozilla/5.0 (Windows NT 10.0; Win64; x64) AppleWebKit/537.36 (KHTML, like Gecko) Chrome/147.0.0.0 Safari/537.36"
94.246.254.191 - - [13/Jul/2026:02:37:51 +0000] "GET /wp-content/plugins/header-footer-elementor/assets/css/header-footer-elementor.css?ver=1.6.10 HTTP/2" 200 259 "https://www.kopasan.mykoperasi.coop/" "Mozilla/5.0 (Windows NT 10.0; Win64; x64) AppleWebKit/537.36 (KHTML, like Gecko) Chrome/147.0.0.0 Safari/537.36"
94.246.254.191 - - [13/Jul/2026:02:37:51 +0000] "GET /wp-content/plugins/wp-user-avatar/assets/select2/select2.min.css?ver=7.0.1 HTTP/2" 200 1800 "https://www.kopasan.mykoperasi.coop/" "Mozilla/5.0 (Windows NT 10.0; Win64; x64) AppleWebKit/537.36 (KHTML, like Gecko) Chrome/147.0.0.0 Safari/537.36"
94.246.254.191 - - [13/Jul/2026:02:37:51 +0000] "GET /wp-content/plugins/wp-user-avatar/assets/flatpickr/flatpickr.min.css?ver=3.2.9 HTTP/2" 200 2810 "https://www.kopasan.mykoperasi.coop/" "Mozilla/5.0 (Windows NT 10.0; Win64; x64) AppleWebKit/537.36 (KHTML, like Gecko) Chrome/147.0.0.0 Safari/537.36"
94.246.254.191 - - [13/Jul/2026:02:37:51 +0000] "GET /wp-content/themes/astra/assets/css/minified/compatibility/woocommerce/woocommerce-layout-grid.min.css?ver=3.7.9 HTTP/2" 200 1701 "https://www.kopasan.mykoperasi.coop/" "Mozilla/5.0 (Windows NT 10.0; Win64; x64) AppleWebKit/537.36 (KHTML, like Gecko) Chrome/147.0.0.0 Safari/537.36"
94.246.254.191 - - [13/Jul/2026:02:37:51 +0000] "GET /wp-content/themes/astra/assets/css/minified/compatibility/woocommerce/woocommerce-grid.min.css?ver=3.7.9 HTTP/2" 200 13714 "https://www.kopasan.mykoperasi.coop/" "Mozilla/5.0 (Windows NT 10.0; Win64; x64) AppleWebKit/537.36 (KHTML, like Gecko) Chrome/147.0.0.0 Safari/537.36"
94.246.254.191 - - [13/Jul/2026:02:37:51 +0000] "GET /wp-content/plugins/wp-user-avatar/assets/css/frontend.min.css?ver=3.2.9 HTTP/2" 200 9516 "https://www.kopasan.mykoperasi.coop/" "Mozilla/5.0 (Windows NT 10.0; Win64; x64) AppleWebKit/537.36 (KHTML, like Gecko) Chrome/147.0.0.0 Safari/537.36"
94.246.254.191 - - [13/Jul/2026:02:37:51 +0000] "GET /wp-content/uploads/elementor/css/post-1565.css?ver=1700901154 HTTP/2" 200 1083 "https://www.kopasan.mykoperasi.coop/" "Mozilla/5.0 (Windows NT 10.0; Win64; x64) AppleWebKit/537.36 (KHTML, like Gecko) Chrome/147.0.0.0 Safari/537.36"
94.246.254.191 - - [13/Jul/2026:02:37:51 +0000] "GET /wp-content/uploads/elementor/css/post-1336.css?ver=1753190054 HTTP/2" 200 1143 "https://www.kopasan.mykoperasi.coop/" "Mozilla/5.0 (Windows NT 10.0; Win64; x64) AppleWebKit/537.36 (KHTML, like Gecko) Chrome/147.0.0.0 Safari/537.36"
94.246.254.191 - - [13/Jul/2026:02:37:51 +0000] "GET /wp-content/plugins/header-footer-elementor/inc/widgets-css/frontend.css?ver=1.6.10 HTTP/2" 200 7374 "https://www.kopasan.mykoperasi.coop/" "Mozilla/5.0 (Windows NT 10.0; Win64; x64) AppleWebKit/537.36 (KHTML, like Gecko) Chrome/147.0.0.0 Safari/537.36"
94.246.254.191 - - [13/Jul/2026:02:37:51 +0000] "GET /wp-content/uploads/elementor/css/post-1366.css?ver=1700904564 HTTP/2" 200 1079 "https://www.kopasan.mykoperasi.coop/" "Mozilla/5.0 (Windows NT 10.0; Win64; x64) AppleWebKit/537.36 (KHTML, like Gecko) Chrome/147.0.0.0 Safari/537.36"
94.246.254.191 - - [13/Jul/2026:02:37:51 +0000] "GET /wp-content/uploads/elementor/css/global.css?ver=1700881739 HTTP/2" 200 1291 "https://www.kopasan.mykoperasi.coop/" "Mozilla/5.0 (Windows NT 10.0; Win64; x64) AppleWebKit/537.36 (KHTML, like Gecko) Chrome/147.0.0.0 Safari/537.36"
94.246.254.191 - - [13/Jul/2026:02:37:51 +0000] "GET /wp-content/uploads/elementor/css/post-1314.css?ver=1700881739 HTTP/2" 200 338 "https://www.kopasan.mykoperasi.coop/" "Mozilla/5.0 (Windows NT 10.0; Win64; x64) AppleWebKit/537.36 (KHTML, like Gecko) Chrome/147.0.0.0 Safari/537.36"
94.246.254.191 - - [13/Jul/2026:02:37:51 +0000] "GET /wp-content/plugins/elementor/assets/css/frontend-lite.min.css?ver=3.6.1 HTTP/2" 200 12889 "https://www.kopasan.mykoperasi.coop/" "Mozilla/5.0 (Windows NT 10.0; Win64; x64) AppleWebKit/537.36 (KHTML, like Gecko) Chrome/147.0.0.0 Safari/537.36"
94.246.254.191 - - [13/Jul/2026:02:37:51 +0000] "GET /wp-content/plugins/elementor/assets/lib/eicons/css/elementor-icons.min.css?ver=5.15.0 HTTP/2" 200 3603 "https://www.kopasan.mykoperasi.coop/" "Mozilla/5.0 (Windows NT 10.0; Win64; x64) AppleWebKit/537.36 (KHTML, like Gecko) Chrome/147.0.0.0 Safari/537.36"
94.246.254.191 - - [13/Jul/2026:02:37:51 +0000] "GET /wp-content/plugins/elementor/assets/lib/font-awesome/css/regular.min.css?ver=5.15.3 HTTP/2" 200 283 "https://www.kopasan.mykoperasi.coop/" "Mozilla/5.0 (Windows NT 10.0; Win64; x64) AppleWebKit/537.36 (KHTML, like Gecko) Chrome/147.0.0.0 Safari/537.36"
94.246.254.191 - - [13/Jul/2026:02:37:51 +0000] "GET /wp-content/plugins/elementor/assets/lib/font-awesome/css/solid.min.css?ver=5.15.3 HTTP/2" 200 286 "https://www.kopasan.mykoperasi.coop/" "Mozilla/5.0 (Windows NT 10.0; Win64; x64) AppleWebKit/537.36 (KHTML, like Gecko) Chrome/147.0.0.0 Safari/537.36"
94.246.254.191 - - [13/Jul/2026:02:37:51 +0000] "GET /wp-content/plugins/elementor/assets/lib/font-awesome/css/fontawesome.min.css?ver=5.15.3 HTTP/2" 200 12133 "https://www.kopasan.mykoperasi.coop/" "Mozilla/5.0 (Windows NT 10.0; Win64; x64) AppleWebKit/537.36 (KHTML, like Gecko) Chrome/147.0.0.0 Safari/537.36"
94.246.254.191 - - [13/Jul/2026:02:37:51 +0000] "GET /wp-content/plugins/qi-addons-for-elementor/assets/css/main.min.css?ver=7.0.1 HTTP/2" 200 24410 "https://www.kopasan.mykoperasi.coop/" "Mozilla/5.0 (Windows NT 10.0; Win64; x64) AppleWebKit/537.36 (KHTML, like Gecko) Chrome/147.0.0.0 Safari/537.36"
94.246.254.191 - - [13/Jul/2026:02:37:51 +0000] "GET /wp-content/plugins/qi-addons-for-elementor/assets/css/helper-parts.min.css?ver=7.0.1 HTTP/2" 200 2471 "https://www.kopasan.mykoperasi.coop/" "Mozilla/5.0 (Windows NT 10.0; Win64; x64) AppleWebKit/537.36 (KHTML, like Gecko) Chrome/147.0.0.0 Safari/537.36"
94.246.254.191 - - [13/Jul/2026:02:37:51 +0000] "GET /wp-content/plugins/qi-addons-for-elementor/assets/css/grid.min.css?ver=7.0.1 HTTP/2" 200 1416 "https://www.kopasan.mykoperasi.coop/" "Mozilla/5.0 (Windows NT 10.0; Win64; x64) AppleWebKit/537.36 (KHTML, like Gecko) Chrome/147.0.0.0 Safari/537.36"
94.246.254.191 - - [13/Jul/2026:02:37:51 +0000] "GET /wp-content/plugins/qi-addons-for-elementor/assets/plugins/swiper/swiper.min.css?ver=7.0.1 HTTP/2" 200 3818 "https://www.kopasan.mykoperasi.coop/" "Mozilla/5.0 (Windows NT 10.0; Win64; x64) AppleWebKit/537.36 (KHTML, like Gecko) Chrome/147.0.0.0 Safari/537.36"
94.246.254.191 - - [13/Jul/2026:02:37:51 +0000] "GET /wp-content/plugins/elementor/assets/lib/animations/animations.min.css?ver=3.6.1 HTTP/2" 200 2442 "https://www.kopasan.mykoperasi.coop/" "Mozilla/5.0 (Windows NT 10.0; Win64; x64) AppleWebKit/537.36 (KHTML, like Gecko) Chrome/147.0.0.0 Safari/537.36"
94.246.254.191 - - [13/Jul/2026:02:37:51 +0000] "GET /wp-content/plugins/elementor/assets/lib/font-awesome/css/brands.min.css?ver=5.15.3 HTTP/2" 200 284 "https://www.kopasan.mykoperasi.coop/" "Mozilla/5.0 (Windows NT 10.0; Win64; x64) AppleWebKit/537.36 (KHTML, like Gecko) Chrome/147.0.0.0 Safari/537.36"
94.246.254.191 - - [13/Jul/2026:02:37:51 +0000] "GET /wp-content/plugins/wp-user-avatar/assets/select2/select2.min.js?ver=7.0.1 HTTP/2" 200 18500 "https://www.kopasan.mykoperasi.coop/" "Mozilla/5.0 (Windows NT 10.0; Win64; x64) AppleWebKit/537.36 (KHTML, like Gecko) Chrome/147.0.0.0 Safari/537.36"
