File: /home/mykopera/access-logs/komusa.mykoperasi.coop-ssl_log
66.249.66.199 - - [12/Jul/2026:12:50:09 +0000] "GET /?wc-ajax=%%endpoint%% HTTP/1.1" 200 0 "-" "Mozilla/5.0 (Linux; Android 6.0.1; Nexus 5X Build/MMB29P) AppleWebKit/537.36 (KHTML, like Gecko) Chrome/150.0.7871.46 Mobile Safari/537.36 (compatible; Googlebot/2.1; +http://www.google.com/bot.html)"
209.42.27.159 - - [12/Jul/2026:12:56:21 +0000] "POST /wp-cron.php?doing_wp_cron=1783860981.4004619121551513671875 HTTP/1.1" 200 0 "-" "WordPress/7.0.1; https://komusa.mykoperasi.coop"
205.210.31.19 - - [12/Jul/2026:12:56:19 +0000] "GET / HTTP/1.1" 200 169641 "-" "Hello from Palo Alto Networks, find out more about our scans in https://docs-cortex.paloaltonetworks.com/r/1/Cortex-Xpanse/Scanning-activity"
209.42.27.159 - - [12/Jul/2026:13:00:18 +0000] "POST /wp-cron.php?doing_wp_cron=1783861217.9186580181121826171875 HTTP/1.1" 200 0 "-" "WordPress/7.0.1; https://komusa.mykoperasi.coop"
209.42.27.159 - - [12/Jul/2026:13:00:18 +0000] "POST /wp-cron.php?doing_wp_cron=1783861218.1194689273834228515625 HTTP/1.1" 200 0 "-" "WordPress/7.0.1; https://komusa.mykoperasi.coop"
74.7.244.18 - - [12/Jul/2026:13:00:17 +0000] "GET /robots.txt HTTP/2" 200 61 "-" "Mozilla/5.0 (Macintosh; Intel Mac OS X 10_15_7) AppleWebKit/537.36 (KHTML, like Gecko) Chrome/131.0.0.0 Safari/537.36; compatible; OAI-SearchBot/1.4; robots.txt; +https://openai.com/searchbot"
209.42.27.159 - - [12/Jul/2026:13:04:48 +0000] "POST /wp-cron.php?doing_wp_cron=1783861488.1053199768066406250000 HTTP/1.1" 200 0 "-" "WordPress/7.0.1; https://komusa.mykoperasi.coop"
38.84.24.90 - - [12/Jul/2026:13:04:47 +0000] "GET /wp-login.php HTTP/2" 200 2118 "-" "Mozilla/5.0 (Windows NT 10.0; Win64; x64) AppleWebKit/537.36 (KHTML, like Gecko) Chrome/143.0.0.0 Safari/537.36"
38.84.24.90 - - [12/Jul/2026:13:04:48 +0000] "POST /wp-login.php HTTP/2" 200 2252 "https://komusa.mykoperasi.coop/wp-login.php" "Mozilla/5.0 (Windows NT 10.0; Win64; x64) AppleWebKit/537.36 (KHTML, like Gecko) Chrome/143.0.0.0 Safari/537.36"
172.86.116.36 - - [12/Jul/2026:13:33:52 +0000] "GET /.git/config HTTP/1.1" 403 1242 "-" "Mozilla/5.0 (X11; Linux x86_64)"
209.42.27.159 - - [12/Jul/2026:14:41:57 +0000] "POST /wp-cron.php?doing_wp_cron=1783867317.0872590541839599609375 HTTP/1.1" 200 0 "-" "WordPress/7.0.1; https://komusa.mykoperasi.coop"
68.178.160.25 - - [12/Jul/2026:14:41:56 +0000] "GET /wp-login.php HTTP/2" 200 2118 "-" "Mozilla/5.0 (iPhone; CPU iPhone OS 18_0 like Mac OS X) AppleWebKit/605.1.15 (KHTML, like Gecko) CriOS/145.0.6917.0 Mobile/15E148 Safari/604.1"
68.178.160.25 - - [12/Jul/2026:14:41:57 +0000] "POST /wp-login.php HTTP/2" 200 2255 "https://komusa.mykoperasi.coop/wp-login.php" "Mozilla/5.0 (iPhone; CPU iPhone OS 18_0 like Mac OS X) AppleWebKit/605.1.15 (KHTML, like Gecko) CriOS/145.0.6917.0 Mobile/15E148 Safari/604.1"
209.42.27.159 - - [12/Jul/2026:15:11:57 +0000] "POST /wp-cron.php?doing_wp_cron=1783869117.4215929508209228515625 HTTP/1.1" 200 0 "-" "WordPress/7.0.1; https://komusa.mykoperasi.coop"
161.97.129.228 - - [12/Jul/2026:15:11:56 +0000] "GET /wp-login.php HTTP/2" 200 2118 "-" "Mozilla/5.0 (iPhone; CPU iPhone OS 17_7 like Mac OS X) AppleWebKit/605.1.15 (KHTML, like Gecko) Version/17.7 Mobile/15E148 Safari/604.1"
161.97.129.228 - - [12/Jul/2026:15:11:57 +0000] "POST /wp-login.php HTTP/2" 200 2255 "https://komusa.mykoperasi.coop/wp-login.php" "Mozilla/5.0 (iPhone; CPU iPhone OS 17_7 like Mac OS X) AppleWebKit/605.1.15 (KHTML, like Gecko) Version/17.7 Mobile/15E148 Safari/604.1"
209.42.27.159 - - [12/Jul/2026:15:14:10 +0000] "POST /wp-cron.php?doing_wp_cron=1783869250.0071420669555664062500 HTTP/1.1" 200 0 "-" "WordPress/7.0.1; https://komusa.mykoperasi.coop"
18.213.27.222 - - [12/Jul/2026:15:14:09 +0000] "GET /cart/?_wpnonce=72f63a36d4&remove_item=6d70cb65d15211726dcce4c0e971e21c HTTP/1.1" 200 51706 "-" "Mozilla/5.0 AppleWebKit/537.36 (KHTML, like Gecko; compatible; Amazonbot/0.1; +https://developer.amazon.com/support/amazonbot) Chrome/119.0.6045.214 Safari/537.36"
209.42.27.159 - - [12/Jul/2026:15:17:34 +0000] "POST /wp-cron.php?doing_wp_cron=1783869454.3812069892883300781250 HTTP/1.1" 200 0 "-" "WordPress/7.0.1; https://komusa.mykoperasi.coop"
154.61.75.100 - - [12/Jul/2026:15:17:33 +0000] "GET /wp-login.php HTTP/2" 200 2118 "-" "Mozilla/5.0 (X11; Linux x86_64) AppleWebKit/537.36 (KHTML, like Gecko) Chrome/149.0.0.0 Safari/537.36"
154.61.75.100 - - [12/Jul/2026:15:17:34 +0000] "POST /wp-login.php HTTP/2" 200 2252 "https://komusa.mykoperasi.coop/wp-login.php" "Mozilla/5.0 (X11; Linux x86_64) AppleWebKit/537.36 (KHTML, like Gecko) Chrome/149.0.0.0 Safari/537.36"
209.42.27.159 - - [12/Jul/2026:15:38:09 +0000] "POST /wp-cron.php?doing_wp_cron=1783870689.6232509613037109375000 HTTP/1.1" 200 0 "-" "WordPress/7.0.1; https://komusa.mykoperasi.coop"
87.250.224.132 - - [12/Jul/2026:15:38:09 +0000] "GET /robots.txt HTTP/1.1" 200 67 "-" "Mozilla/5.0 (compatible; YandexBot/3.0; +http://yandex.com/bots)"
95.108.213.115 - - [12/Jul/2026:15:38:10 +0000] "GET /wp-content/uploads/2024/01/346027456_997734961390744_55-1-100x100.jpg HTTP/2" 200 4116 "-" "Mozilla/5.0 (compatible; YandexImages/3.0; +http://yandex.com/bots)"
209.42.27.159 - - [12/Jul/2026:16:12:40 +0000] "POST /wp-cron.php?doing_wp_cron=1783872760.1498100757598876953125 HTTP/1.1" 200 0 "-" "WordPress/7.0.1; https://komusa.mykoperasi.coop"
147.135.138.90 - - [12/Jul/2026:16:12:39 +0000] "GET /wp-login.php HTTP/2" 200 2118 "-" "Mozilla/5.0 (Windows NT 10.0; Win64; x64) AppleWebKit/537.36 (KHTML, like Gecko) Chrome/149.0.0.0 Safari/537.36"
147.135.138.90 - - [12/Jul/2026:16:12:40 +0000] "POST /wp-login.php HTTP/2" 200 2252 "https://komusa.mykoperasi.coop/wp-login.php" "Mozilla/5.0 (Windows NT 10.0; Win64; x64) AppleWebKit/537.36 (KHTML, like Gecko) Chrome/149.0.0.0 Safari/537.36"
209.42.27.159 - - [12/Jul/2026:17:23:02 +0000] "POST /wp-cron.php?doing_wp_cron=1783876982.7104420661926269531250 HTTP/1.1" 200 0 "-" "WordPress/7.0.1; https://komusa.mykoperasi.coop"
52.203.152.231 - - [12/Jul/2026:17:23:02 +0000] "GET /checkout/ HTTP/1.1" 302 0 "-" "Mozilla/5.0 AppleWebKit/537.36 (KHTML, like Gecko; compatible; Amazonbot/0.1; +https://developer.amazon.com/support/amazonbot) Chrome/119.0.6045.214 Safari/537.36"
209.42.27.159 - - [12/Jul/2026:17:50:05 +0000] "POST /wp-cron.php?doing_wp_cron=1783878604.9505300521850585937500 HTTP/1.1" 200 0 "-" "WordPress/7.0.1; https://komusa.mykoperasi.coop"
47.128.49.0 - - [12/Jul/2026:17:50:04 +0000] "GET /robots.txt HTTP/1.1" 200 70 "-" "Mozilla/5.0 (Linux; Android 5.0) AppleWebKit/537.36 (KHTML, like Gecko) Mobile Safari/537.36 (compatible; Bytespider; spider-feedback@bytedance.com)"
209.42.27.159 - - [12/Jul/2026:18:00:17 +0000] "POST /wp-cron.php?doing_wp_cron=1783879217.3281300067901611328125 HTTP/1.1" 200 0 "-" "WordPress/7.0.1; https://komusa.mykoperasi.coop"
66.249.66.198 - - [12/Jul/2026:18:00:16 +0000] "GET /cart/ HTTP/1.1" 200 45409 "-" "Mozilla/5.0 (Linux; Android 6.0.1; Nexus 5X Build/MMB29P) AppleWebKit/537.36 (KHTML, like Gecko) Chrome/150.0.7871.46 Mobile Safari/537.36 (compatible; Googlebot/2.1; +http://www.google.com/bot.html)"
209.42.27.159 - - [12/Jul/2026:18:14:54 +0000] "POST /wp-cron.php?doing_wp_cron=1783880094.5603210926055908203125 HTTP/1.1" 200 0 "-" "WordPress/7.0.1; https://komusa.mykoperasi.coop"
100.50.227.41 - - [12/Jul/2026:18:14:53 +0000] "GET /robots.txt HTTP/1.1" 200 70 "-" "Mozilla/5.0 (Macintosh; Intel Mac OS X 10_10_1) AppleWebKit/600.2.5 (KHTML, like Gecko) Version/8.0.2 Safari/600.2.5 (Gort)"
66.249.66.199 - - [12/Jul/2026:18:37:56 +0000] "GET /wp-content/themes/astra/assets/css/minified/main.min.css?ver=3.7.9 HTTP/1.1" 200 7892 "https://komusa.mykoperasi.coop/cart/" "Mozilla/5.0 (Linux; Android 6.0.1; Nexus 5X Build/MMB29P) AppleWebKit/537.36 (KHTML, like Gecko) Chrome/150.0.7871.46 Mobile Safari/537.36 (compatible; Googlebot/2.1; +http://www.google.com/bot.html)"
66.249.66.198 - - [12/Jul/2026:18:37:58 +0000] "GET /wp-content/plugins/contact-form-7/includes/css/styles.css?ver=5.5.6 HTTP/1.1" 200 848 "https://komusa.mykoperasi.coop/cart/" "Mozilla/5.0 (Linux; Android 6.0.1; Nexus 5X Build/MMB29P) AppleWebKit/537.36 (KHTML, like Gecko) Chrome/150.0.7871.46 Mobile Safari/537.36 (compatible; Googlebot/2.1; +http://www.google.com/bot.html)"
66.249.66.199 - - [12/Jul/2026:18:37:58 +0000] "GET /wp-content/plugins/wp-user-avatar/assets/select2/select2.min.css?ver=7.0.1 HTTP/1.1" 200 1800 "https://komusa.mykoperasi.coop/cart/" "Mozilla/5.0 (Linux; Android 6.0.1; Nexus 5X Build/MMB29P) AppleWebKit/537.36 (KHTML, like Gecko) Chrome/150.0.7871.46 Mobile Safari/537.36 (compatible; Googlebot/2.1; +http://www.google.com/bot.html)"
66.249.66.200 - - [12/Jul/2026:18:38:01 +0000] "GET /wp-content/plugins/wp-user-avatar/assets/flatpickr/flatpickr.min.css?ver=3.2.9 HTTP/1.1" 200 2810 "https://komusa.mykoperasi.coop/cart/" "Mozilla/5.0 (Linux; Android 6.0.1; Nexus 5X Build/MMB29P) AppleWebKit/537.36 (KHTML, like Gecko) Chrome/150.0.7871.46 Mobile Safari/537.36 (compatible; Googlebot/2.1; +http://www.google.com/bot.html)"
66.249.66.200 - - [12/Jul/2026:18:38:02 +0000] "GET /wp-content/uploads/elementor/css/global.css?ver=1704892217 HTTP/1.1" 200 1291 "https://komusa.mykoperasi.coop/cart/" "Mozilla/5.0 (Linux; Android 6.0.1; Nexus 5X Build/MMB29P) AppleWebKit/537.36 (KHTML, like Gecko) Chrome/150.0.7871.46 Mobile Safari/537.36 (compatible; Googlebot/2.1; +http://www.google.com/bot.html)"
66.249.66.198 - - [12/Jul/2026:18:38:03 +0000] "GET /wp-content/plugins/header-footer-elementor/assets/css/header-footer-elementor.css?ver=1.6.10 HTTP/1.1" 200 259 "https://komusa.mykoperasi.coop/cart/" "Mozilla/5.0 (Linux; Android 6.0.1; Nexus 5X Build/MMB29P) AppleWebKit/537.36 (KHTML, like Gecko) Chrome/150.0.7871.46 Mobile Safari/537.36 (compatible; Googlebot/2.1; +http://www.google.com/bot.html)"
66.249.66.200 - - [12/Jul/2026:18:38:04 +0000] "GET /wp-content/plugins/elementor/assets/lib/eicons/css/elementor-icons.min.css?ver=5.15.0 HTTP/1.1" 200 3603 "https://komusa.mykoperasi.coop/cart/" "Mozilla/5.0 (Linux; Android 6.0.1; Nexus 5X Build/MMB29P) AppleWebKit/537.36 (KHTML, like Gecko) Chrome/150.0.7871.46 Mobile Safari/537.36 (compatible; Googlebot/2.1; +http://www.google.com/bot.html)"
66.249.66.198 - - [12/Jul/2026:18:38:04 +0000] "GET /wp-content/uploads/elementor/css/post-1314.css?ver=1704892217 HTTP/1.1" 200 338 "https://komusa.mykoperasi.coop/cart/" "Mozilla/5.0 (Linux; Android 6.0.1; Nexus 5X Build/MMB29P) AppleWebKit/537.36 (KHTML, like Gecko) Chrome/150.0.7871.46 Mobile Safari/537.36 (compatible; Googlebot/2.1; +http://www.google.com/bot.html)"
66.249.66.199 - - [12/Jul/2026:18:38:06 +0000] "GET /wp-content/plugins/woocommerce/assets/css/select2.css?ver=6.3.2 HTTP/1.1" 200 1706 "https://komusa.mykoperasi.coop/cart/" "Mozilla/5.0 (Linux; Android 6.0.1; Nexus 5X Build/MMB29P) AppleWebKit/537.36 (KHTML, like Gecko) Chrome/150.0.7871.46 Mobile Safari/537.36 (compatible; Googlebot/2.1; +http://www.google.com/bot.html)"
66.249.66.199 - - [12/Jul/2026:18:38:06 +0000] "GET /wp-content/plugins/qi-addons-for-elementor/assets/plugins/swiper/swiper.min.css?ver=7.0.1 HTTP/1.1" 200 3818 "https://komusa.mykoperasi.coop/cart/" "Mozilla/5.0 (Linux; Android 6.0.1; Nexus 5X Build/MMB29P) AppleWebKit/537.36 (KHTML, like Gecko) Chrome/150.0.7871.46 Mobile Safari/537.36 (compatible; Googlebot/2.1; +http://www.google.com/bot.html)"
66.249.66.198 - - [12/Jul/2026:18:38:07 +0000] "GET /wp-content/themes/astra/assets/css/minified/compatibility/contact-form-7-main.min.css?ver=3.7.9 HTTP/1.1" 200 334 "https://komusa.mykoperasi.coop/cart/" "Mozilla/5.0 (Linux; Android 6.0.1; Nexus 5X Build/MMB29P) AppleWebKit/537.36 (KHTML, like Gecko) Chrome/150.0.7871.46 Mobile Safari/537.36 (compatible; Googlebot/2.1; +http://www.google.com/bot.html)"
66.249.66.199 - - [12/Jul/2026:18:38:07 +0000] "GET /wp-content/plugins/elementor/assets/css/frontend-lite.min.css?ver=3.6.1 HTTP/1.1" 200 12889 "https://komusa.mykoperasi.coop/cart/" "Mozilla/5.0 (Linux; Android 6.0.1; Nexus 5X Build/MMB29P) AppleWebKit/537.36 (KHTML, like Gecko) Chrome/150.0.7871.46 Mobile Safari/537.36 (compatible; Googlebot/2.1; +http://www.google.com/bot.html)"
66.249.66.199 - - [12/Jul/2026:18:38:08 +0000] "GET /wp-includes/js/dist/vendor/wp-polyfill.min.js?ver=3.15.0 HTTP/1.1" 200 11581 "https://komusa.mykoperasi.coop/cart/" "Mozilla/5.0 (Linux; Android 6.0.1; Nexus 5X Build/MMB29P) AppleWebKit/537.36 (KHTML, like Gecko) Chrome/150.0.7871.46 Mobile Safari/537.36 (compatible; Googlebot/2.1; +http://www.google.com/bot.html)"
66.249.66.198 - - [12/Jul/2026:18:38:08 +0000] "GET /wp-content/plugins/woocommerce/assets/js/jquery-blockui/jquery.blockUI.min.js?ver=2.7.0-wc.6.3.2 HTTP/1.1" 200 3245 "https://komusa.mykoperasi.coop/cart/" "Mozilla/5.0 (Linux; Android 6.0.1; Nexus 5X Build/MMB29P) AppleWebKit/537.36 (KHTML, like Gecko) Chrome/150.0.7871.46 Mobile Safari/537.36 (compatible; Googlebot/2.1; +http://www.google.com/bot.html)"
66.249.66.198 - - [12/Jul/2026:18:38:09 +0000] "GET /wp-content/plugins/woocommerce/assets/js/selectWoo/selectWoo.full.min.js?ver=1.0.9-wc.6.3.2 HTTP/1.1" 200 20026 "https://komusa.mykoperasi.coop/cart/" "Mozilla/5.0 (Linux; Android 6.0.1; Nexus 5X Build/MMB29P) AppleWebKit/537.36 (KHTML, like Gecko) Chrome/150.0.7871.46 Mobile Safari/537.36 (compatible; Googlebot/2.1; +http://www.google.com/bot.html)"
66.249.66.198 - - [12/Jul/2026:18:38:10 +0000] "GET /wp-content/plugins/woocommerce/assets/js/frontend/cart.min.js?ver=6.3.2 HTTP/1.1" 200 1797 "https://komusa.mykoperasi.coop/cart/" "Mozilla/5.0 (Linux; Android 6.0.1; Nexus 5X Build/MMB29P) AppleWebKit/537.36 (KHTML, like Gecko) Chrome/150.0.7871.46 Mobile Safari/537.36 (compatible; Googlebot/2.1; +http://www.google.com/bot.html)"
66.249.66.198 - - [12/Jul/2026:18:38:11 +0000] "GET /wp-content/plugins/qi-addons-for-elementor/assets/js/main.min.js?ver=7.0.1 HTTP/1.1" 200 12030 "https://komusa.mykoperasi.coop/cart/" "Mozilla/5.0 (Linux; Android 6.0.1; Nexus 5X Build/MMB29P) AppleWebKit/537.36 (KHTML, like Gecko) Chrome/150.0.7871.46 Mobile Safari/537.36 (compatible; Googlebot/2.1; +http://www.google.com/bot.html)"
66.249.66.198 - - [12/Jul/2026:18:38:12 +0000] "GET /wp-content/plugins/woocommerce/assets/js/frontend/woocommerce.min.js?ver=6.3.2 HTTP/1.1" 200 677 "https://komusa.mykoperasi.coop/cart/" "Mozilla/5.0 (Linux; Android 6.0.1; Nexus 5X Build/MMB29P) AppleWebKit/537.36 (KHTML, like Gecko) Chrome/150.0.7871.46 Mobile Safari/537.36 (compatible; Googlebot/2.1; +http://www.google.com/bot.html)"
66.249.66.198 - - [12/Jul/2026:18:38:12 +0000] "GET /wp-content/plugins/woocommerce/assets/js/frontend/country-select.min.js?ver=6.3.2 HTTP/1.1" 200 950 "https://komusa.mykoperasi.coop/cart/" "Mozilla/5.0 (Linux; Android 6.0.1; Nexus 5X Build/MMB29P) AppleWebKit/537.36 (KHTML, like Gecko) Chrome/150.0.7871.46 Mobile Safari/537.36 (compatible; Googlebot/2.1; +http://www.google.com/bot.html)"
66.249.66.198 - - [12/Jul/2026:18:38:13 +0000] "GET /wp-content/plugins/contact-form-7/includes/js/index.js?ver=5.5.6 HTTP/1.1" 200 3050 "https://komusa.mykoperasi.coop/cart/" "Mozilla/5.0 (Linux; Android 6.0.1; Nexus 5X Build/MMB29P) AppleWebKit/537.36 (KHTML, like Gecko) Chrome/150.0.7871.46 Mobile Safari/537.36 (compatible; Googlebot/2.1; +http://www.google.com/bot.html)"
66.249.66.198 - - [12/Jul/2026:18:38:14 +0000] "GET /wp-content/plugins/qi-addons-for-elementor/inc/plugins/elementor/assets/js/elementor.js?ver=7.0.1 HTTP/1.1" 200 496 "https://komusa.mykoperasi.coop/cart/" "Mozilla/5.0 (Linux; Android 6.0.1; Nexus 5X Build/MMB29P) AppleWebKit/537.36 (KHTML, like Gecko) Chrome/150.0.7871.46 Mobile Safari/537.36 (compatible; Googlebot/2.1; +http://www.google.com/bot.html)"
66.249.66.198 - - [12/Jul/2026:18:38:15 +0000] "GET /wp-content/plugins/elementor/assets/lib/waypoints/waypoints.min.js?ver=4.0.2 HTTP/1.1" 200 2867 "https://komusa.mykoperasi.coop/cart/" "Mozilla/5.0 (Linux; Android 6.0.1; Nexus 5X Build/MMB29P) AppleWebKit/537.36 (KHTML, like Gecko) Chrome/150.0.7871.46 Mobile Safari/537.36 (compatible; Googlebot/2.1; +http://www.google.com/bot.html)"
66.249.66.198 - - [12/Jul/2026:18:38:15 +0000] "GET /wp-content/plugins/wp-user-avatar/assets/js/frontend.min.js?ver=3.2.9 HTTP/1.1" 200 2205 "https://komusa.mykoperasi.coop/cart/" "Mozilla/5.0 (Linux; Android 6.0.1; Nexus 5X Build/MMB29P) AppleWebKit/537.36 (KHTML, like Gecko) Chrome/150.0.7871.46 Mobile Safari/537.36 (compatible; Googlebot/2.1; +http://www.google.com/bot.html)"
66.249.66.198 - - [12/Jul/2026:18:38:16 +0000] "GET /wp-content/plugins/header-footer-elementor/inc/js/frontend.js?ver=1.6.10 HTTP/1.1" 200 3600 "https://komusa.mykoperasi.coop/cart/" "Mozilla/5.0 (Linux; Android 6.0.1; Nexus 5X Build/MMB29P) AppleWebKit/537.36 (KHTML, like Gecko) Chrome/150.0.7871.46 Mobile Safari/537.36 (compatible; Googlebot/2.1; +http://www.google.com/bot.html)"
66.249.66.198 - - [12/Jul/2026:18:38:17 +0000] "GET /wp-content/plugins/woocommerce/assets/js/frontend/address-i18n.min.js?ver=6.3.2 HTTP/1.1" 200 836 "https://komusa.mykoperasi.coop/cart/" "Mozilla/5.0 (Linux; Android 6.0.1; Nexus 5X Build/MMB29P) AppleWebKit/537.36 (KHTML, like Gecko) Chrome/150.0.7871.46 Mobile Safari/537.36 (compatible; Googlebot/2.1; +http://www.google.com/bot.html)"
209.42.27.159 - - [12/Jul/2026:19:09:56 +0000] "POST /wp-cron.php?doing_wp_cron=1783883395.9287009239196777343750 HTTP/1.1" 200 0 "-" "WordPress/7.0.1; https://komusa.mykoperasi.coop"
209.42.27.159 - - [12/Jul/2026:19:09:56 +0000] "POST /wp-cron.php?doing_wp_cron=1783883396.1191051006317138671875 HTTP/1.1" 200 0 "-" "WordPress/7.0.1; https://komusa.mykoperasi.coop"
213.180.203.15 - - [12/Jul/2026:19:09:55 +0000] "GET /robots.txt HTTP/1.1" 200 67 "-" "Mozilla/5.0 (compatible; YandexBot/3.0; +http://yandex.com/bots)"
5.255.231.10 - - [12/Jul/2026:19:09:57 +0000] "GET /wp-content/uploads/2024/01/346027456_997734961390744_55-1.jpg HTTP/2" 200 81407 "-" "Mozilla/5.0 (compatible; YandexImages/3.0; +http://yandex.com/bots)"
209.42.27.159 - - [12/Jul/2026:19:13:20 +0000] "POST /wp-cron.php?doing_wp_cron=1783883600.5241899490356445312500 HTTP/1.1" 200 0 "-" "WordPress/7.0.1; https://komusa.mykoperasi.coop"
44.212.131.50 - - [12/Jul/2026:19:13:19 +0000] "GET / HTTP/1.1" 200 36080 "-" "Mozilla/5.0 AppleWebKit/537.36 (KHTML, like Gecko; compatible; Amazonbot/0.1; +https://developer.amazon.com/support/amazonbot) Chrome/119.0.6045.214 Safari/537.36"
209.42.27.159 - - [12/Jul/2026:19:14:27 +0000] "POST /wp-cron.php?doing_wp_cron=1783883667.8127570152282714843750 HTTP/1.1" 200 0 "-" "WordPress/7.0.1; https://komusa.mykoperasi.coop"
185.191.171.10 - - [12/Jul/2026:19:14:27 +0000] "GET /category/uncategorized/ HTTP/1.1" 200 32385 "-" "Mozilla/5.0 (compatible; SemrushBot/7~bl; +http://www.semrush.com/bot.html)"
209.42.27.159 - - [12/Jul/2026:19:17:09 +0000] "POST /wp-cron.php?doing_wp_cron=1783883829.2622380256652832031250 HTTP/1.1" 200 0 "-" "WordPress/7.0.1; https://komusa.mykoperasi.coop"
14.128.14.9 - - [12/Jul/2026:19:17:09 +0000] "GET /wp-login.php HTTP/2" 200 2118 "-" "Mozilla/5.0 (Windows NT 10.0; Win64; x64) AppleWebKit/537.36 (KHTML, like Gecko) Chrome/145.0.0.0 Safari/537.36"
14.128.14.9 - - [12/Jul/2026:19:17:11 +0000] "POST /wp-login.php HTTP/2" 200 2252 "https://komusa.mykoperasi.coop/wp-login.php" "Mozilla/5.0 (Windows NT 10.0; Win64; x64) AppleWebKit/537.36 (KHTML, like Gecko) Chrome/145.0.0.0 Safari/537.36"
209.42.27.159 - - [12/Jul/2026:20:55:32 +0000] "POST /wp-cron.php?doing_wp_cron=1783889732.3427970409393310546875 HTTP/1.1" 200 0 "-" "WordPress/7.0.1; https://komusa.mykoperasi.coop"
103.90.234.13 - - [12/Jul/2026:20:55:31 +0000] "GET /wp-login.php HTTP/2" 200 2118 "-" "Mozilla/5.0 (X11; Linux x86_64) AppleWebKit/537.36 (KHTML, like Gecko) Chrome/146.0.0.0 Safari/537.36"
103.90.234.13 - - [12/Jul/2026:20:55:33 +0000] "POST /wp-login.php HTTP/2" 200 2252 "https://komusa.mykoperasi.coop/wp-login.php" "Mozilla/5.0 (X11; Linux x86_64) AppleWebKit/537.36 (KHTML, like Gecko) Chrome/146.0.0.0 Safari/537.36"
209.42.27.159 - - [12/Jul/2026:21:23:08 +0000] "POST /wp-cron.php?doing_wp_cron=1783891387.9082250595092773437500 HTTP/1.1" 200 0 "-" "WordPress/7.0.1; https://komusa.mykoperasi.coop"
74.7.244.55 - - [12/Jul/2026:21:23:07 +0000] "GET /robots.txt HTTP/2" 301 0 "-" "Mozilla/5.0 (Macintosh; Intel Mac OS X 10_15_7) AppleWebKit/537.36 (KHTML, like Gecko) Chrome/131.0.0.0 Safari/537.36; compatible; OAI-SearchBot/1.4; robots.txt; +https://openai.com/searchbot"
74.7.244.55 - - [12/Jul/2026:21:23:08 +0000] "GET /robots.txt HTTP/2" 200 61 "https://www.komusa.mykoperasi.coop/robots.txt" "Mozilla/5.0 (Macintosh; Intel Mac OS X 10_15_7) AppleWebKit/537.36 (KHTML, like Gecko) Chrome/131.0.0.0 Safari/537.36; compatible; OAI-SearchBot/1.4; robots.txt; +https://openai.com/searchbot"
209.42.27.159 - - [12/Jul/2026:21:41:00 +0000] "POST /wp-cron.php?doing_wp_cron=1783892460.3092780113220214843750 HTTP/1.1" 200 0 "-" "WordPress/7.0.1; https://komusa.mykoperasi.coop"
185.93.89.147 - - [12/Jul/2026:21:40:59 +0000] "GET / HTTP/1.1" 301 0 "-" "Mozilla/5.0 (compatible; jscrawler/0.1; +https://github.com/)"
209.42.27.159 - - [12/Jul/2026:21:41:01 +0000] "POST /wp-cron.php?doing_wp_cron=1783892461.7693140506744384765625 HTTP/1.1" 200 0 "-" "WordPress/7.0.1; https://komusa.mykoperasi.coop"
185.93.89.147 - - [12/Jul/2026:21:41:01 +0000] "GET / HTTP/1.1" 200 31216 "https://www.komusa.mykoperasi.coop/" "Mozilla/5.0 (compatible; jscrawler/0.1; +https://github.com/)"
185.93.89.147 - - [12/Jul/2026:21:41:02 +0000] "GET /wp-includes/js/dist/vendor/wp-polyfill.min.js?ver=3.15.0 HTTP/1.1" 200 11581 "-" "Mozilla/5.0 (compatible; jscrawler/0.1; +https://github.com/)"
185.93.89.147 - - [12/Jul/2026:21:41:02 +0000] "GET /wp-includes/js/wp-emoji-loader.min.js HTTP/1.1" 200 1116 "-" "Mozilla/5.0 (compatible; jscrawler/0.1; +https://github.com/)"
185.93.89.147 - - [12/Jul/2026:21:41:02 +0000] "GET /wp-includes/js/wp-emoji-release.min.js HTTP/1.1" 200 4974 "-" "Mozilla/5.0 (compatible; jscrawler/0.1; +https://github.com/)"
185.93.89.147 - - [12/Jul/2026:21:41:02 +0000] "GET /wp-includes/js/dist/vendor/wp-polyfill.min.js HTTP/1.1" 200 11581 "-" "Mozilla/5.0 (compatible; jscrawler/0.1; +https://github.com/)"
209.42.27.159 - - [12/Jul/2026:22:33:33 +0000] "POST /wp-cron.php?doing_wp_cron=1783895613.6191720962524414062500 HTTP/1.1" 200 0 "-" "WordPress/7.0.1; https://komusa.mykoperasi.coop"
213.171.208.62 - - [12/Jul/2026:22:33:32 +0000] "GET /wp-login.php HTTP/2" 200 2118 "-" "Mozilla/5.0 (Linux; Android 10; K) AppleWebKit/537.36 (KHTML, like Gecko) Chrome/145.0.0.0 Mobile Safari/537.36"
213.171.208.62 - - [12/Jul/2026:22:33:34 +0000] "POST /wp-login.php HTTP/2" 200 2252 "https://komusa.mykoperasi.coop/wp-login.php" "Mozilla/5.0 (Linux; Android 10; K) AppleWebKit/537.36 (KHTML, like Gecko) Chrome/145.0.0.0 Mobile Safari/537.36"
209.42.27.159 - - [12/Jul/2026:23:40:10 +0000] "POST /wp-cron.php?doing_wp_cron=1783899609.8369319438934326171875 HTTP/1.1" 200 0 "-" "WordPress/7.0.1; https://komusa.mykoperasi.coop"
209.42.27.159 - - [12/Jul/2026:23:40:10 +0000] "POST /wp-cron.php?doing_wp_cron=1783899610.2888140678405761718750 HTTP/1.1" 200 0 "-" "WordPress/7.0.1; https://komusa.mykoperasi.coop"
40.77.167.6 - - [12/Jul/2026:23:40:08 +0000] "GET /alk-pengurusan-koop/ HTTP/2" 200 27951 "-" "Mozilla/5.0 AppleWebKit/537.36 (KHTML, like Gecko; compatible; bingbot/2.0; +http://www.bing.com/bingbot.htm) Chrome/116.0.1938.76 Safari/537.36"
40.77.167.7 - - [12/Jul/2026:23:40:25 +0000] "GET /wp-includes/js/jquery/jquery-migrate.min.js?ver=3.4.1 HTTP/2" 200 4678 "https://komusa.mykoperasi.coop/alk-pengurusan-koop/" "Mozilla/5.0 AppleWebKit/537.36 (KHTML, like Gecko; compatible; bingbot/2.0; +http://www.bing.com/bingbot.htm) Chrome/136.0.0.0 Safari/537.36 AppleWebKit/537.36 (KHTML, like Gecko; compatible; bingbot/2.0; +http://www.bing.com/bingbot.htm) Chrome/116.0.1938.76 Safari/537.36"
40.77.167.7 - - [12/Jul/2026:23:40:25 +0000] "GET /wp-content/plugins/qi-addons-for-elementor/assets/css/main.min.css?ver=7.0.1 HTTP/2" 200 24410 "https://komusa.mykoperasi.coop/alk-pengurusan-koop/" "Mozilla/5.0 AppleWebKit/537.36 (KHTML, like Gecko; compatible; bingbot/2.0; +http://www.bing.com/bingbot.htm) Chrome/136.0.0.0 Safari/537.36 AppleWebKit/537.36 (KHTML, like Gecko; compatible; bingbot/2.0; +http://www.bing.com/bingbot.htm) Chrome/116.0.1938.76 Safari/537.36"
40.77.167.7 - - [12/Jul/2026:23:40:25 +0000] "GET /wp-content/plugins/wp-user-avatar/assets/flatpickr/flatpickr.min.js?ver=7.0.1 HTTP/2" 200 13752 "https://komusa.mykoperasi.coop/alk-pengurusan-koop/" "Mozilla/5.0 AppleWebKit/537.36 (KHTML, like Gecko; compatible; bingbot/2.0; +http://www.bing.com/bingbot.htm) Chrome/136.0.0.0 Safari/537.36 AppleWebKit/537.36 (KHTML, like Gecko; compatible; bingbot/2.0; +http://www.bing.com/bingbot.htm) Chrome/116.0.1938.76 Safari/537.36"
40.77.167.7 - - [12/Jul/2026:23:40:26 +0000] "GET /wp-content/plugins/header-footer-elementor/inc/js/frontend.js?ver=1.6.10 HTTP/2" 200 3600 "https://komusa.mykoperasi.coop/alk-pengurusan-koop/" "Mozilla/5.0 AppleWebKit/537.36 (KHTML, like Gecko; compatible; bingbot/2.0; +http://www.bing.com/bingbot.htm) Chrome/136.0.0.0 Safari/537.36 AppleWebKit/537.36 (KHTML, like Gecko; compatible; bingbot/2.0; +http://www.bing.com/bingbot.htm) Chrome/116.0.1938.76 Safari/537.36"
40.77.167.7 - - [12/Jul/2026:23:40:26 +0000] "GET /wp-content/plugins/contact-form-7/includes/js/index.js?ver=5.5.6 HTTP/2" 200 3050 "https://komusa.mykoperasi.coop/alk-pengurusan-koop/" "Mozilla/5.0 AppleWebKit/537.36 (KHTML, like Gecko; compatible; bingbot/2.0; +http://www.bing.com/bingbot.htm) Chrome/136.0.0.0 Safari/537.36 AppleWebKit/537.36 (KHTML, like Gecko; compatible; bingbot/2.0; +http://www.bing.com/bingbot.htm) Chrome/116.0.1938.76 Safari/537.36"
40.77.167.7 - - [12/Jul/2026:23:40:26 +0000] "GET /wp-content/plugins/elementor/assets/js/frontend.min.js?ver=3.6.1 HTTP/2" 200 10629 "https://komusa.mykoperasi.coop/alk-pengurusan-koop/" "Mozilla/5.0 AppleWebKit/537.36 (KHTML, like Gecko; compatible; bingbot/2.0; +http://www.bing.com/bingbot.htm) Chrome/136.0.0.0 Safari/537.36 AppleWebKit/537.36 (KHTML, like Gecko; compatible; bingbot/2.0; +http://www.bing.com/bingbot.htm) Chrome/116.0.1938.76 Safari/537.36"
40.77.167.7 - - [12/Jul/2026:23:40:26 +0000] "GET /wp-content/plugins/elementor/assets/js/webpack.runtime.min.js?ver=3.6.1 HTTP/2" 200 2049 "https://komusa.mykoperasi.coop/alk-pengurusan-koop/" "Mozilla/5.0 AppleWebKit/537.36 (KHTML, like Gecko; compatible; bingbot/2.0; +http://www.bing.com/bingbot.htm) Chrome/136.0.0.0 Safari/537.36 AppleWebKit/537.36 (KHTML, like Gecko; compatible; bingbot/2.0; +http://www.bing.com/bingbot.htm) Chrome/116.0.1938.76 Safari/537.36"
40.77.167.7 - - [12/Jul/2026:23:40:27 +0000] "GET /wp-content/plugins/woocommerce/assets/js/frontend/cart-fragments.min.js?ver=6.3.2 HTTP/2" 200 934 "https://komusa.mykoperasi.coop/alk-pengurusan-koop/" "Mozilla/5.0 AppleWebKit/537.36 (KHTML, like Gecko; compatible; bingbot/2.0; +http://www.bing.com/bingbot.htm) Chrome/136.0.0.0 Safari/537.36 AppleWebKit/537.36 (KHTML, like Gecko; compatible; bingbot/2.0; +http://www.bing.com/bingbot.htm) Chrome/116.0.1938.76 Safari/537.36"
40.77.167.7 - - [12/Jul/2026:23:40:27 +0000] "GET /wp-content/plugins/woocommerce/assets/js/js-cookie/js.cookie.min.js?ver=2.1.4-wc.6.3.2 HTTP/2" 200 899 "https://komusa.mykoperasi.coop/alk-pengurusan-koop/" "Mozilla/5.0 AppleWebKit/537.36 (KHTML, like Gecko; compatible; bingbot/2.0; +http://www.bing.com/bingbot.htm) Chrome/136.0.0.0 Safari/537.36 AppleWebKit/537.36 (KHTML, like Gecko; compatible; bingbot/2.0; +http://www.bing.com/bingbot.htm) Chrome/116.0.1938.76 Safari/537.36"
40.77.167.7 - - [12/Jul/2026:23:40:27 +0000] "GET /wp-content/plugins/woocommerce/assets/js/frontend/add-to-cart.min.js?ver=6.3.2 HTTP/2" 200 970 "https://komusa.mykoperasi.coop/alk-pengurusan-koop/" "Mozilla/5.0 AppleWebKit/537.36 (KHTML, like Gecko; compatible; bingbot/2.0; +http://www.bing.com/bingbot.htm) Chrome/136.0.0.0 Safari/537.36 AppleWebKit/537.36 (KHTML, like Gecko; compatible; bingbot/2.0; +http://www.bing.com/bingbot.htm) Chrome/116.0.1938.76 Safari/537.36"
40.77.167.7 - - [12/Jul/2026:23:40:27 +0000] "GET /wp-includes/js/jquery/ui/core.min.js?ver=1.13.3 HTTP/2" 200 6812 "https://komusa.mykoperasi.coop/alk-pengurusan-koop/" "Mozilla/5.0 AppleWebKit/537.36 (KHTML, like Gecko; compatible; bingbot/2.0; +http://www.bing.com/bingbot.htm) Chrome/136.0.0.0 Safari/537.36 AppleWebKit/537.36 (KHTML, like Gecko; compatible; bingbot/2.0; +http://www.bing.com/bingbot.htm) Chrome/116.0.1938.76 Safari/537.36"
40.77.167.7 - - [12/Jul/2026:23:40:28 +0000] "GET /wp-includes/js/wp-emoji-release.min.js?ver=7.0.1 HTTP/2" 200 4974 "https://komusa.mykoperasi.coop/alk-pengurusan-koop/" "Mozilla/5.0 AppleWebKit/537.36 (KHTML, like Gecko; compatible; bingbot/2.0; +http://www.bing.com/bingbot.htm) Chrome/136.0.0.0 Safari/537.36 AppleWebKit/537.36 (KHTML, like Gecko; compatible; bingbot/2.0; +http://www.bing.com/bingbot.htm) Chrome/116.0.1938.76 Safari/537.36"
40.77.167.6 - - [12/Jul/2026:23:40:37 +0000] "GET /wp-includes/js/jquery/jquery.min.js?ver=3.7.1 HTTP/2" 200 29744 "https://komusa.mykoperasi.coop/alk-pengurusan-koop/" "Mozilla/5.0 AppleWebKit/537.36 (KHTML, like Gecko; compatible; bingbot/2.0; +http://www.bing.com/bingbot.htm) Chrome/136.0.0.0 Safari/537.36 AppleWebKit/537.36 (KHTML, like Gecko; compatible; bingbot/2.0; +http://www.bing.com/bingbot.htm) Chrome/116.0.1938.76 Safari/537.36"
40.77.167.6 - - [12/Jul/2026:23:40:37 +0000] "GET /wp-content/plugins/wp-user-avatar/assets/select2/select2.min.js?ver=7.0.1 HTTP/2" 200 18500 "https://komusa.mykoperasi.coop/alk-pengurusan-koop/" "Mozilla/5.0 AppleWebKit/537.36 (KHTML, like Gecko; compatible; bingbot/2.0; +http://www.bing.com/bingbot.htm) Chrome/136.0.0.0 Safari/537.36 AppleWebKit/537.36 (KHTML, like Gecko; compatible; bingbot/2.0; +http://www.bing.com/bingbot.htm) Chrome/116.0.1938.76 Safari/537.36"
40.77.167.6 - - [12/Jul/2026:23:40:37 +0000] "GET /wp-content/uploads/elementor/css/post-2420.css?ver=1704986250 HTTP/2" 200 481 "https://komusa.mykoperasi.coop/alk-pengurusan-koop/" "Mozilla/5.0 AppleWebKit/537.36 (KHTML, like Gecko; compatible; bingbot/2.0; +http://www.bing.com/bingbot.htm) Chrome/136.0.0.0 Safari/537.36 AppleWebKit/537.36 (KHTML, like Gecko; compatible; bingbot/2.0; +http://www.bing.com/bingbot.htm) Chrome/116.0.1938.76 Safari/537.36"
40.77.167.6 - - [12/Jul/2026:23:40:38 +0000] "GET /wp-content/plugins/wp-user-avatar/assets/select2/select2.min.css?ver=7.0.1 HTTP/2" 200 1800 "https://komusa.mykoperasi.coop/alk-pengurusan-koop/" "Mozilla/5.0 AppleWebKit/537.36 (KHTML, like Gecko; compatible; bingbot/2.0; +http://www.bing.com/bingbot.htm) Chrome/136.0.0.0 Safari/537.36 AppleWebKit/537.36 (KHTML, like Gecko; compatible; bingbot/2.0; +http://www.bing.com/bingbot.htm) Chrome/116.0.1938.76 Safari/537.36"
40.77.167.6 - - [12/Jul/2026:23:40:38 +0000] "GET /wp-content/themes/astra/assets/js/minified/frontend.min.js?ver=3.7.9 HTTP/2" 200 3672 "https://komusa.mykoperasi.coop/alk-pengurusan-koop/" "Mozilla/5.0 AppleWebKit/537.36 (KHTML, like Gecko; compatible; bingbot/2.0; +http://www.bing.com/bingbot.htm) Chrome/136.0.0.0 Safari/537.36 AppleWebKit/537.36 (KHTML, like Gecko; compatible; bingbot/2.0; +http://www.bing.com/bingbot.htm) Chrome/116.0.1938.76 Safari/537.36"
40.77.167.6 - - [12/Jul/2026:23:40:38 +0000] "GET /wp-content/plugins/qi-addons-for-elementor/assets/plugins/swiper/swiper.min.css?ver=7.0.1 HTTP/2" 200 3818 "https://komusa.mykoperasi.coop/alk-pengurusan-koop/" "Mozilla/5.0 AppleWebKit/537.36 (KHTML, like Gecko; compatible; bingbot/2.0; +http://www.bing.com/bingbot.htm) Chrome/136.0.0.0 Safari/537.36 AppleWebKit/537.36 (KHTML, like Gecko; compatible; bingbot/2.0; +http://www.bing.com/bingbot.htm) Chrome/116.0.1938.76 Safari/537.36"
40.77.167.6 - - [12/Jul/2026:23:40:38 +0000] "GET /wp-content/plugins/elementor/assets/lib/waypoints/waypoints.min.js?ver=4.0.2 HTTP/2" 200 2867 "https://komusa.mykoperasi.coop/alk-pengurusan-koop/" "Mozilla/5.0 AppleWebKit/537.36 (KHTML, like Gecko; compatible; bingbot/2.0; +http://www.bing.com/bingbot.htm) Chrome/136.0.0.0 Safari/537.36 AppleWebKit/537.36 (KHTML, like Gecko; compatible; bingbot/2.0; +http://www.bing.com/bingbot.htm) Chrome/116.0.1938.76 Safari/537.36"
40.77.167.6 - - [12/Jul/2026:23:40:39 +0000] "GET /wp-content/plugins/woocommerce/assets/js/frontend/woocommerce.min.js?ver=6.3.2 HTTP/2" 200 677 "https://komusa.mykoperasi.coop/alk-pengurusan-koop/" "Mozilla/5.0 AppleWebKit/537.36 (KHTML, like Gecko; compatible; bingbot/2.0; +http://www.bing.com/bingbot.htm) Chrome/136.0.0.0 Safari/537.36 AppleWebKit/537.36 (KHTML, like Gecko; compatible; bingbot/2.0; +http://www.bing.com/bingbot.htm) Chrome/116.0.1938.76 Safari/537.36"
52.167.144.216 - - [12/Jul/2026:23:40:44 +0000] "GET /wp-content/plugins/qi-addons-for-elementor/assets/css/helper-parts.min.css?ver=7.0.1 HTTP/2" 200 2471 "https://komusa.mykoperasi.coop/alk-pengurusan-koop/" "Mozilla/5.0 AppleWebKit/537.36 (KHTML, like Gecko; compatible; bingbot/2.0; +http://www.bing.com/bingbot.htm) Chrome/136.0.0.0 Safari/537.36 AppleWebKit/537.36 (KHTML, like Gecko; compatible; bingbot/2.0; +http://www.bing.com/bingbot.htm) Chrome/116.0.1938.76 Safari/537.36"
52.167.144.216 - - [12/Jul/2026:23:40:44 +0000] "GET /wp-content/plugins/qi-addons-for-elementor/assets/css/grid.min.css?ver=7.0.1 HTTP/2" 200 1416 "https://komusa.mykoperasi.coop/alk-pengurusan-koop/" "Mozilla/5.0 AppleWebKit/537.36 (KHTML, like Gecko; compatible; bingbot/2.0; +http://www.bing.com/bingbot.htm) Chrome/136.0.0.0 Safari/537.36 AppleWebKit/537.36 (KHTML, like Gecko; compatible; bingbot/2.0; +http://www.bing.com/bingbot.htm) Chrome/116.0.1938.76 Safari/537.36"
52.167.144.216 - - [12/Jul/2026:23:40:44 +0000] "GET /wp-content/plugins/click-to-chat-for-whatsapp/new/inc/assets/js/app.js?ver=3.12.1 HTTP/2" 200 1868 "https://komusa.mykoperasi.coop/alk-pengurusan-koop/" "Mozilla/5.0 AppleWebKit/537.36 (KHTML, like Gecko; compatible; bingbot/2.0; +http://www.bing.com/bingbot.htm) Chrome/136.0.0.0 Safari/537.36 AppleWebKit/537.36 (KHTML, like Gecko; compatible; bingbot/2.0; +http://www.bing.com/bingbot.htm) Chrome/116.0.1938.76 Safari/537.36"
52.167.144.216 - - [12/Jul/2026:23:40:44 +0000] "GET /wp-includes/js/dist/vendor/wp-polyfill.min.js?ver=3.15.0 HTTP/2" 200 11581 "https://komusa.mykoperasi.coop/alk-pengurusan-koop/" "Mozilla/5.0 AppleWebKit/537.36 (KHTML, like Gecko; compatible; bingbot/2.0; +http://www.bing.com/bingbot.htm) Chrome/136.0.0.0 Safari/537.36 AppleWebKit/537.36 (KHTML, like Gecko; compatible; bingbot/2.0; +http://www.bing.com/bingbot.htm) Chrome/116.0.1938.76 Safari/537.36"
52.167.144.216 - - [12/Jul/2026:23:40:45 +0000] "GET /wp-content/plugins/qi-addons-for-elementor/inc/plugins/elementor/assets/js/elementor.js?ver=7.0.1 HTTP/2" 200 496 "https://komusa.mykoperasi.coop/alk-pengurusan-koop/" "Mozilla/5.0 AppleWebKit/537.36 (KHTML, like Gecko; compatible; bingbot/2.0; +http://www.bing.com/bingbot.htm) Chrome/136.0.0.0 Safari/537.36 AppleWebKit/537.36 (KHTML, like Gecko; compatible; bingbot/2.0; +http://www.bing.com/bingbot.htm) Chrome/116.0.1938.76 Safari/537.36"
52.167.144.216 - - [12/Jul/2026:23:40:45 +0000] "GET /wp-content/plugins/elementor/assets/js/frontend-modules.min.js?ver=3.6.1 HTTP/2" 200 4448 "https://komusa.mykoperasi.coop/alk-pengurusan-koop/" "Mozilla/5.0 AppleWebKit/537.36 (KHTML, like Gecko; compatible; bingbot/2.0; +http://www.bing.com/bingbot.htm) Chrome/136.0.0.0 Safari/537.36 AppleWebKit/537.36 (KHTML, like Gecko; compatible; bingbot/2.0; +http://www.bing.com/bingbot.htm) Chrome/116.0.1938.76 Safari/537.36"
52.167.144.216 - - [12/Jul/2026:23:40:45 +0000] "GET /wp-content/plugins/woocommerce/assets/js/jquery-blockui/jquery.blockUI.min.js?ver=2.7.0-wc.6.3.2 HTTP/2" 200 3245 "https://komusa.mykoperasi.coop/alk-pengurusan-koop/" "Mozilla/5.0 AppleWebKit/537.36 (KHTML, like Gecko; compatible; bingbot/2.0; +http://www.bing.com/bingbot.htm) Chrome/136.0.0.0 Safari/537.36 AppleWebKit/537.36 (KHTML, like Gecko; compatible; bingbot/2.0; +http://www.bing.com/bingbot.htm) Chrome/116.0.1938.76 Safari/537.36"
52.167.144.216 - - [12/Jul/2026:23:40:46 +0000] "GET /wp-content/plugins/qi-addons-for-elementor/assets/js/main.min.js?ver=7.0.1 HTTP/2" 200 12030 "https://komusa.mykoperasi.coop/alk-pengurusan-koop/" "Mozilla/5.0 AppleWebKit/537.36 (KHTML, like Gecko; compatible; bingbot/2.0; +http://www.bing.com/bingbot.htm) Chrome/136.0.0.0 Safari/537.36 AppleWebKit/537.36 (KHTML, like Gecko; compatible; bingbot/2.0; +http://www.bing.com/bingbot.htm) Chrome/116.0.1938.76 Safari/537.36"
52.167.144.216 - - [12/Jul/2026:23:40:46 +0000] "GET /wp-content/plugins/wp-user-avatar/assets/js/frontend.min.js?ver=3.2.9 HTTP/2" 200 2205 "https://komusa.mykoperasi.coop/alk-pengurusan-koop/" "Mozilla/5.0 AppleWebKit/537.36 (KHTML, like Gecko; compatible; bingbot/2.0; +http://www.bing.com/bingbot.htm) Chrome/136.0.0.0 Safari/537.36 AppleWebKit/537.36 (KHTML, like Gecko; compatible; bingbot/2.0; +http://www.bing.com/bingbot.htm) Chrome/116.0.1938.76 Safari/537.36"
40.77.177.241 - - [12/Jul/2026:23:56:28 +0000] "GET /wp-content/plugins/elementor/assets/js/text-editor.289ae80d76f0c5abea44.bundle.min.js HTTP/2" 200 596 "https://komusa.mykoperasi.coop/alk-pengurusan-koop/" "Mozilla/5.0 AppleWebKit/537.36 (KHTML, like Gecko; compatible; bingbot/2.0; +http://www.bing.com/bingbot.htm) Chrome/136.0.0.0 Safari/537.36"
209.42.27.159 - - [12/Jul/2026:23:56:29 +0000] "POST /wp-cron.php?doing_wp_cron=1783900589.0917088985443115234375 HTTP/1.1" 200 0 "-" "WordPress/7.0.1; https://komusa.mykoperasi.coop"
40.77.177.241 - - [12/Jul/2026:23:56:28 +0000] "POST /?wc-ajax=get_refreshed_fragments HTTP/2" 200 487 "https://komusa.mykoperasi.coop/alk-pengurusan-koop/" "Mozilla/5.0 AppleWebKit/537.36 (KHTML, like Gecko; compatible; bingbot/2.0; +http://www.bing.com/bingbot.htm) Chrome/136.0.0.0 Safari/537.36"
34.122.16.212 - - [12/Jul/2026:23:58:15 +0000] "POST / HTTP/1.1" 200 0 "https://komusa.mykoperasi.coop/" "Mozilla/5.0 (Windows NT 10.0; Win64; x64) AppleWebKit/537.36 (KHTML, like Gecko) Chrome/145.0.0.0 Safari/537.36"
209.42.27.159 - - [13/Jul/2026:00:02:28 +0000] "POST /wp-cron.php?doing_wp_cron=1783900948.2409720420837402343750 HTTP/1.1" 200 0 "-" "WordPress/7.0.1; https://komusa.mykoperasi.coop"
52.202.233.37 - - [13/Jul/2026:00:02:27 +0000] "GET /cart/?_wpnonce=66053cfd98&remove_item=9ac403da7947a183884c18a67d3aa8de HTTP/1.1" 200 51708 "-" "Mozilla/5.0 AppleWebKit/537.36 (KHTML, like Gecko; compatible; Amazonbot/0.1; +https://developer.amazon.com/support/amazonbot) Chrome/119.0.6045.214 Safari/537.36"
94.154.43.188 - - [13/Jul/2026:00:21:28 +0000] "GET /wp-content/plugins/click-to-chat-for-whatsapp/new/inc/assets/js/app.js HTTP/1.1" 200 6020 "-" "Mozilla/5.0 (Windows NT 10.0; Win64; x64) AppleWebKit/537.36 (KHTML, like Gecko) Chrome/147.0.0.0 Safari/537.36"
94.154.43.177 - - [13/Jul/2026:00:21:28 +0000] "GET /wp-content/plugins/qi-addons-for-elementor/assets/js/main.min.js HTTP/1.1" 200 59558 "-" "Mozilla/5.0 (Windows NT 10.0; Win64; x64) AppleWebKit/537.36 (KHTML, like Gecko) Chrome/147.0.0.0 Safari/537.36"
94.154.43.187 - - [13/Jul/2026:00:21:28 +0000] "GET /wp-content/plugins/contact-form-7/includes/js/index.js HTTP/1.1" 200 9720 "-" "Mozilla/5.0 (Windows NT 10.0; Win64; x64) AppleWebKit/537.36 (KHTML, like Gecko) Chrome/147.0.0.0 Safari/537.36"
209.42.27.159 - - [13/Jul/2026:02:02:59 +0000] "POST /wp-cron.php?doing_wp_cron=1783908179.2637929916381835937500 HTTP/1.1" 200 0 "-" "WordPress/7.0.1; https://komusa.mykoperasi.coop"
45.79.123.44 - - [13/Jul/2026:02:02:58 +0000] "GET /wp-login.php HTTP/2" 200 2118 "-" "Mozilla/5.0 (X11; Linux x86_64) AppleWebKit/537.36 (KHTML, like Gecko) Chrome/148.0.0.0 Safari/537.36"
45.79.123.44 - - [13/Jul/2026:02:02:59 +0000] "POST /wp-login.php HTTP/2" 200 2252 "https://komusa.mykoperasi.coop/wp-login.php" "Mozilla/5.0 (X11; Linux x86_64) AppleWebKit/537.36 (KHTML, like Gecko) Chrome/148.0.0.0 Safari/537.36"
209.42.27.159 - - [13/Jul/2026:02:52:09 +0000] "POST /wp-cron.php?doing_wp_cron=1783911129.4453060626983642578125 HTTP/1.1" 200 0 "-" "WordPress/7.0.1; https://komusa.mykoperasi.coop"
209.42.27.159 - - [13/Jul/2026:02:52:10 +0000] "POST /wp-cron.php?doing_wp_cron=1783911129.8509318828582763671875 HTTP/1.1" 200 0 "-" "WordPress/7.0.1; https://komusa.mykoperasi.coop"
3.210.223.61 - - [13/Jul/2026:02:52:08 +0000] "GET /cart/?remove_item=9ac403da7947a183884c18a67d3aa8de HTTP/1.1" 200 51708 "-" "Mozilla/5.0 AppleWebKit/537.36 (KHTML, like Gecko; compatible; Amazonbot/0.1; +https://developer.amazon.com/support/amazonbot) Chrome/119.0.6045.214 Safari/537.36"