63.33.203.38 - - [12/Jul/2026:14:47:49 +0000] "GET /hosting/phpinfo.php HTTP/1.1" 404 29327 "-" "Mozilla/5.0 (X11; Linux x86_64) AppleWebKit/537.36 (KHTML, like Gecko) Chrome/131.0.0.0 Safari/537.36"
63.33.203.38 - - [12/Jul/2026:14:47:50 +0000] "GET /webmail/phpinfo.php HTTP/1.1" 200 13600 "-" "Mozilla/5.0 (X11; Linux x86_64) AppleWebKit/537.36 (KHTML, like Gecko) Chrome/131.0.0.0 Safari/537.36"
63.33.203.38 - - [12/Jul/2026:14:47:50 +0000] "GET /smtp/phpinfo.php HTTP/1.1" 404 29327 "-" "Mozilla/5.0 (X11; Linux x86_64) AppleWebKit/537.36 (KHTML, like Gecko) Chrome/131.0.0.0 Safari/537.36"
209.42.27.159 - - [12/Jul/2026:14:47:52 +0000] "POST /wp-cron.php?doing_wp_cron=1783867672.3432800769805908203125 HTTP/1.1" 200 0 "-" "WordPress/7.0.1; https://komuda.mykoperasi.coop"
63.33.203.38 - - [12/Jul/2026:14:47:51 +0000] "GET /phpinfo.php.bak HTTP/1.1" 404 29327 "-" "Mozilla/5.0 (X11; Linux x86_64) AppleWebKit/537.36 (KHTML, like Gecko) Chrome/131.0.0.0 Safari/537.36"
63.33.203.38 - - [12/Jul/2026:14:47:52 +0000] "GET /phpinfo.php.old HTTP/1.1" 404 29327 "-" "Mozilla/5.0 (X11; Linux x86_64) AppleWebKit/537.36 (KHTML, like Gecko) Chrome/131.0.0.0 Safari/537.36"
63.33.203.38 - - [12/Jul/2026:14:47:53 +0000] "GET /phpinfo.php~ HTTP/1.1" 404 29321 "-" "Mozilla/5.0 (X11; Linux x86_64) AppleWebKit/537.36 (KHTML, like Gecko) Chrome/131.0.0.0 Safari/537.36"
63.33.203.38 - - [12/Jul/2026:14:47:54 +0000] "GET /info.php.bak HTTP/1.1" 404 29321 "-" "Mozilla/5.0 (X11; Linux x86_64) AppleWebKit/537.36 (KHTML, like Gecko) Chrome/131.0.0.0 Safari/537.36"
63.33.203.38 - - [12/Jul/2026:14:47:55 +0000] "GET /phpinfo.php.save HTTP/1.1" 404 29327 "-" "Mozilla/5.0 (X11; Linux x86_64) AppleWebKit/537.36 (KHTML, like Gecko) Chrome/131.0.0.0 Safari/537.36"
63.33.203.38 - - [12/Jul/2026:14:47:56 +0000] "GET /staging/phpinfo.php HTTP/1.1" 404 29321 "-" "Mozilla/5.0 (X11; Linux x86_64) AppleWebKit/537.36 (KHTML, like Gecko) Chrome/131.0.0.0 Safari/537.36"
63.33.203.38 - - [12/Jul/2026:14:47:57 +0000] "GET /beta/phpinfo.php HTTP/1.1" 404 29327 "-" "Mozilla/5.0 (X11; Linux x86_64) AppleWebKit/537.36 (KHTML, like Gecko) Chrome/131.0.0.0 Safari/537.36"
63.33.203.38 - - [12/Jul/2026:14:47:58 +0000] "GET /uat/phpinfo.php HTTP/1.1" 404 29327 "-" "Mozilla/5.0 (X11; Linux x86_64) AppleWebKit/537.36 (KHTML, like Gecko) Chrome/131.0.0.0 Safari/537.36"
63.33.203.38 - - [12/Jul/2026:14:47:58 +0000] "GET /qa/phpinfo.php HTTP/1.1" 404 29321 "-" "Mozilla/5.0 (X11; Linux x86_64) AppleWebKit/537.36 (KHTML, like Gecko) Chrome/131.0.0.0 Safari/537.36"
63.33.203.38 - - [12/Jul/2026:14:47:59 +0000] "GET /preview/phpinfo.php HTTP/1.1" 404 29321 "-" "Mozilla/5.0 (X11; Linux x86_64) AppleWebKit/537.36 (KHTML, like Gecko) Chrome/131.0.0.0 Safari/537.36"
63.33.203.38 - - [12/Jul/2026:14:48:00 +0000] "GET /www/phpinfo.php HTTP/1.1" 404 29327 "-" "Mozilla/5.0 (X11; Linux x86_64) AppleWebKit/537.36 (KHTML, like Gecko) Chrome/131.0.0.0 Safari/537.36"
63.33.203.38 - - [12/Jul/2026:14:48:01 +0000] "GET /htdocs/phpinfo.php HTTP/1.1" 404 29327 "-" "Mozilla/5.0 (X11; Linux x86_64) AppleWebKit/537.36 (KHTML, like Gecko) Chrome/131.0.0.0 Safari/537.36"
63.33.203.38 - - [12/Jul/2026:14:48:01 +0000] "GET /public_html/phpinfo.php HTTP/1.1" 404 29321 "-" "Mozilla/5.0 (X11; Linux x86_64) AppleWebKit/537.36 (KHTML, like Gecko) Chrome/131.0.0.0 Safari/537.36"
63.33.203.38 - - [12/Jul/2026:14:48:02 +0000] "GET /site/phpinfo.php HTTP/1.1" 404 29327 "-" "Mozilla/5.0 (X11; Linux x86_64) AppleWebKit/537.36 (KHTML, like Gecko) Chrome/131.0.0.0 Safari/537.36"
63.33.203.38 - - [12/Jul/2026:14:48:03 +0000] "GET /docs/phpinfo.php HTTP/1.1" 404 29327 "-" "Mozilla/5.0 (X11; Linux x86_64) AppleWebKit/537.36 (KHTML, like Gecko) Chrome/131.0.0.0 Safari/537.36"
63.33.203.38 - - [12/Jul/2026:14:48:04 +0000] "GET /wp-admin/phpinfo.php HTTP/1.1" 404 29327 "-" "Mozilla/5.0 (X11; Linux x86_64) AppleWebKit/537.36 (KHTML, like Gecko) Chrome/131.0.0.0 Safari/537.36"
63.33.203.38 - - [12/Jul/2026:14:48:05 +0000] "GET /administrator/phpinfo.php HTTP/1.1" 404 29327 "-" "Mozilla/5.0 (X11; Linux x86_64) AppleWebKit/537.36 (KHTML, like Gecko) Chrome/131.0.0.0 Safari/537.36"
63.33.203.38 - - [12/Jul/2026:14:48:06 +0000] "GET /core/phpinfo.php HTTP/1.1" 404 29327 "-" "Mozilla/5.0 (X11; Linux x86_64) AppleWebKit/537.36 (KHTML, like Gecko) Chrome/131.0.0.0 Safari/537.36"
63.33.203.38 - - [12/Jul/2026:14:48:07 +0000] "GET /includes/phpinfo.php HTTP/1.1" 404 29327 "-" "Mozilla/5.0 (X11; Linux x86_64) AppleWebKit/537.36 (KHTML, like Gecko) Chrome/131.0.0.0 Safari/537.36"
136.65.59.213 - - [12/Jul/2026:15:07:40 +0000] "GET / HTTP/1.1" 200 160317 "-" "Mozilla/5.0 (Windows NT 10.0; Win64; x64) AppleWebKit/537.36 (KHTML, like Gecko) Chrome/78.0.3904.108 Safari/537.36"
136.65.59.213 - - [12/Jul/2026:15:07:42 +0000] "GET //wp-includes/wlwmanifest.xml HTTP/1.1" 301 0 "-" "Mozilla/5.0 (Windows NT 10.0; Win64; x64) AppleWebKit/537.36 (KHTML, like Gecko) Chrome/78.0.3904.108 Safari/537.36"
136.65.59.213 - - [12/Jul/2026:15:07:42 +0000] "GET //xmlrpc.php?rsd HTTP/1.1" 403 1242 "-" "Mozilla/5.0 (Windows NT 10.0; Win64; x64) AppleWebKit/537.36 (KHTML, like Gecko) Chrome/78.0.3904.108 Safari/537.36"
136.65.59.213 - - [12/Jul/2026:15:07:43 +0000] "GET / HTTP/1.1" 200 160317 "-" "Mozilla/5.0 (Windows NT 10.0; Win64; x64) AppleWebKit/537.36 (KHTML, like Gecko) Chrome/78.0.3904.108 Safari/537.36"
136.65.59.213 - - [12/Jul/2026:15:07:44 +0000] "GET //?author=1 HTTP/1.1" 301 0 "-" "Mozilla/5.0 (Windows NT 10.0; Win64; x64) AppleWebKit/537.36 (KHTML, like Gecko) Chrome/78.0.3904.108 Safari/537.36"
136.65.59.213 - - [12/Jul/2026:15:07:45 +0000] "GET //?author=2 HTTP/1.1" 301 0 "-" "Mozilla/5.0 (Windows NT 10.0; Win64; x64) AppleWebKit/537.36 (KHTML, like Gecko) Chrome/78.0.3904.108 Safari/537.36"
136.65.59.213 - - [12/Jul/2026:15:07:45 +0000] "GET //wp-json/wp/v2/users/ HTTP/1.1" 200 1356 "-" "Mozilla/5.0 (Windows NT 10.0; Win64; x64) AppleWebKit/537.36 (KHTML, like Gecko) Chrome/78.0.3904.108 Safari/537.36"
136.65.59.213 - - [12/Jul/2026:15:07:46 +0000] "POST //xmlrpc.php HTTP/1.1" 403 1242 "-" "Mozilla/5.0 (Windows NT 10.0; Win64; x64) AppleWebKit/537.36 (KHTML, like Gecko) Chrome/78.0.3904.108 Safari/537.36"
45.148.10.67 - - [12/Jul/2026:15:13:04 +0000] "GET /%2egit/%63onfig HTTP/2" 403 1242 "-" "TLM-Audit-Scanner/1.0"
45.148.10.67 - - [12/Jul/2026:15:13:04 +0000] "GET /%2eenv HTTP/2" 200 0 "-" "TLM-Audit-Scanner/1.0"
45.148.10.67 - - [12/Jul/2026:15:13:04 +0000] "GET /.aws/credentials HTTP/2" 200 0 "-" "TLM-Audit-Scanner/1.0"
45.148.10.67 - - [12/Jul/2026:15:13:04 +0000] "GET /.boto HTTP/2" 200 0 "-" "TLM-Audit-Scanner/1.0"
45.148.10.67 - - [12/Jul/2026:15:13:04 +0000] "GET /.aws/config HTTP/2" 200 0 "-" "TLM-Audit-Scanner/1.0"
45.148.10.67 - - [12/Jul/2026:15:13:04 +0000] "GET /*/[slug] HTTP/2" 200 0 "-" "TLM-Audit-Scanner/1.0"
45.148.10.67 - - [12/Jul/2026:15:13:04 +0000] "GET /..%5c..%5c..%5c..%5c..%5c..%5cvar/log/apache2/access.log HTTP/2" 200 0 "-" "TLM-Audit-Scanner/1.0"
45.148.10.67 - - [12/Jul/2026:15:13:04 +0000] "GET /%2f%2eaws%2fcredentials HTTP/2" 200 0 "-" "TLM-Audit-Scanner/1.0"
45.148.10.67 - - [12/Jul/2026:15:13:04 +0000] "GET /%62ackend/%2eenv HTTP/2" 200 0 "-" "TLM-Audit-Scanner/1.0"
45.148.10.67 - - [12/Jul/2026:15:13:04 +0000] "GET /*update.cgi* HTTP/2" 200 0 "-" "TLM-Audit-Scanner/1.0"
45.148.10.67 - - [12/Jul/2026:15:13:04 +0000] "GET / HTTP/2" 200 0 "-" "TLM-Audit-Scanner/1.0"
45.148.10.67 - - [12/Jul/2026:15:13:04 +0000] "GET /.amplifyrc HTTP/2" 200 0 "-" "TLM-Audit-Scanner/1.0"
45.148.10.67 - - [12/Jul/2026:15:13:04 +0000] "GET /%2fbackend%2f%2eenv HTTP/2" 200 0 "-" "TLM-Audit-Scanner/1.0"
45.148.10.67 - - [12/Jul/2026:15:13:04 +0000] "GET /* HTTP/2" 200 0 "-" "TLM-Audit-Scanner/1.0"
45.148.10.67 - - [12/Jul/2026:15:13:04 +0000] "GET /*/[id] HTTP/2" 200 0 "-" "TLM-Audit-Scanner/1.0"
45.148.10.67 - - [12/Jul/2026:15:13:04 +0000] "GET /%2f%2eenv HTTP/2" 200 0 "-" "TLM-Audit-Scanner/1.0"
45.148.10.67 - - [12/Jul/2026:15:13:04 +0000] "GET /.cache HTTP/2" 200 0 "-" "TLM-Audit-Scanner/1.0"
209.42.27.159 - - [12/Jul/2026:15:13:06 +0000] "POST /wp-cron.php?doing_wp_cron=1783869186.7731399536132812500000 HTTP/1.1" 200 0 "-" "WordPress/7.0.1; https://komuda.mykoperasi.coop"
45.148.10.67 - - [12/Jul/2026:15:13:06 +0000] "GET /.docker/config.json HTTP/2" 200 0 "-" "TLM-Audit-Scanner/1.0"
45.148.10.67 - - [12/Jul/2026:15:13:06 +0000] "GET /.docker/.env HTTP/2" 200 0 "-" "TLM-Audit-Scanner/1.0"
45.148.10.67 - - [12/Jul/2026:15:13:06 +0000] "GET /.docker/laravel/app/.env HTTP/2" 200 0 "-" "TLM-Audit-Scanner/1.0"
45.148.10.67 - - [12/Jul/2026:15:13:06 +0000] "GET /.docker/secrets.json HTTP/2" 200 0 "-" "TLM-Audit-Scanner/1.0"
209.42.27.159 - - [12/Jul/2026:15:32:57 +0000] "POST /wp-cron.php?doing_wp_cron=1783870377.5649640560150146484375 HTTP/1.1" 200 0 "-" "WordPress/7.0.1; https://komuda.mykoperasi.coop"
185.191.171.1 - - [12/Jul/2026:15:32:57 +0000] "GET /robots.txt HTTP/1.1" 200 70 "-" "Mozilla/5.0 (compatible; SemrushBot/7~bl; +http://www.semrush.com/bot.html)"
185.191.171.12 - - [12/Jul/2026:15:32:59 +0000] "GET /tag/nursery/ HTTP/1.1" 200 32111 "-" "Mozilla/5.0 (compatible; SemrushBot/7~bl; +http://www.semrush.com/bot.html)"
34.7.166.162 - - [12/Jul/2026:15:47:59 +0000] "GET / HTTP/2" 200 34063 "http://komuda.mykoperasi.coop" "Mozilla/5.0 (compatible; CMS-Checker/1.0; +https://example.com)"
136.66.170.50 - - [12/Jul/2026:16:06:21 +0000] "GET / HTTP/2" 200 34063 "http://komuda.mykoperasi.coop" "Mozilla/5.0 (compatible; CMS-Checker/1.0; +https://example.com)"
136.114.53.207 - - [12/Jul/2026:16:23:58 +0000] "GET / HTTP/2" 200 34063 "http://www.komuda.mykoperasi.coop" "Mozilla/5.0 (compatible; CMS-Checker/1.0; +https://example.com)"
136.66.170.50 - - [12/Jul/2026:16:55:35 +0000] "GET / HTTP/1.1" 200 160317 "-" "Mozilla/5.0 (Windows NT 10.0; Win64; x64) AppleWebKit/537.36 (KHTML, like Gecko) Chrome/78.0.3904.108 Safari/537.36"
136.66.170.50 - - [12/Jul/2026:16:55:36 +0000] "GET //wp-includes/wlwmanifest.xml HTTP/1.1" 301 0 "-" "Mozilla/5.0 (Windows NT 10.0; Win64; x64) AppleWebKit/537.36 (KHTML, like Gecko) Chrome/78.0.3904.108 Safari/537.36"
136.66.170.50 - - [12/Jul/2026:16:55:37 +0000] "GET //xmlrpc.php?rsd HTTP/1.1" 403 1242 "-" "Mozilla/5.0 (Windows NT 10.0; Win64; x64) AppleWebKit/537.36 (KHTML, like Gecko) Chrome/78.0.3904.108 Safari/537.36"
136.66.170.50 - - [12/Jul/2026:16:55:37 +0000] "GET / HTTP/1.1" 200 160317 "-" "Mozilla/5.0 (Windows NT 10.0; Win64; x64) AppleWebKit/537.36 (KHTML, like Gecko) Chrome/78.0.3904.108 Safari/537.36"
136.66.170.50 - - [12/Jul/2026:16:55:38 +0000] "GET //?author=1 HTTP/1.1" 301 0 "-" "Mozilla/5.0 (Windows NT 10.0; Win64; x64) AppleWebKit/537.36 (KHTML, like Gecko) Chrome/78.0.3904.108 Safari/537.36"
136.66.170.50 - - [12/Jul/2026:16:55:39 +0000] "GET //?author=2 HTTP/1.1" 301 0 "-" "Mozilla/5.0 (Windows NT 10.0; Win64; x64) AppleWebKit/537.36 (KHTML, like Gecko) Chrome/78.0.3904.108 Safari/537.36"
136.66.170.50 - - [12/Jul/2026:16:55:40 +0000] "GET //wp-json/wp/v2/users/ HTTP/1.1" 200 1356 "-" "Mozilla/5.0 (Windows NT 10.0; Win64; x64) AppleWebKit/537.36 (KHTML, like Gecko) Chrome/78.0.3904.108 Safari/537.36"
136.66.170.50 - - [12/Jul/2026:16:55:41 +0000] "POST //xmlrpc.php HTTP/1.1" 403 1242 "-" "Mozilla/5.0 (Windows NT 10.0; Win64; x64) AppleWebKit/537.36 (KHTML, like Gecko) Chrome/78.0.3904.108 Safari/537.36"
209.42.27.159 - - [12/Jul/2026:17:04:17 +0000] "POST /wp-cron.php?doing_wp_cron=1783875856.8439440727233886718750 HTTP/1.1" 200 0 "-" "WordPress/7.0.1; https://komuda.mykoperasi.coop"
47.128.49.105 - - [12/Jul/2026:17:04:16 +0000] "GET /robots.txt HTTP/1.1" 200 70 "-" "Mozilla/5.0 (Linux; Android 5.0) AppleWebKit/537.36 (KHTML, like Gecko) Mobile Safari/537.36 (compatible; Bytespider; spider-feedback@bytedance.com)"
136.114.53.207 - - [12/Jul/2026:17:06:49 +0000] "GET / HTTP/1.1" 200 160317 "-" "Mozilla/5.0 (Windows NT 10.0; Win64; x64) AppleWebKit/537.36 (KHTML, like Gecko) Chrome/78.0.3904.108 Safari/537.36"
136.114.53.207 - - [12/Jul/2026:17:06:51 +0000] "GET //wp-includes/wlwmanifest.xml HTTP/1.1" 301 0 "-" "Mozilla/5.0 (Windows NT 10.0; Win64; x64) AppleWebKit/537.36 (KHTML, like Gecko) Chrome/78.0.3904.108 Safari/537.36"
136.114.53.207 - - [12/Jul/2026:17:06:51 +0000] "GET //xmlrpc.php?rsd HTTP/1.1" 403 1242 "-" "Mozilla/5.0 (Windows NT 10.0; Win64; x64) AppleWebKit/537.36 (KHTML, like Gecko) Chrome/78.0.3904.108 Safari/537.36"
209.42.27.159 - - [12/Jul/2026:17:06:52 +0000] "POST /wp-cron.php?doing_wp_cron=1783876012.6807980537414550781250 HTTP/1.1" 200 0 "-" "WordPress/7.0.1; https://komuda.mykoperasi.coop"
136.114.53.207 - - [12/Jul/2026:17:06:52 +0000] "GET / HTTP/1.1" 200 160317 "-" "Mozilla/5.0 (Windows NT 10.0; Win64; x64) AppleWebKit/537.36 (KHTML, like Gecko) Chrome/78.0.3904.108 Safari/537.36"
136.114.53.207 - - [12/Jul/2026:17:06:53 +0000] "GET //?author=1 HTTP/1.1" 301 0 "-" "Mozilla/5.0 (Windows NT 10.0; Win64; x64) AppleWebKit/537.36 (KHTML, like Gecko) Chrome/78.0.3904.108 Safari/537.36"
136.114.53.207 - - [12/Jul/2026:17:06:54 +0000] "GET //?author=2 HTTP/1.1" 301 0 "-" "Mozilla/5.0 (Windows NT 10.0; Win64; x64) AppleWebKit/537.36 (KHTML, like Gecko) Chrome/78.0.3904.108 Safari/537.36"
136.114.53.207 - - [12/Jul/2026:17:06:54 +0000] "GET //wp-json/wp/v2/users/ HTTP/1.1" 200 1356 "-" "Mozilla/5.0 (Windows NT 10.0; Win64; x64) AppleWebKit/537.36 (KHTML, like Gecko) Chrome/78.0.3904.108 Safari/537.36"
136.114.53.207 - - [12/Jul/2026:17:06:55 +0000] "POST //xmlrpc.php HTTP/1.1" 403 1242 "-" "Mozilla/5.0 (Windows NT 10.0; Win64; x64) AppleWebKit/537.36 (KHTML, like Gecko) Chrome/78.0.3904.108 Safari/537.36"
35.199.45.245 - - [12/Jul/2026:17:11:42 +0000] "GET / HTTP/1.1" 200 160317 "-" "Mozilla/5.0 (Windows NT 10.0; Win64; x64) AppleWebKit/537.36 (KHTML, like Gecko) Chrome/78.0.3904.108 Safari/537.36"
35.199.45.245 - - [12/Jul/2026:17:11:45 +0000] "GET //wp-includes/wlwmanifest.xml HTTP/1.1" 301 0 "-" "Mozilla/5.0 (Windows NT 10.0; Win64; x64) AppleWebKit/537.36 (KHTML, like Gecko) Chrome/78.0.3904.108 Safari/537.36"
35.199.45.245 - - [12/Jul/2026:17:11:46 +0000] "GET //xmlrpc.php?rsd HTTP/1.1" 403 1242 "-" "Mozilla/5.0 (Windows NT 10.0; Win64; x64) AppleWebKit/537.36 (KHTML, like Gecko) Chrome/78.0.3904.108 Safari/537.36"
35.199.45.245 - - [12/Jul/2026:17:11:46 +0000] "GET / HTTP/1.1" 200 160317 "-" "Mozilla/5.0 (Windows NT 10.0; Win64; x64) AppleWebKit/537.36 (KHTML, like Gecko) Chrome/78.0.3904.108 Safari/537.36"
35.199.45.245 - - [12/Jul/2026:17:11:49 +0000] "GET //?author=1 HTTP/1.1" 301 0 "-" "Mozilla/5.0 (Windows NT 10.0; Win64; x64) AppleWebKit/537.36 (KHTML, like Gecko) Chrome/78.0.3904.108 Safari/537.36"
35.199.45.245 - - [12/Jul/2026:17:11:50 +0000] "GET //?author=2 HTTP/1.1" 301 0 "-" "Mozilla/5.0 (Windows NT 10.0; Win64; x64) AppleWebKit/537.36 (KHTML, like Gecko) Chrome/78.0.3904.108 Safari/537.36"
35.199.45.245 - - [12/Jul/2026:17:11:50 +0000] "GET //wp-json/wp/v2/users/ HTTP/1.1" 200 1356 "-" "Mozilla/5.0 (Windows NT 10.0; Win64; x64) AppleWebKit/537.36 (KHTML, like Gecko) Chrome/78.0.3904.108 Safari/537.36"
35.199.45.245 - - [12/Jul/2026:17:11:51 +0000] "POST //xmlrpc.php HTTP/1.1" 403 1242 "-" "Mozilla/5.0 (Windows NT 10.0; Win64; x64) AppleWebKit/537.36 (KHTML, like Gecko) Chrome/78.0.3904.108 Safari/537.36"
209.42.27.159 - - [12/Jul/2026:17:55:31 +0000] "POST /wp-cron.php?doing_wp_cron=1783878931.6483979225158691406250 HTTP/1.1" 200 0 "-" "WordPress/7.0.1; https://komuda.mykoperasi.coop"
209.42.27.159 - - [12/Jul/2026:17:55:32 +0000] "POST /wp-cron.php?doing_wp_cron=1783878931.8475430011749267578125 HTTP/1.1" 200 0 "-" "WordPress/7.0.1; https://komuda.mykoperasi.coop"
45.148.10.62 - - [12/Jul/2026:17:55:31 +0000] "GET / HTTP/1.1" 301 0 "-" "Mozilla/5.0 (Windows NT 10.0; Win64; x64) AppleWebKit/537.36 (KHTML, like Gecko) Chrome/131.0.0.0 Safari/537.36"
45.148.10.62 - - [12/Jul/2026:17:55:32 +0000] "GET / HTTP/1.1" 200 34063 "https://www.komuda.mykoperasi.coop" "Mozilla/5.0 (Windows NT 10.0; Win64; x64) AppleWebKit/537.36 (KHTML, like Gecko) Chrome/131.0.0.0 Safari/537.36"
45.154.98.26 - - [12/Jul/2026:20:39:07 +0000] "GET / HTTP/1.1" 200 160317 "-" "Mozilla/5.0 (Windows NT 10.0; Win64; x64) AppleWebKit/537.36 (KHTML, like Gecko) Chrome/78.0.3904.108 Safari/537.36"
209.42.27.159 - - [12/Jul/2026:20:41:10 +0000] "POST /wp-cron.php?doing_wp_cron=1783888870.1151549816131591796875 HTTP/1.1" 200 0 "-" "WordPress/7.0.1; https://komuda.mykoperasi.coop"
45.154.98.26 - - [12/Jul/2026:20:41:09 +0000] "GET //wp-includes/wlwmanifest.xml HTTP/1.1" 301 0 "-" "Mozilla/5.0 (Windows NT 10.0; Win64; x64) AppleWebKit/537.36 (KHTML, like Gecko) Chrome/78.0.3904.108 Safari/537.36"
45.154.98.26 - - [12/Jul/2026:20:41:10 +0000] "GET //xmlrpc.php?rsd HTTP/1.1" 403 1242 "-" "Mozilla/5.0 (Windows NT 10.0; Win64; x64) AppleWebKit/537.36 (KHTML, like Gecko) Chrome/78.0.3904.108 Safari/537.36"
45.154.98.26 - - [12/Jul/2026:20:41:10 +0000] "GET / HTTP/1.1" 200 160317 "-" "Mozilla/5.0 (Windows NT 10.0; Win64; x64) AppleWebKit/537.36 (KHTML, like Gecko) Chrome/78.0.3904.108 Safari/537.36"
45.154.98.26 - - [12/Jul/2026:20:41:11 +0000] "GET //?author=1 HTTP/1.1" 301 0 "-" "Mozilla/5.0 (Windows NT 10.0; Win64; x64) AppleWebKit/537.36 (KHTML, like Gecko) Chrome/78.0.3904.108 Safari/537.36"
45.154.98.26 - - [12/Jul/2026:20:41:12 +0000] "GET //?author=2 HTTP/1.1" 301 0 "-" "Mozilla/5.0 (Windows NT 10.0; Win64; x64) AppleWebKit/537.36 (KHTML, like Gecko) Chrome/78.0.3904.108 Safari/537.36"
45.154.98.26 - - [12/Jul/2026:20:41:12 +0000] "GET //wp-json/wp/v2/users/ HTTP/1.1" 200 1356 "-" "Mozilla/5.0 (Windows NT 10.0; Win64; x64) AppleWebKit/537.36 (KHTML, like Gecko) Chrome/78.0.3904.108 Safari/537.36"
45.154.98.26 - - [12/Jul/2026:20:41:12 +0000] "POST //xmlrpc.php HTTP/1.1" 403 1242 "-" "Mozilla/5.0 (Windows NT 10.0; Win64; x64) AppleWebKit/537.36 (KHTML, like Gecko) Chrome/78.0.3904.108 Safari/537.36"
209.42.27.159 - - [12/Jul/2026:20:43:50 +0000] "POST /wp-cron.php?doing_wp_cron=1783889030.4016859531402587890625 HTTP/1.1" 200 0 "-" "WordPress/7.0.1; https://komuda.mykoperasi.coop"
85.208.96.209 - - [12/Jul/2026:20:43:49 +0000] "GET /robots.txt HTTP/1.1" 200 70 "-" "Mozilla/5.0 (compatible; SemrushBot/7~bl; +http://www.semrush.com/bot.html)"
209.42.27.159 - - [12/Jul/2026:20:43:52 +0000] "POST /wp-cron.php?doing_wp_cron=1783889032.6087090969085693359375 HTTP/1.1" 200 0 "-" "WordPress/7.0.1; https://komuda.mykoperasi.coop"
185.191.171.11 - - [12/Jul/2026:20:43:51 +0000] "GET /shop/ HTTP/1.1" 200 30085 "-" "Mozilla/5.0 (compatible; SemrushBot/7~bl; +http://www.semrush.com/bot.html)"
209.42.27.159 - - [12/Jul/2026:21:05:35 +0000] "POST /wp-cron.php?doing_wp_cron=1783890335.5415918827056884765625 HTTP/1.1" 200 0 "-" "WordPress/7.0.1; https://komuda.mykoperasi.coop"
104.210.140.142 - - [12/Jul/2026:21:05:35 +0000] "GET /robots.txt HTTP/2" 200 61 "-" "Mozilla/5.0 (Macintosh; Intel Mac OS X 10_15_7) AppleWebKit/537.36 (KHTML, like Gecko) Chrome/131.0.0.0 Safari/537.36; compatible; OAI-SearchBot/1.0; +https://openai.com/searchbot"
209.42.27.159 - - [12/Jul/2026:21:23:08 +0000] "POST /wp-cron.php?doing_wp_cron=1783891387.8999838829040527343750 HTTP/1.1" 200 0 "-" "WordPress/7.0.1; https://komuda.mykoperasi.coop"
74.7.175.132 - - [12/Jul/2026:21:23:07 +0000] "GET /robots.txt HTTP/2" 301 0 "-" "Mozilla/5.0 (Macintosh; Intel Mac OS X 10_15_7) AppleWebKit/537.36 (KHTML, like Gecko) Chrome/131.0.0.0 Safari/537.36; compatible; OAI-SearchBot/1.4; robots.txt; +https://openai.com/searchbot"
74.7.175.132 - - [12/Jul/2026:21:23:08 +0000] "GET /robots.txt HTTP/2" 200 61 "https://www.komuda.mykoperasi.coop/robots.txt" "Mozilla/5.0 (Macintosh; Intel Mac OS X 10_15_7) AppleWebKit/537.36 (KHTML, like Gecko) Chrome/131.0.0.0 Safari/537.36; compatible; OAI-SearchBot/1.4; robots.txt; +https://openai.com/searchbot"
94.154.43.186 - - [12/Jul/2026:22:24:42 +0000] "GET /wp-content/plugins/qi-addons-for-elementor/assets/js/main.min.js HTTP/1.1" 200 63169 "-" "Mozilla/5.0 (Windows NT 10.0; Win64; x64) AppleWebKit/537.36 (KHTML, like Gecko) Chrome/147.0.0.0 Safari/537.36"
94.154.43.186 - - [12/Jul/2026:22:24:42 +0000] "GET /wp-content/plugins/contact-form-7/includes/js/index.js HTTP/1.1" 200 9720 "-" "Mozilla/5.0 (Windows NT 10.0; Win64; x64) AppleWebKit/537.36 (KHTML, like Gecko) Chrome/147.0.0.0 Safari/537.36"
94.154.43.187 - - [12/Jul/2026:22:24:42 +0000] "GET /wp-content/plugins/click-to-chat-for-whatsapp/new/inc/assets/js/app.js HTTP/1.1" 200 9000 "-" "Mozilla/5.0 (Windows NT 10.0; Win64; x64) AppleWebKit/537.36 (KHTML, like Gecko) Chrome/147.0.0.0 Safari/537.36"
45.148.10.217 - - [13/Jul/2026:00:28:08 +0000] "GET / HTTP/1.1" 200 29462 "http://komuda.mykoperasi.coop/" "Mozilla/5.0 (Windows NT 10.0; Win64; x64) AppleWebKit/537.36 (KHTML, like Gecko) Chrome/131.0.0.0 Safari/537.36 Edg/131.0.0.0"
64.23.155.55 - - [13/Jul/2026:01:45:45 +0000] "GET / HTTP/1.1" 301 0 "-" "Mozilla/5.0 (X11; Linux x86_64; rv:142.0) Gecko/20100101 Firefox/142.0"
64.23.155.55 - - [13/Jul/2026:01:45:50 +0000] "GET /favicon.ico HTTP/1.1" 404 1251 "https://www.komuda.mykoperasi.coop/" "Mozilla/5.0 (X11; Linux x86_64; rv:142.0) Gecko/20100101 Firefox/142.0"
159.65.74.36 - - [13/Jul/2026:02:00:31 +0000] "GET /wp-login.php HTTP/1.1" 200 2324 "-" "Mozilla/5.0"
159.65.74.36 - - [13/Jul/2026:02:00:31 +0000] "GET /?author=1 HTTP/1.1" 404 29328 "-" "Mozilla/5.0"
159.65.74.36 - - [13/Jul/2026:02:00:32 +0000] "GET /?feed=rss2 HTTP/1.1" 301 0 "-" "Mozilla/5.0"
159.65.74.36 - - [13/Jul/2026:02:00:32 +0000] "GET /feed/ HTTP/1.1" 200 567 "-" "Mozilla/5.0"
209.42.27.159 - - [13/Jul/2026:02:31:12 +0000] "POST /wp-cron.php?doing_wp_cron=1783909872.2413198947906494140625 HTTP/1.1" 200 0 "-" "WordPress/7.0.1; https://komuda.mykoperasi.coop"
159.65.74.36 - - [13/Jul/2026:02:31:11 +0000] "POST /wp-login.php HTTP/1.1" 200 7031 "-" "Mozilla/5.0"
209.42.27.159 - - [13/Jul/2026:02:34:54 +0000] "POST /wp-cron.php?doing_wp_cron=1783910094.1301820278167724609375 HTTP/1.1" 200 0 "-" "WordPress/7.0.1; https://komuda.mykoperasi.coop"
159.65.74.36 - - [13/Jul/2026:02:34:53 +0000] "POST /wp-login.php HTTP/1.1" 200 7031 "-" "Mozilla/5.0"
209.42.27.159 - - [13/Jul/2026:02:38:27 +0000] "POST /wp-cron.php?doing_wp_cron=1783910307.3268289566040039062500 HTTP/1.1" 200 0 "-" "WordPress/7.0.1; https://komuda.mykoperasi.coop"
159.65.74.36 - - [13/Jul/2026:02:38:26 +0000] "POST /wp-login.php HTTP/1.1" 200 7031 "-" "Mozilla/5.0"
209.42.27.159 - - [13/Jul/2026:02:42:10 +0000] "POST /wp-cron.php?doing_wp_cron=1783910530.6094460487365722656250 HTTP/1.1" 200 0 "-" "WordPress/7.0.1; https://komuda.mykoperasi.coop"
159.65.74.36 - - [13/Jul/2026:02:42:10 +0000] "POST /wp-login.php HTTP/1.1" 200 7031 "-" "Mozilla/5.0"
209.42.27.159 - - [13/Jul/2026:02:46:29 +0000] "POST /wp-cron.php?doing_wp_cron=1783910789.0498239994049072265625 HTTP/1.1" 200 0 "-" "WordPress/7.0.1; https://komuda.mykoperasi.coop"
159.65.74.36 - - [13/Jul/2026:02:46:28 +0000] "POST /wp-login.php HTTP/1.1" 200 7031 "-" "Mozilla/5.0"
209.42.27.159 - - [13/Jul/2026:02:50:49 +0000] "POST /wp-cron.php?doing_wp_cron=1783911049.5672800540924072265625 HTTP/1.1" 200 0 "-" "WordPress/7.0.1; https://komuda.mykoperasi.coop"
159.65.74.36 - - [13/Jul/2026:02:50:49 +0000] "POST /wp-login.php HTTP/1.1" 200 7031 "-" "Mozilla/5.0"
209.42.27.159 - - [13/Jul/2026:02:54:48 +0000] "POST /wp-cron.php?doing_wp_cron=1783911288.3908278942108154296875 HTTP/1.1" 200 0 "-" "WordPress/7.0.1; https://komuda.mykoperasi.coop"
159.65.74.36 - - [13/Jul/2026:02:54:47 +0000] "POST /wp-login.php HTTP/1.1" 200 7031 "-" "Mozilla/5.0"
209.42.27.159 - - [13/Jul/2026:02:58:55 +0000] "POST /wp-cron.php?doing_wp_cron=1783911534.9753890037536621093750 HTTP/1.1" 200 0 "-" "WordPress/7.0.1; https://komuda.mykoperasi.coop"
159.65.74.36 - - [13/Jul/2026:02:58:53 +0000] "POST /wp-login.php HTTP/1.1" 200 7031 "-" "Mozilla/5.0"
209.42.27.159 - - [13/Jul/2026:03:03:30 +0000] "POST /wp-cron.php?doing_wp_cron=1783911809.8637709617614746093750 HTTP/1.1" 200 0 "-" "WordPress/7.0.1; https://komuda.mykoperasi.coop"
159.65.74.36 - - [13/Jul/2026:03:03:29 +0000] "POST /wp-login.php HTTP/1.1" 200 7031 "-" "Mozilla/5.0"
209.42.27.159 - - [13/Jul/2026:03:08:08 +0000] "POST /wp-cron.php?doing_wp_cron=1783912087.8395569324493408203125 HTTP/1.1" 200 0 "-" "WordPress/7.0.1; https://komuda.mykoperasi.coop"
159.65.74.36 - - [13/Jul/2026:03:08:07 +0000] "POST /wp-login.php HTTP/1.1" 200 7031 "-" "Mozilla/5.0"
45.148.10.120 - - [13/Jul/2026:03:09:40 +0000] "GET /.git/config HTTP/1.1" 403 1242 "-" "SonyEricssonK310iv/R4DA Browser/NetFront/3.3 Profile/MIDP-2.0 Configuration/CLDC-1.1 UP.Link/6.3.1.13.0"
209.42.27.159 - - [13/Jul/2026:03:14:29 +0000] "POST /wp-cron.php?doing_wp_cron=1783912469.3159201145172119140625 HTTP/1.1" 200 0 "-" "WordPress/7.0.1; https://komuda.mykoperasi.coop"
159.65.74.36 - - [13/Jul/2026:03:14:28 +0000] "POST /wp-login.php HTTP/1.1" 200 7031 "-" "Mozilla/5.0"
45.148.10.120 - - [13/Jul/2026:03:16:38 +0000] "GET /.git/config HTTP/1.1" 403 1242 "-" "Mozilla/5.0 (PLAYSTATION 3; 1.10)"
209.42.27.159 - - [13/Jul/2026:03:21:37 +0000] "POST /wp-cron.php?doing_wp_cron=1783912897.0842700004577636718750 HTTP/1.1" 200 0 "-" "WordPress/7.0.1; https://komuda.mykoperasi.coop"
159.65.74.36 - - [13/Jul/2026:03:21:36 +0000] "POST /wp-login.php HTTP/1.1" 200 7031 "-" "Mozilla/5.0"