File: /home/mykopera/access-logs/kokhairat.mykoperasi.coop-ssl_log
209.42.27.159 - - [12/Jul/2026:12:24:09 +0000] "POST /wp-cron.php?doing_wp_cron=1783859049.5402140617370605468750 HTTP/1.1" 200 0 "-" "WordPress/7.0.1; https://kokhairat.mykoperasi.coop"
195.250.29.165 - - [12/Jul/2026:12:24:08 +0000] "GET /wp-login.php HTTP/2" 200 2109 "-" "Mozilla/5.0 (Windows NT 10.0; Win64; x64) AppleWebKit/537.36 (KHTML, like Gecko) Chrome/149.0.0.0 Safari/537.36"
195.250.29.165 - - [12/Jul/2026:12:24:10 +0000] "POST /wp-login.php HTTP/2" 200 2243 "https://kokhairat.mykoperasi.coop/wp-login.php" "Mozilla/5.0 (Windows NT 10.0; Win64; x64) AppleWebKit/537.36 (KHTML, like Gecko) Chrome/149.0.0.0 Safari/537.36"
209.42.27.159 - - [12/Jul/2026:12:58:41 +0000] "POST /wp-cron.php?doing_wp_cron=1783861121.1957058906555175781250 HTTP/1.1" 200 0 "-" "WordPress/7.0.1; https://kokhairat.mykoperasi.coop"
209.42.27.159 - - [12/Jul/2026:12:58:41 +0000] "POST /wp-cron.php?doing_wp_cron=1783861121.3959519863128662109375 HTTP/1.1" 200 0 "-" "WordPress/7.0.1; https://kokhairat.mykoperasi.coop"
74.7.241.139 - - [12/Jul/2026:12:58:40 +0000] "GET /robots.txt HTTP/2" 200 61 "-" "Mozilla/5.0 (Macintosh; Intel Mac OS X 10_15_7) AppleWebKit/537.36 (KHTML, like Gecko) Chrome/131.0.0.0 Safari/537.36; compatible; OAI-SearchBot/1.4; robots.txt; +https://openai.com/searchbot"
209.42.27.159 - - [12/Jul/2026:13:25:44 +0000] "POST /wp-cron.php?doing_wp_cron=1783862744.3911590576171875000000 HTTP/1.1" 200 0 "-" "WordPress/7.0.1; https://kokhairat.mykoperasi.coop"
185.191.171.7 - - [12/Jul/2026:13:25:43 +0000] "GET /robots.txt HTTP/1.1" 200 70 "-" "Mozilla/5.0 (compatible; SemrushBot/7~bl; +http://www.semrush.com/bot.html)"
85.208.96.195 - - [12/Jul/2026:13:25:45 +0000] "GET /product/pokok-meranti-paya/ HTTP/1.1" 200 33598 "-" "Mozilla/5.0 (compatible; SemrushBot/7~bl; +http://www.semrush.com/bot.html)"
209.42.27.159 - - [12/Jul/2026:14:04:58 +0000] "POST /wp-cron.php?doing_wp_cron=1783865098.7582309246063232421875 HTTP/1.1" 200 0 "-" "WordPress/7.0.1; https://kokhairat.mykoperasi.coop"
20.153.140.50 - - [12/Jul/2026:14:04:58 +0000] "GET /wp-login.php HTTP/2" 200 2109 "-" "Mozilla/5.0 (Linux; Android 10; K) AppleWebKit/537.36 (KHTML, like Gecko) Chrome/148.0.0.0 Mobile Safari/537.36"
20.153.140.50 - - [12/Jul/2026:14:04:59 +0000] "POST /wp-login.php HTTP/2" 200 2243 "https://kokhairat.mykoperasi.coop/wp-login.php" "Mozilla/5.0 (Linux; Android 10; K) AppleWebKit/537.36 (KHTML, like Gecko) Chrome/148.0.0.0 Mobile Safari/537.36"
35.195.249.54 - - [12/Jul/2026:14:13:10 +0000] "GET //wp-includes/ID3/license.txt HTTP/1.1" 200 1396 "-" "Mozilla/5.0 (Windows NT 10.0; Win64; x64) AppleWebKit/537.36 (KHTML, like Gecko) Chrome/95.0.4638.69 Safari/537.36"
35.195.249.54 - - [12/Jul/2026:14:13:11 +0000] "GET //feed/ HTTP/1.1" 301 0 "-" "Mozilla/5.0 (Windows NT 10.0; Win64; x64) AppleWebKit/537.36 (KHTML, like Gecko) Chrome/95.0.4638.69 Safari/537.36"
35.195.249.54 - - [12/Jul/2026:14:13:11 +0000] "GET //xmlrpc.php?rsd HTTP/1.1" 403 1242 "-" "Mozilla/5.0 (Windows NT 10.0; Win64; x64) AppleWebKit/537.36 (KHTML, like Gecko) Chrome/95.0.4638.69 Safari/537.36"
35.195.249.54 - - [12/Jul/2026:14:13:12 +0000] "GET //blog/wp-includes/wlwmanifest.xml HTTP/1.1" 301 0 "-" "Mozilla/5.0 (Windows NT 10.0; Win64; x64) AppleWebKit/537.36 (KHTML, like Gecko) Chrome/95.0.4638.69 Safari/537.36"
35.195.249.54 - - [12/Jul/2026:14:13:12 +0000] "GET //web/wp-includes/wlwmanifest.xml HTTP/1.1" 301 0 "-" "Mozilla/5.0 (Windows NT 10.0; Win64; x64) AppleWebKit/537.36 (KHTML, like Gecko) Chrome/95.0.4638.69 Safari/537.36"
35.195.249.54 - - [12/Jul/2026:14:13:13 +0000] "GET //wordpress/wp-includes/wlwmanifest.xml HTTP/1.1" 301 0 "-" "Mozilla/5.0 (Windows NT 10.0; Win64; x64) AppleWebKit/537.36 (KHTML, like Gecko) Chrome/95.0.4638.69 Safari/537.36"
35.195.249.54 - - [12/Jul/2026:14:13:13 +0000] "GET //wp/wp-includes/wlwmanifest.xml HTTP/1.1" 301 0 "-" "Mozilla/5.0 (Windows NT 10.0; Win64; x64) AppleWebKit/537.36 (KHTML, like Gecko) Chrome/95.0.4638.69 Safari/537.36"
35.195.249.54 - - [12/Jul/2026:14:13:14 +0000] "GET //2020/wp-includes/wlwmanifest.xml HTTP/1.1" 301 0 "-" "Mozilla/5.0 (Windows NT 10.0; Win64; x64) AppleWebKit/537.36 (KHTML, like Gecko) Chrome/95.0.4638.69 Safari/537.36"
35.195.249.54 - - [12/Jul/2026:14:13:15 +0000] "GET //2019/wp-includes/wlwmanifest.xml HTTP/1.1" 301 0 "-" "Mozilla/5.0 (Windows NT 10.0; Win64; x64) AppleWebKit/537.36 (KHTML, like Gecko) Chrome/95.0.4638.69 Safari/537.36"
35.195.249.54 - - [12/Jul/2026:14:13:15 +0000] "GET //2021/wp-includes/wlwmanifest.xml HTTP/1.1" 301 0 "-" "Mozilla/5.0 (Windows NT 10.0; Win64; x64) AppleWebKit/537.36 (KHTML, like Gecko) Chrome/95.0.4638.69 Safari/537.36"
35.195.249.54 - - [12/Jul/2026:14:13:16 +0000] "GET //shop/wp-includes/wlwmanifest.xml HTTP/1.1" 301 0 "-" "Mozilla/5.0 (Windows NT 10.0; Win64; x64) AppleWebKit/537.36 (KHTML, like Gecko) Chrome/95.0.4638.69 Safari/537.36"
35.195.249.54 - - [12/Jul/2026:14:13:17 +0000] "GET //wp1/wp-includes/wlwmanifest.xml HTTP/1.1" 301 0 "-" "Mozilla/5.0 (Windows NT 10.0; Win64; x64) AppleWebKit/537.36 (KHTML, like Gecko) Chrome/95.0.4638.69 Safari/537.36"
35.195.249.54 - - [12/Jul/2026:14:13:17 +0000] "GET //test/wp-includes/wlwmanifest.xml HTTP/1.1" 301 0 "-" "Mozilla/5.0 (Windows NT 10.0; Win64; x64) AppleWebKit/537.36 (KHTML, like Gecko) Chrome/95.0.4638.69 Safari/537.36"
35.195.249.54 - - [12/Jul/2026:14:13:18 +0000] "GET //site/wp-includes/wlwmanifest.xml HTTP/1.1" 301 0 "-" "Mozilla/5.0 (Windows NT 10.0; Win64; x64) AppleWebKit/537.36 (KHTML, like Gecko) Chrome/95.0.4638.69 Safari/537.36"
35.195.249.54 - - [12/Jul/2026:14:13:18 +0000] "GET //cms/wp-includes/wlwmanifest.xml HTTP/1.1" 301 0 "-" "Mozilla/5.0 (Windows NT 10.0; Win64; x64) AppleWebKit/537.36 (KHTML, like Gecko) Chrome/95.0.4638.69 Safari/537.36"
209.42.27.159 - - [12/Jul/2026:14:45:09 +0000] "POST /wp-cron.php?doing_wp_cron=1783867509.1046819686889648437500 HTTP/1.1" 200 0 "-" "WordPress/7.0.1; https://kokhairat.mykoperasi.coop"
211.21.61.225 - - [12/Jul/2026:14:45:08 +0000] "GET /wp-login.php HTTP/2" 200 2109 "-" "Mozilla/5.0 (Linux; Android 10; K) AppleWebKit/537.36 (KHTML, like Gecko) Chrome/146.0.0.0 Mobile Safari/537.36"
211.21.61.225 - - [12/Jul/2026:14:45:09 +0000] "POST /wp-login.php HTTP/2" 200 2243 "https://kokhairat.mykoperasi.coop/wp-login.php" "Mozilla/5.0 (Linux; Android 10; K) AppleWebKit/537.36 (KHTML, like Gecko) Chrome/146.0.0.0 Mobile Safari/537.36"
209.42.27.159 - - [12/Jul/2026:16:15:35 +0000] "POST /wp-cron.php?doing_wp_cron=1783872935.4052040576934814453125 HTTP/1.1" 200 0 "-" "WordPress/7.0.1; https://kokhairat.mykoperasi.coop"
209.42.27.159 - - [12/Jul/2026:16:15:35 +0000] "POST /wp-cron.php?doing_wp_cron=1783872935.6325850486755371093750 HTTP/1.1" 200 0 "-" "WordPress/7.0.1; https://kokhairat.mykoperasi.coop"
104.210.140.143 - - [12/Jul/2026:16:15:34 +0000] "GET /robots.txt HTTP/2" 200 61 "-" "Mozilla/5.0 (Macintosh; Intel Mac OS X 10_15_7) AppleWebKit/537.36 (KHTML, like Gecko) Chrome/131.0.0.0 Safari/537.36; compatible; OAI-SearchBot/1.0; +https://openai.com/searchbot"
209.42.27.159 - - [12/Jul/2026:16:42:40 +0000] "POST /wp-cron.php?doing_wp_cron=1783874560.3730459213256835937500 HTTP/1.1" 200 0 "-" "WordPress/7.0.1; https://kokhairat.mykoperasi.coop"
40.77.167.35 - - [12/Jul/2026:16:42:39 +0000] "GET /product-sitemap1.xml HTTP/2" 200 314 "-" "Mozilla/5.0 AppleWebKit/537.36 (KHTML, like Gecko; compatible; bingbot/2.0; +http://www.bing.com/bingbot.htm) Chrome/116.0.1938.76 Safari/537.36"
209.42.27.159 - - [12/Jul/2026:17:39:11 +0000] "POST /wp-cron.php?doing_wp_cron=1783877951.1144509315490722656250 HTTP/1.1" 200 0 "-" "WordPress/7.0.1; https://kokhairat.mykoperasi.coop"
3.223.127.185 - - [12/Jul/2026:17:39:10 +0000] "GET /wp-login.php HTTP/2" 200 2109 "-" "Mozilla/5.0 (Windows NT 10.0; Win64; x64) AppleWebKit/537.36 (KHTML, like Gecko) Chrome/149.0.0.0 Safari/537.36"
3.223.127.185 - - [12/Jul/2026:17:39:11 +0000] "POST /wp-login.php HTTP/2" 200 2243 "https://kokhairat.mykoperasi.coop/wp-login.php" "Mozilla/5.0 (Windows NT 10.0; Win64; x64) AppleWebKit/537.36 (KHTML, like Gecko) Chrome/149.0.0.0 Safari/537.36"
209.42.27.159 - - [12/Jul/2026:18:30:11 +0000] "POST /wp-cron.php?doing_wp_cron=1783881011.2876970767974853515625 HTTP/1.1" 200 0 "-" "WordPress/7.0.1; https://kokhairat.mykoperasi.coop"
52.167.144.229 - - [12/Jul/2026:18:30:10 +0000] "GET /product-sitemap1.xml HTTP/2" 200 314 "-" "Mozilla/5.0 AppleWebKit/537.36 (KHTML, like Gecko; compatible; bingbot/2.0; +http://www.bing.com/bingbot.htm) Chrome/116.0.1938.76 Safari/537.36"
209.42.27.159 - - [12/Jul/2026:19:02:00 +0000] "POST /wp-cron.php?doing_wp_cron=1783882920.3046550750732421875000 HTTP/1.1" 200 0 "-" "WordPress/7.0.1; https://kokhairat.mykoperasi.coop"
209.42.27.159 - - [12/Jul/2026:19:02:01 +0000] "POST /wp-cron.php?doing_wp_cron=1783882920.8765199184417724609375 HTTP/1.1" 200 0 "-" "WordPress/7.0.1; https://kokhairat.mykoperasi.coop"
52.167.144.161 - - [12/Jul/2026:19:01:59 +0000] "GET / HTTP/2" 200 29123 "-" "Mozilla/5.0 AppleWebKit/537.36 (KHTML, like Gecko; compatible; bingbot/2.0; +http://www.bing.com/bingbot.htm) Chrome/116.0.1938.76 Safari/537.36"
209.42.27.159 - - [12/Jul/2026:19:51:52 +0000] "POST /wp-cron.php?doing_wp_cron=1783885912.8178589344024658203125 HTTP/1.1" 200 0 "-" "WordPress/7.0.1; https://kokhairat.mykoperasi.coop"
41.185.8.76 - - [12/Jul/2026:19:51:52 +0000] "GET /wp-login.php HTTP/2" 200 2109 "-" "Mozilla/5.0 (iPhone; CPU iPhone OS 18_0 like Mac OS X) AppleWebKit/605.1.15 (KHTML, like Gecko) CriOS/145.0.6917.0 Mobile/15E148 Safari/604.1"
41.185.8.76 - - [12/Jul/2026:19:51:53 +0000] "POST /wp-login.php HTTP/2" 200 2243 "https://kokhairat.mykoperasi.coop/wp-login.php" "Mozilla/5.0 (iPhone; CPU iPhone OS 18_0 like Mac OS X) AppleWebKit/605.1.15 (KHTML, like Gecko) CriOS/145.0.6917.0 Mobile/15E148 Safari/604.1"
209.42.27.159 - - [12/Jul/2026:21:22:06 +0000] "POST /wp-cron.php?doing_wp_cron=1783891326.7820410728454589843750 HTTP/1.1" 200 0 "-" "WordPress/7.0.1; https://kokhairat.mykoperasi.coop"
209.42.27.159 - - [12/Jul/2026:21:22:07 +0000] "POST /wp-cron.php?doing_wp_cron=1783891326.9723479747772216796875 HTTP/1.1" 200 0 "-" "WordPress/7.0.1; https://kokhairat.mykoperasi.coop"
74.7.241.165 - - [12/Jul/2026:21:22:06 +0000] "GET /robots.txt HTTP/2" 301 0 "-" "Mozilla/5.0 (Macintosh; Intel Mac OS X 10_15_7) AppleWebKit/537.36 (KHTML, like Gecko) Chrome/131.0.0.0 Safari/537.36; compatible; OAI-SearchBot/1.4; robots.txt; +https://openai.com/searchbot"
74.7.241.165 - - [12/Jul/2026:21:22:07 +0000] "GET /robots.txt HTTP/2" 200 61 "https://www.kokhairat.mykoperasi.coop/robots.txt" "Mozilla/5.0 (Macintosh; Intel Mac OS X 10_15_7) AppleWebKit/537.36 (KHTML, like Gecko) Chrome/131.0.0.0 Safari/537.36; compatible; OAI-SearchBot/1.4; robots.txt; +https://openai.com/searchbot"
209.42.27.159 - - [12/Jul/2026:21:30:29 +0000] "POST /wp-cron.php?doing_wp_cron=1783891828.8705599308013916015625 HTTP/1.1" 200 0 "-" "WordPress/7.0.1; https://kokhairat.mykoperasi.coop"
66.132.195.79 - - [12/Jul/2026:21:30:28 +0000] "GET / HTTP/1.1" 301 0 "-" "Mozilla/5.0 (compatible; CensysInspect/1.1; +https://about.censys.io/)"
66.132.195.79 - - [12/Jul/2026:21:30:35 +0000] "GET / HTTP/1.1" 200 33662 "-" "Mozilla/5.0 (compatible; CensysInspect/1.1; +https://about.censys.io/)"
209.42.27.159 - - [12/Jul/2026:21:31:00 +0000] "POST /wp-cron.php?doing_wp_cron=1783891860.5879418849945068359375 HTTP/1.1" 200 0 "-" "WordPress/7.0.1; https://kokhairat.mykoperasi.coop"
66.132.195.79 - - [12/Jul/2026:21:30:59 +0000] "GET /wp-json/?_fields=name,description,home,gmt_offset,timezone_string,namespaces HTTP/1.1" 200 297 "-" "Mozilla/5.0 (compatible; CensysInspect/1.1; +https://about.censys.io/)"
66.132.195.79 - - [12/Jul/2026:21:31:09 +0000] "GET / HTTP/1.1" 301 0 "-" "Mozilla/5.0 (compatible; CensysInspect/1.1; +https://about.censys.io/)"
209.42.27.159 - - [12/Jul/2026:21:56:57 +0000] "POST /wp-cron.php?doing_wp_cron=1783893417.6697349548339843750000 HTTP/1.1" 200 0 "-" "WordPress/7.0.1; https://kokhairat.mykoperasi.coop"
3.20.201.240 - - [12/Jul/2026:21:56:56 +0000] "GET / HTTP/1.1" 200 33662 "-" "visionheight.com/scan Mozilla/5.0 (Macintosh; Intel Mac OS X 10_15_7) Chrome/126.0.0.0 Safari/537.36"
199.45.155.79 - - [12/Jul/2026:22:01:10 +0000] "GET / HTTP/1.1" 200 33662 "-" "Mozilla/5.0 (compatible; CensysInspect/1.1; +https://about.censys.io/)"
199.45.155.79 - - [12/Jul/2026:22:01:13 +0000] "GET /favicon.ico HTTP/1.1" 404 1251 "-" "Mozilla/5.0 (compatible; CensysInspect/1.1; +https://about.censys.io/)"
209.42.27.159 - - [12/Jul/2026:23:01:08 +0000] "POST /wp-cron.php?doing_wp_cron=1783897268.0208380222320556640625 HTTP/1.1" 200 0 "-" "WordPress/7.0.1; https://kokhairat.mykoperasi.coop"
134.209.96.232 - - [12/Jul/2026:23:01:07 +0000] "GET /wp-login.php HTTP/1.1" 200 2109 "https://www.google.com/" "Mozilla/5.0 (X11; Linux x86_64) AppleWebKit/537.36 (KHTML, like Gecko) Chrome/118.0.0.0 Safari/537.36"
134.209.96.232 - - [12/Jul/2026:23:01:14 +0000] "GET /wp-login.php HTTP/1.1" 200 2109 "-" "Mozilla/5.0 (Macintosh; Intel Mac OS X 10_15_7; rv:119.0) Gecko/20100101 Firefox/119.0"
134.209.96.232 - - [12/Jul/2026:23:01:18 +0000] "GET /wp-admin/ HTTP/1.1" 302 0 "https://www.google.com/" "Mozilla/5.0 (Macintosh; Intel Mac OS X 13_6_1) AppleWebKit/605.1.15 (KHTML, like Gecko) Version/17.1 Safari/605.1.15"
134.209.96.232 - - [12/Jul/2026:23:01:21 +0000] "GET /wp-login.php?redirect_to=https%3A%2F%2Fkokhairat.mykoperasi.coop%2Fwp-admin%2F&reauth=1 HTTP/1.1" 200 2109 "https://www.google.com/" "Mozilla/5.0 (Macintosh; Intel Mac OS X 13_6_1) AppleWebKit/605.1.15 (KHTML, like Gecko) Version/17.1 Safari/605.1.15"
209.42.27.159 - - [12/Jul/2026:23:13:41 +0000] "POST /wp-cron.php?doing_wp_cron=1783898021.1571240425109863281250 HTTP/1.1" 200 0 "-" "WordPress/7.0.1; https://kokhairat.mykoperasi.coop"
139.59.184.99 - - [12/Jul/2026:23:13:40 +0000] "GET /wp-login.php HTTP/2" 200 2109 "-" "Mozilla/5.0 (iPhone; CPU iPhone OS 18_0 like Mac OS X) AppleWebKit/605.1.15 (KHTML, like Gecko) CriOS/145.0.6917.0 Mobile/15E148 Safari/604.1"
139.59.184.99 - - [12/Jul/2026:23:13:41 +0000] "POST /wp-login.php HTTP/2" 200 2243 "https://kokhairat.mykoperasi.coop/wp-login.php" "Mozilla/5.0 (iPhone; CPU iPhone OS 18_0 like Mac OS X) AppleWebKit/605.1.15 (KHTML, like Gecko) CriOS/145.0.6917.0 Mobile/15E148 Safari/604.1"
35.254.244.123 - - [12/Jul/2026:23:47:48 +0000] "POST / HTTP/1.1" 200 0 "https://www.kokhairat.mykoperasi.coop/" "Mozilla/5.0 (Windows NT 10.0; Win64; x64) AppleWebKit/537.36 (KHTML, like Gecko) Chrome/146.0.0.0 Safari/537.36"
94.154.43.179 - - [13/Jul/2026:00:21:27 +0000] "GET /wp-content/plugins/contact-form-7/includes/js/index.js HTTP/1.1" 200 9720 "-" "Mozilla/5.0 (Windows NT 10.0; Win64; x64) AppleWebKit/537.36 (KHTML, like Gecko) Chrome/147.0.0.0 Safari/537.36"
94.154.43.185 - - [13/Jul/2026:00:21:27 +0000] "GET /wp-content/plugins/click-to-chat-for-whatsapp/new/inc/assets/js/app.js HTTP/1.1" 200 6020 "-" "Mozilla/5.0 (Windows NT 10.0; Win64; x64) AppleWebKit/537.36 (KHTML, like Gecko) Chrome/147.0.0.0 Safari/537.36"
94.154.43.178 - - [13/Jul/2026:00:21:27 +0000] "GET /wp-content/plugins/qi-addons-for-elementor/assets/js/main.min.js HTTP/1.1" 200 59558 "-" "Mozilla/5.0 (Windows NT 10.0; Win64; x64) AppleWebKit/537.36 (KHTML, like Gecko) Chrome/147.0.0.0 Safari/537.36"
209.42.27.159 - - [13/Jul/2026:00:24:53 +0000] "POST /wp-cron.php?doing_wp_cron=1783902292.8582270145416259765625 HTTP/1.1" 200 0 "-" "WordPress/7.0.1; https://kokhairat.mykoperasi.coop"
209.42.27.159 - - [13/Jul/2026:00:24:53 +0000] "POST /wp-cron.php?doing_wp_cron=1783902293.2911579608917236328125 HTTP/1.1" 200 0 "-" "WordPress/7.0.1; https://kokhairat.mykoperasi.coop"
52.167.144.216 - - [13/Jul/2026:00:24:51 +0000] "GET /download-borang/ HTTP/2" 200 25768 "-" "Mozilla/5.0 AppleWebKit/537.36 (KHTML, like Gecko; compatible; bingbot/2.0; +http://www.bing.com/bingbot.htm) Chrome/116.0.1938.76 Safari/537.36"
209.42.27.159 - - [13/Jul/2026:00:25:22 +0000] "POST /wp-cron.php?doing_wp_cron=1783902322.6777598857879638671875 HTTP/1.1" 200 0 "-" "WordPress/7.0.1; https://kokhairat.mykoperasi.coop"
52.167.144.216 - - [13/Jul/2026:00:25:22 +0000] "POST /?wc-ajax=get_refreshed_fragments HTTP/2" 200 488 "https://kokhairat.mykoperasi.coop/download-borang/" "Mozilla/5.0 AppleWebKit/537.36 (KHTML, like Gecko; compatible; bingbot/2.0; +http://www.bing.com/bingbot.htm) Chrome/136.0.0.0 Safari/537.36 AppleWebKit/537.36 (KHTML, like Gecko; compatible; bingbot/2.0; +http://www.bing.com/bingbot.htm) Chrome/116.0.1938.76 Safari/537.36"
52.167.144.197 - - [13/Jul/2026:00:25:27 +0000] "GET /wp-includes/js/wp-emoji-release.min.js?ver=7.0.1 HTTP/2" 200 4974 "https://kokhairat.mykoperasi.coop/download-borang/" "Mozilla/5.0 AppleWebKit/537.36 (KHTML, like Gecko; compatible; bingbot/2.0; +http://www.bing.com/bingbot.htm) Chrome/136.0.0.0 Safari/537.36 AppleWebKit/537.36 (KHTML, like Gecko; compatible; bingbot/2.0; +http://www.bing.com/bingbot.htm) Chrome/116.0.1938.76 Safari/537.36"
40.77.177.216 - - [13/Jul/2026:00:41:16 +0000] "GET /wp-content/plugins/qi-addons-for-elementor/assets/plugins/swiper/swiper.min.css?ver=7.0.1 HTTP/2" 200 3818 "https://kokhairat.mykoperasi.coop/download-borang/" "Mozilla/5.0 AppleWebKit/537.36 (KHTML, like Gecko; compatible; bingbot/2.0; +http://www.bing.com/bingbot.htm) Chrome/136.0.0.0 Safari/537.36"
40.77.177.216 - - [13/Jul/2026:00:41:16 +0000] "GET /wp-content/uploads/elementor/css/post-2370.css?ver=1705120222 HTTP/2" 200 709 "https://kokhairat.mykoperasi.coop/download-borang/" "Mozilla/5.0 AppleWebKit/537.36 (KHTML, like Gecko; compatible; bingbot/2.0; +http://www.bing.com/bingbot.htm) Chrome/136.0.0.0 Safari/537.36"
40.77.177.216 - - [13/Jul/2026:00:41:16 +0000] "GET /wp-content/plugins/qi-addons-for-elementor/assets/css/helper-parts.min.css?ver=7.0.1 HTTP/2" 200 2471 "https://kokhairat.mykoperasi.coop/download-borang/" "Mozilla/5.0 AppleWebKit/537.36 (KHTML, like Gecko; compatible; bingbot/2.0; +http://www.bing.com/bingbot.htm) Chrome/136.0.0.0 Safari/537.36"
40.77.177.216 - - [13/Jul/2026:00:41:16 +0000] "GET /wp-content/plugins/qi-addons-for-elementor/assets/css/main.min.css?ver=7.0.1 HTTP/2" 200 24410 "https://kokhairat.mykoperasi.coop/download-borang/" "Mozilla/5.0 AppleWebKit/537.36 (KHTML, like Gecko; compatible; bingbot/2.0; +http://www.bing.com/bingbot.htm) Chrome/136.0.0.0 Safari/537.36"
40.77.177.216 - - [13/Jul/2026:00:41:16 +0000] "GET /wp-content/plugins/wp-user-avatar/assets/select2/select2.min.css?ver=7.0.1 HTTP/2" 200 1800 "https://kokhairat.mykoperasi.coop/download-borang/" "Mozilla/5.0 AppleWebKit/537.36 (KHTML, like Gecko; compatible; bingbot/2.0; +http://www.bing.com/bingbot.htm) Chrome/136.0.0.0 Safari/537.36"
40.77.177.216 - - [13/Jul/2026:00:41:16 +0000] "GET /wp-content/plugins/qi-addons-for-elementor/assets/css/grid.min.css?ver=7.0.1 HTTP/2" 200 1416 "https://kokhairat.mykoperasi.coop/download-borang/" "Mozilla/5.0 AppleWebKit/537.36 (KHTML, like Gecko; compatible; bingbot/2.0; +http://www.bing.com/bingbot.htm) Chrome/136.0.0.0 Safari/537.36"
40.77.177.216 - - [13/Jul/2026:00:41:16 +0000] "GET /wp-content/plugins/wp-user-avatar/assets/select2/select2.min.js?ver=7.0.1 HTTP/2" 200 18500 "https://kokhairat.mykoperasi.coop/download-borang/" "Mozilla/5.0 AppleWebKit/537.36 (KHTML, like Gecko; compatible; bingbot/2.0; +http://www.bing.com/bingbot.htm) Chrome/136.0.0.0 Safari/537.36"
40.77.177.216 - - [13/Jul/2026:00:41:16 +0000] "GET /wp-content/plugins/wp-user-avatar/assets/flatpickr/flatpickr.min.js?ver=7.0.1 HTTP/2" 200 13752 "https://kokhairat.mykoperasi.coop/download-borang/" "Mozilla/5.0 AppleWebKit/537.36 (KHTML, like Gecko; compatible; bingbot/2.0; +http://www.bing.com/bingbot.htm) Chrome/136.0.0.0 Safari/537.36"
40.77.177.216 - - [13/Jul/2026:00:41:17 +0000] "GET /wp-content/plugins/qi-addons-for-elementor/assets/js/main.min.js?ver=7.0.1 HTTP/2" 200 12030 "https://kokhairat.mykoperasi.coop/download-borang/" "Mozilla/5.0 AppleWebKit/537.36 (KHTML, like Gecko; compatible; bingbot/2.0; +http://www.bing.com/bingbot.htm) Chrome/136.0.0.0 Safari/537.36"
40.77.177.216 - - [13/Jul/2026:00:41:17 +0000] "GET /wp-content/plugins/qi-addons-for-elementor/inc/plugins/elementor/assets/js/elementor.js?ver=7.0.1 HTTP/2" 200 496 "https://kokhairat.mykoperasi.coop/download-borang/" "Mozilla/5.0 AppleWebKit/537.36 (KHTML, like Gecko; compatible; bingbot/2.0; +http://www.bing.com/bingbot.htm) Chrome/136.0.0.0 Safari/537.36"
209.42.27.159 - - [13/Jul/2026:00:41:18 +0000] "POST /wp-cron.php?doing_wp_cron=1783903278.2723939418792724609375 HTTP/1.1" 200 0 "-" "WordPress/7.0.1; https://kokhairat.mykoperasi.coop"
40.77.177.216 - - [13/Jul/2026:00:41:17 +0000] "POST /?wc-ajax=get_refreshed_fragments HTTP/2" 200 488 "https://kokhairat.mykoperasi.coop/download-borang/" "Mozilla/5.0 AppleWebKit/537.36 (KHTML, like Gecko; compatible; bingbot/2.0; +http://www.bing.com/bingbot.htm) Chrome/136.0.0.0 Safari/537.36"
151.247.68.8 - - [13/Jul/2026:01:46:41 +0000] "GET /wp-content/uploads/2024/01/WhatsApp-Image-2024-01-13-at-9.22.05-AM.jpeg HTTP/2" 200 115486 "https://kokhairat.mykoperasi.coop/" "Mozilla/5.0 (Macintosh; Intel Mac OS X 10_15_7) AppleWebKit/537.36 (KHTML, like Gecko) Chrome/130.0.0.0 Safari/537.36"
209.42.27.159 - - [13/Jul/2026:02:11:32 +0000] "POST /wp-cron.php?doing_wp_cron=1783908692.4968380928039550781250 HTTP/1.1" 200 0 "-" "WordPress/7.0.1; https://kokhairat.mykoperasi.coop"
209.42.21.221 - - [13/Jul/2026:02:11:31 +0000] "GET /wp-login.php HTTP/2" 200 2109 "-" "Mozilla/5.0 (iPhone; CPU iPhone OS 18_0 like Mac OS X) AppleWebKit/605.1.15 (KHTML, like Gecko) Version/18.0 Mobile/15E148 Safari/604.1"
209.42.21.221 - - [13/Jul/2026:02:11:32 +0000] "POST /wp-login.php HTTP/2" 200 2243 "https://kokhairat.mykoperasi.coop/wp-login.php" "Mozilla/5.0 (iPhone; CPU iPhone OS 18_0 like Mac OS X) AppleWebKit/605.1.15 (KHTML, like Gecko) Version/18.0 Mobile/15E148 Safari/604.1"
209.42.27.159 - - [13/Jul/2026:03:23:22 +0000] "POST /wp-cron.php?doing_wp_cron=1783913002.0693809986114501953125 HTTP/1.1" 200 0 "-" "WordPress/7.0.1; https://kokhairat.mykoperasi.coop"
47.251.82.1 - - [13/Jul/2026:03:23:21 +0000] "GET /wp-login.php HTTP/2" 200 2109 "-" "Mozilla/5.0 (iPhone; CPU iPhone OS 18_0 like Mac OS X) AppleWebKit/605.1.15 (KHTML, like Gecko) Version/18.0 Mobile/15E148 Safari/604.1"
47.251.82.1 - - [13/Jul/2026:03:23:22 +0000] "POST /wp-login.php HTTP/2" 200 2236 "https://kokhairat.mykoperasi.coop/wp-login.php" "Mozilla/5.0 (iPhone; CPU iPhone OS 18_0 like Mac OS X) AppleWebKit/605.1.15 (KHTML, like Gecko) Version/18.0 Mobile/15E148 Safari/604.1"