HEX
Server: LiteSpeed
System: Linux s17246.sgp1.stableserver.net 5.14.0-611.45.1.el9_7.x86_64 #1 SMP PREEMPT_DYNAMIC Wed Apr 1 05:56:53 EDT 2026 x86_64
User: mykopera (1210)
PHP: 8.2.31
Disabled: NONE
Upload Files
File: /home/mykopera/access-logs/faq.mykoperasi.coop-ssl_log
209.42.27.159 - - [12/Jul/2026:12:56:24 +0000] "POST /wp-cron.php?doing_wp_cron=1783860984.3439810276031494140625 HTTP/1.1" 200 0 "-" "WordPress/7.0.1; https://faq.mykoperasi.coop"
209.42.27.159 - - [12/Jul/2026:12:56:24 +0000] "POST /wp-cron.php?doing_wp_cron=1783860984.6064779758453369140625 HTTP/1.1" 200 0 "-" "WordPress/7.0.1; https://faq.mykoperasi.coop"
216.73.216.94 - - [12/Jul/2026:12:56:20 +0000] "GET /robots.txt HTTP/2" 200 112 "-" "Mozilla/5.0 AppleWebKit/537.36 (KHTML, like Gecko; compatible; ClaudeBot/1.0; +claudebot@anthropic.com)"
216.73.216.94 - - [12/Jul/2026:12:56:25 +0000] "GET /sitemap_index.xml HTTP/2" 200 357 "-" "Mozilla/5.0 AppleWebKit/537.36 (KHTML, like Gecko; compatible; ClaudeBot/1.0; +claudebot@anthropic.com)"
209.42.27.159 - - [12/Jul/2026:12:56:28 +0000] "POST /wp-admin/admin-ajax.php?action=async_litespeed&nonce=6e6b060d81&litespeed_type=imgoptm HTTP/1.1" 200 5 "-" "WordPress/7.0.1; https://faq.mykoperasi.coop"
209.42.27.159 - - [12/Jul/2026:13:18:33 +0000] "POST /wp-cron.php?doing_wp_cron=1783862313.0335030555725097656250 HTTP/1.1" 200 0 "-" "WordPress/7.0.1; https://faq.mykoperasi.coop"
57.141.0.44 - - [12/Jul/2026:13:18:31 +0000] "GET /alk-pengurusan-koop-copy/ HTTP/2" 404 31549 "-" "Mozilla/5.0 (Macintosh; Intel Mac OS X 10_15_7) AppleWebKit/537.36 (KHTML, like Gecko) Chrome/145.0.0.0 Safari/537.36 (compatible; meta-externalagent/1.1 (+https://developers.facebook.com/docs/sharing/webmasters/crawler))"
57.141.0.12 - - [12/Jul/2026:13:18:34 +0000] "GET /wp-content/uploads/2026/02/cropped-ANGKASALOGO-1-96x111.png HTTP/2" 200 7250 "https://faq.mykoperasi.coop/alk-pengurusan-koop-copy/" "Mozilla/5.0 (Macintosh; Intel Mac OS X 10_15_7) AppleWebKit/537.36 (KHTML, like Gecko) Chrome/145.0.0.0 Safari/537.36 (compatible; meta-externalagent/1.1 (+https://developers.facebook.com/docs/sharing/webmasters/crawler))"
57.141.0.55 - - [12/Jul/2026:13:18:34 +0000] "GET /wp-content/themes/astra/assets/css/minified/compatibility/woocommerce/woocommerce-layout-grid.min.css?ver=4.7.3 HTTP/2" 200 1915 "https://faq.mykoperasi.coop/alk-pengurusan-koop-copy/" "Mozilla/5.0 (Macintosh; Intel Mac OS X 10_15_7) AppleWebKit/537.36 (KHTML, like Gecko) Chrome/145.0.0.0 Safari/537.36 (compatible; meta-externalagent/1.1 (+https://developers.facebook.com/docs/sharing/webmasters/crawler))"
57.141.0.5 - - [12/Jul/2026:13:18:34 +0000] "GET /wp-includes/js/jquery/jquery.min.js?ver=3.7.1 HTTP/2" 200 30412 "https://faq.mykoperasi.coop/alk-pengurusan-koop-copy/" "Mozilla/5.0 (Macintosh; Intel Mac OS X 10_15_7) AppleWebKit/537.36 (KHTML, like Gecko) Chrome/145.0.0.0 Safari/537.36 (compatible; meta-externalagent/1.1 (+https://developers.facebook.com/docs/sharing/webmasters/crawler))"
57.141.0.18 - - [12/Jul/2026:13:18:34 +0000] "GET /wp-content/plugins/essential-addons-for-elementor-lite/assets/front-end/css/view/general.min.css?ver=6.0.0 HTTP/2" 200 942 "https://faq.mykoperasi.coop/alk-pengurusan-koop-copy/" "Mozilla/5.0 (Macintosh; Intel Mac OS X 10_15_7) AppleWebKit/537.36 (KHTML, like Gecko) Chrome/145.0.0.0 Safari/537.36 (compatible; meta-externalagent/1.1 (+https://developers.facebook.com/docs/sharing/webmasters/crawler))"
57.141.0.52 - - [12/Jul/2026:13:18:34 +0000] "GET /wp-content/plugins/elementor/assets/css/frontend-lite.min.css?ver=3.23.4 HTTP/2" 200 23063 "https://faq.mykoperasi.coop/alk-pengurusan-koop-copy/" "Mozilla/5.0 (Macintosh; Intel Mac OS X 10_15_7) AppleWebKit/537.36 (KHTML, like Gecko) Chrome/145.0.0.0 Safari/537.36 (compatible; meta-externalagent/1.1 (+https://developers.facebook.com/docs/sharing/webmasters/crawler))"
57.141.0.52 - - [12/Jul/2026:13:18:34 +0000] "GET /wp-content/plugins/woocommerce/assets/client/blocks/wc-blocks.css?ver=wc-9.1.6 HTTP/2" 200 2538 "https://faq.mykoperasi.coop/alk-pengurusan-koop-copy/" "Mozilla/5.0 (Macintosh; Intel Mac OS X 10_15_7) AppleWebKit/537.36 (KHTML, like Gecko) Chrome/145.0.0.0 Safari/537.36 (compatible; meta-externalagent/1.1 (+https://developers.facebook.com/docs/sharing/webmasters/crawler))"
57.141.0.13 - - [12/Jul/2026:13:18:34 +0000] "GET /wp-content/themes/astra/assets/css/minified/compatibility/woocommerce/woocommerce-grid.min.css?ver=4.7.3 HTTP/2" 200 16112 "https://faq.mykoperasi.coop/alk-pengurusan-koop-copy/" "Mozilla/5.0 (Macintosh; Intel Mac OS X 10_15_7) AppleWebKit/537.36 (KHTML, like Gecko) Chrome/145.0.0.0 Safari/537.36 (compatible; meta-externalagent/1.1 (+https://developers.facebook.com/docs/sharing/webmasters/crawler))"
57.141.0.47 - - [12/Jul/2026:13:18:34 +0000] "GET /wp-content/plugins/anspress-question-answer/templates/css/main.css?ver=4.4.4 HTTP/2" 200 14266 "https://faq.mykoperasi.coop/alk-pengurusan-koop-copy/" "Mozilla/5.0 (Macintosh; Intel Mac OS X 10_15_7) AppleWebKit/537.36 (KHTML, like Gecko) Chrome/145.0.0.0 Safari/537.36 (compatible; meta-externalagent/1.1 (+https://developers.facebook.com/docs/sharing/webmasters/crawler))"
57.141.0.59 - - [12/Jul/2026:13:18:34 +0000] "GET /wp-content/themes/astra/assets/js/minified/frontend.min.js?ver=4.7.3 HTTP/2" 200 5295 "https://faq.mykoperasi.coop/alk-pengurusan-koop-copy/" "Mozilla/5.0 (Macintosh; Intel Mac OS X 10_15_7) AppleWebKit/537.36 (KHTML, like Gecko) Chrome/145.0.0.0 Safari/537.36 (compatible; meta-externalagent/1.1 (+https://developers.facebook.com/docs/sharing/webmasters/crawler))"
57.141.0.55 - - [12/Jul/2026:13:18:35 +0000] "GET /wp-content/plugins/essential-addons-for-elementor-lite/assets/front-end/js/view/general.min.js?ver=6.0.0 HTTP/2" 200 3708 "https://faq.mykoperasi.coop/alk-pengurusan-koop-copy/" "Mozilla/5.0 (Macintosh; Intel Mac OS X 10_15_7) AppleWebKit/537.36 (KHTML, like Gecko) Chrome/145.0.0.0 Safari/537.36 (compatible; meta-externalagent/1.1 (+https://developers.facebook.com/docs/sharing/webmasters/crawler))"
57.141.0.69 - - [12/Jul/2026:13:18:35 +0000] "GET /wp-content/plugins/woocommerce/assets/js/jquery-blockui/jquery.blockUI.min.js?ver=2.7.0-wc.9.1.6 HTTP/2" 200 3540 "https://faq.mykoperasi.coop/alk-pengurusan-koop-copy/" "Mozilla/5.0 (Macintosh; Intel Mac OS X 10_15_7) AppleWebKit/537.36 (KHTML, like Gecko) Chrome/145.0.0.0 Safari/537.36 (compatible; meta-externalagent/1.1 (+https://developers.facebook.com/docs/sharing/webmasters/crawler))"
57.141.0.1 - - [12/Jul/2026:13:18:35 +0000] "GET /wp-content/themes/astra/assets/css/minified/compatibility/woocommerce/woocommerce-smallscreen-grid.min.css?ver=4.7.3 HTTP/2" 200 883 "https://faq.mykoperasi.coop/alk-pengurusan-koop-copy/" "Mozilla/5.0 (Macintosh; Intel Mac OS X 10_15_7) AppleWebKit/537.36 (KHTML, like Gecko) Chrome/145.0.0.0 Safari/537.36 (compatible; meta-externalagent/1.1 (+https://developers.facebook.com/docs/sharing/webmasters/crawler))"
209.42.27.159 - - [12/Jul/2026:13:18:35 +0000] "POST /wp-admin/admin-ajax.php?action=async_litespeed&nonce=6e6b060d81&litespeed_type=imgoptm HTTP/1.1" 200 5 "-" "WordPress/7.0.1; https://faq.mykoperasi.coop"
57.141.0.49 - - [12/Jul/2026:13:18:36 +0000] "GET /wp-includes/js/wp-emoji-release.min.js?ver=a04f7b9ea7e51c0557818d8a4676aee5 HTTP/2" 200 5399 "https://faq.mykoperasi.coop/alk-pengurusan-koop-copy/" "Mozilla/5.0 (Macintosh; Intel Mac OS X 10_15_7) AppleWebKit/537.36 (KHTML, like Gecko) Chrome/145.0.0.0 Safari/537.36 (compatible; meta-externalagent/1.1 (+https://developers.facebook.com/docs/sharing/webmasters/crawler))"
45.132.195.112 - - [12/Jul/2026:14:01:45 +0000] "GET / HTTP/1.1" 301 0 "http://www.faq.mykoperasi.coop/" "Mozilla/5.0 (iPhone; CPU iPhone OS 17_5 like Mac OS X) AppleWebKit/605.1.15 (KHTML, like Gecko) Version/17.5 Mobile/15E148 Safari/604.1"
209.42.27.159 - - [12/Jul/2026:14:02:00 +0000] "POST /wp-cron.php?doing_wp_cron=1783864920.6773219108581542968750 HTTP/1.1" 200 0 "-" "WordPress/7.0.1; https://faq.mykoperasi.coop"
45.132.195.112 - - [12/Jul/2026:14:01:45 +0000] "GET / HTTP/1.1" 200 37217 "http://faq.mykoperasi.coop/" "Mozilla/5.0 (Windows NT 10.0; Win64; x64; rv:126.0) Gecko/20100101 Firefox/126.0"
209.42.27.159 - - [12/Jul/2026:14:02:03 +0000] "POST /wp-cron.php?doing_wp_cron=1783864923.7752659320831298828125 HTTP/1.1" 200 0 "-" "WordPress/7.0.1; https://faq.mykoperasi.coop"
209.42.27.159 - - [12/Jul/2026:14:02:00 +0000] "POST /wp-cron.php?doing_wp_cron=1783864920.6729209423065185546875 HTTP/1.1" 200 0 "-" "WordPress/7.0.1; https://faq.mykoperasi.coop"
209.42.27.159 - - [12/Jul/2026:14:02:11 +0000] "POST /wp-admin/admin-ajax.php?action=async_litespeed&nonce=6e6b060d81&litespeed_type=imgoptm HTTP/1.1" 200 5 "-" "WordPress/7.0.1; https://faq.mykoperasi.coop"
209.42.27.159 - - [12/Jul/2026:14:02:11 +0000] "POST /wp-admin/admin-ajax.php?action=as_async_request_queue_runner&nonce=8b4ee0bc88 HTTP/1.1" 200 0 "-" "WordPress/7.0.1; https://faq.mykoperasi.coop"
209.42.27.159 - - [12/Jul/2026:14:10:35 +0000] "POST /wp-cron.php?doing_wp_cron=1783865435.3688900470733642578125 HTTP/1.1" 200 0 "-" "WordPress/7.0.1; https://faq.mykoperasi.coop"
57.141.0.71 - - [12/Jul/2026:14:10:34 +0000] "GET /soaljawabagama/apakah-hukum-membunuh-kucing/ HTTP/2" 200 153676 "-" "Mozilla/5.0 (Windows NT 10.0; Win64; x64) AppleWebKit/537.36 (KHTML, like Gecko) Chrome/145.0.0.0 Safari/537.36 (compatible; meta-externalagent/1.1 (+https://developers.facebook.com/docs/sharing/webmasters/crawler))"
209.42.27.159 - - [12/Jul/2026:14:10:37 +0000] "POST /wp-admin/admin-ajax.php?action=async_litespeed&nonce=6e6b060d81&litespeed_type=imgoptm HTTP/1.1" 200 5 "-" "WordPress/7.0.1; https://faq.mykoperasi.coop"
209.42.27.159 - - [12/Jul/2026:14:16:58 +0000] "POST /wp-cron.php?doing_wp_cron=1783865818.5825660228729248046875 HTTP/1.1" 200 0 "-" "WordPress/7.0.1; https://faq.mykoperasi.coop"
52.167.144.142 - - [12/Jul/2026:14:16:57 +0000] "GET /soaljawabagama/adik-saya-ada-gadaikan-barang-kemas-kepada-pajak-gadai-dengan-faedah-dikenakan-sebanyak-2-sebulan/ HTTP/2" 200 29552 "-" "Mozilla/5.0 AppleWebKit/537.36 (KHTML, like Gecko; compatible; bingbot/2.0; +http://www.bing.com/bingbot.htm) Chrome/116.0.1938.76 Safari/537.36"
209.42.27.159 - - [12/Jul/2026:14:17:00 +0000] "POST /wp-admin/admin-ajax.php?action=async_litespeed&nonce=6e6b060d81&litespeed_type=imgoptm HTTP/1.1" 200 5 "-" "WordPress/7.0.1; https://faq.mykoperasi.coop"
34.122.16.212 - - [12/Jul/2026:14:19:44 +0000] "POST / HTTP/1.1" 200 0 "https://faq.mykoperasi.coop/" "Mozilla/5.0 (Windows NT 10.0; Win64; x64) AppleWebKit/537.36 (KHTML, like Gecko) Chrome/145.0.0.0 Safari/537.36"
34.31.88.250 - - [12/Jul/2026:14:20:41 +0000] "POST / HTTP/1.1" 200 0 "https://faq.mykoperasi.coop/" "Mozilla/5.0 (Windows NT 10.0; Win64; x64) AppleWebKit/537.36 (KHTML, like Gecko) Chrome/145.0.0.0 Safari/537.36"
209.42.27.159 - - [12/Jul/2026:14:49:21 +0000] "POST /wp-cron.php?doing_wp_cron=1783867761.2961099147796630859375 HTTP/1.1" 200 0 "-" "WordPress/7.0.1; https://faq.mykoperasi.coop"
216.73.216.94 - - [12/Jul/2026:14:49:20 +0000] "GET /robots.txt HTTP/2" 200 112 "-" "Mozilla/5.0 AppleWebKit/537.36 (KHTML, like Gecko; compatible; ClaudeBot/1.0; +claudebot@anthropic.com)"
209.42.27.159 - - [12/Jul/2026:14:49:23 +0000] "POST /wp-admin/admin-ajax.php?action=async_litespeed&nonce=6e6b060d81&litespeed_type=imgoptm HTTP/1.1" 200 5 "-" "WordPress/7.0.1; https://faq.mykoperasi.coop"
216.73.216.94 - - [12/Jul/2026:14:49:25 +0000] "GET /sitemap_index.xml HTTP/2" 200 357 "-" "Mozilla/5.0 AppleWebKit/537.36 (KHTML, like Gecko; compatible; ClaudeBot/1.0; +claudebot@anthropic.com)"
209.42.27.159 - - [12/Jul/2026:14:55:24 +0000] "POST /wp-cron.php?doing_wp_cron=1783868124.5049009323120117187500 HTTP/1.1" 200 0 "-" "WordPress/7.0.1; https://faq.mykoperasi.coop"
47.128.49.104 - - [12/Jul/2026:14:55:23 +0000] "GET /robots.txt HTTP/1.1" 200 130 "-" "Mozilla/5.0 (Linux; Android 5.0) AppleWebKit/537.36 (KHTML, like Gecko) Mobile Safari/537.36 (compatible; Bytespider; spider-feedback@bytedance.com)"
209.42.27.159 - - [12/Jul/2026:14:55:26 +0000] "POST /wp-admin/admin-ajax.php?action=async_litespeed&nonce=6e6b060d81&litespeed_type=imgoptm HTTP/1.1" 200 5 "-" "WordPress/7.0.1; https://faq.mykoperasi.coop"
209.42.27.159 - - [12/Jul/2026:15:05:41 +0000] "POST /wp-cron.php?doing_wp_cron=1783868741.0157780647277832031250 HTTP/1.1" 200 0 "-" "WordPress/7.0.1; https://faq.mykoperasi.coop"
209.42.27.159 - - [12/Jul/2026:15:05:41 +0000] "POST /wp-cron.php?doing_wp_cron=1783868741.2147219181060791015625 HTTP/1.1" 200 0 "-" "WordPress/7.0.1; https://faq.mykoperasi.coop"
216.38.230.122 - - [12/Jul/2026:15:05:40 +0000] "GET / HTTP/1.1" 301 0 "-" "Mozilla/5.0 (Windows NT 10.0; Win64; x64) AppleWebKit/537.36 (KHTML, like Gecko) Chrome/120.0.0.0 Safari/537.36"
216.38.230.122 - - [12/Jul/2026:15:05:42 +0000] "GET / HTTP/1.1" 200 31555 "-" "Mozilla/5.0 (Windows NT 10.0; Win64; x64) AppleWebKit/537.36 (KHTML, like Gecko) Chrome/120.0.0.0 Safari/537.36"
216.38.230.122 - - [12/Jul/2026:15:05:44 +0000] "GET /wp-content/uploads/2026/02/cropped-ANGKASALOGO-32x32.png HTTP/1.1" 200 1117 "-" "Mozilla/5.0 (Windows NT 10.0; Win64; x64) AppleWebKit/537.36 (KHTML, like Gecko) Chrome/120.0.0.0 Safari/537.36"
209.42.27.159 - - [12/Jul/2026:15:05:43 +0000] "POST /wp-admin/admin-ajax.php?action=async_litespeed&nonce=6e6b060d81&litespeed_type=imgoptm HTTP/1.1" 200 5 "-" "WordPress/7.0.1; https://faq.mykoperasi.coop"
216.38.230.123 - - [12/Jul/2026:15:05:44 +0000] "HEAD /sitemap.xml HTTP/1.1" 301 0 "-" "Mozilla/5.0 (Windows NT 10.0; Win64; x64) AppleWebKit/537.36 (KHTML, like Gecko) Chrome/120.0.0.0 Safari/537.36"
216.38.230.122 - - [12/Jul/2026:15:05:45 +0000] "HEAD /sitemap_index.xml HTTP/1.1" 200 0 "-" "Mozilla/5.0 (Windows NT 10.0; Win64; x64) AppleWebKit/537.36 (KHTML, like Gecko) Chrome/120.0.0.0 Safari/537.36"
209.42.27.159 - - [12/Jul/2026:15:29:24 +0000] "POST /wp-cron.php?doing_wp_cron=1783870163.8833739757537841796875 HTTP/1.1" 200 0 "-" "WordPress/7.0.1; https://faq.mykoperasi.coop"
40.77.167.22 - - [12/Jul/2026:15:29:23 +0000] "GET /sitemap_index.xml HTTP/2" 200 357 "-" "Mozilla/5.0 AppleWebKit/537.36 (KHTML, like Gecko; compatible; bingbot/2.0; +http://www.bing.com/bingbot.htm) Chrome/116.0.1938.76 Safari/537.36"
209.42.27.159 - - [12/Jul/2026:15:29:26 +0000] "POST /wp-admin/admin-ajax.php?action=async_litespeed&nonce=6e6b060d81&litespeed_type=imgoptm HTTP/1.1" 200 5 "-" "WordPress/7.0.1; https://faq.mykoperasi.coop"
209.42.27.159 - - [12/Jul/2026:15:49:57 +0000] "POST /wp-cron.php?doing_wp_cron=1783871397.7215759754180908203125 HTTP/1.1" 200 0 "-" "WordPress/7.0.1; https://faq.mykoperasi.coop"
40.77.167.61 - - [12/Jul/2026:15:49:56 +0000] "GET /soaljawabagama/my-simpler-car-valuation-is-muscular-is-yours/?order_by=active HTTP/2" 200 31400 "-" "Mozilla/5.0 AppleWebKit/537.36 (KHTML, like Gecko; compatible; bingbot/2.0; +http://www.bing.com/bingbot.htm) Chrome/116.0.1938.76 Safari/537.36"
209.42.27.159 - - [12/Jul/2026:15:49:59 +0000] "POST /wp-admin/admin-ajax.php?action=async_litespeed&nonce=6e6b060d81&litespeed_type=imgoptm HTTP/1.1" 200 5 "-" "WordPress/7.0.1; https://faq.mykoperasi.coop"
209.42.27.159 - - [12/Jul/2026:15:50:00 +0000] "POST /wp-admin/admin-ajax.php?action=wordfence_testAjax HTTP/1.1" 200 16 "-" "WordPress/7.0.1; https://faq.mykoperasi.coop"
209.42.27.159 - - [12/Jul/2026:15:50:02 +0000] "GET /wp-admin/admin-ajax.php?action=wordfence_doScan&isFork=0&scanMode=quick&cronKey=bad5e3ac0cb8d4fa38ce6117181c5279&signature=c43490adc4c6dc26b32b0aa6247327d50101085fada4bfe8cf1260bdcb883a1e HTTP/1.1" 200 0 "-" "WordPress/7.0.1; https://faq.mykoperasi.coop"
209.42.27.159 - - [12/Jul/2026:16:59:32 +0000] "POST /wp-cron.php?doing_wp_cron=1783875572.0779860019683837890625 HTTP/1.1" 200 0 "-" "WordPress/7.0.1; https://faq.mykoperasi.coop"
209.42.27.159 - - [12/Jul/2026:16:59:32 +0000] "POST /wp-cron.php?doing_wp_cron=1783875572.5887091159820556640625 HTTP/1.1" 200 0 "-" "WordPress/7.0.1; https://faq.mykoperasi.coop"
57.141.0.23 - - [12/Jul/2026:16:59:31 +0000] "GET /questions/ask/ HTTP/2" 200 158953 "-" "Mozilla/5.0 (Macintosh; Intel Mac OS X 10_15_7) AppleWebKit/537.36 (KHTML, like Gecko) Chrome/145.0.0.0 Safari/537.36 (compatible; meta-externalagent/1.1 (+https://developers.facebook.com/docs/sharing/webmasters/crawler))"
209.42.27.159 - - [12/Jul/2026:16:59:34 +0000] "POST /wp-admin/admin-ajax.php?action=async_litespeed&nonce=6e6b060d81&litespeed_type=imgoptm HTTP/1.1" 200 5 "-" "WordPress/7.0.1; https://faq.mykoperasi.coop"
209.42.27.159 - - [12/Jul/2026:17:00:12 +0000] "POST /wp-cron.php?doing_wp_cron=1783875612.4303851127624511718750 HTTP/1.1" 200 0 "-" "WordPress/7.0.1; https://faq.mykoperasi.coop"
104.210.140.139 - - [12/Jul/2026:17:00:11 +0000] "GET /robots.txt HTTP/2" 200 112 "-" "Mozilla/5.0 (Macintosh; Intel Mac OS X 10_15_7) AppleWebKit/537.36 (KHTML, like Gecko) Chrome/131.0.0.0 Safari/537.36; compatible; OAI-SearchBot/1.0; +https://openai.com/searchbot"
209.42.27.159 - - [12/Jul/2026:17:00:13 +0000] "POST /wp-admin/admin-ajax.php?action=async_litespeed&nonce=6e6b060d81&litespeed_type=imgoptm HTTP/1.1" 200 5 "-" "WordPress/7.0.1; https://faq.mykoperasi.coop"
209.42.27.159 - - [12/Jul/2026:17:00:36 +0000] "POST /wp-cron.php?doing_wp_cron=1783875636.7278060913085937500000 HTTP/1.1" 200 0 "-" "WordPress/7.0.1; https://faq.mykoperasi.coop"
216.73.216.94 - - [12/Jul/2026:17:00:35 +0000] "GET /robots.txt HTTP/2" 200 112 "-" "Mozilla/5.0 AppleWebKit/537.36 (KHTML, like Gecko; compatible; ClaudeBot/1.0; +claudebot@anthropic.com)"
216.73.216.94 - - [12/Jul/2026:17:00:37 +0000] "GET /sitemap_index.xml HTTP/2" 200 357 "-" "Mozilla/5.0 AppleWebKit/537.36 (KHTML, like Gecko; compatible; ClaudeBot/1.0; +claudebot@anthropic.com)"
209.42.27.159 - - [12/Jul/2026:17:36:09 +0000] "POST /wp-cron.php?doing_wp_cron=1783877769.0479600429534912109375 HTTP/1.1" 200 0 "-" "WordPress/7.0.1; https://faq.mykoperasi.coop"
57.141.0.61 - - [12/Jul/2026:17:36:07 +0000] "GET /soaljawabagama/erase-them-to-erase-an-overall-bonding-on-we-value-it/ HTTP/2" 200 157564 "-" "Mozilla/5.0 (Macintosh; Intel Mac OS X 10_15_7) AppleWebKit/537.36 (KHTML, like Gecko) Chrome/145.0.0.0 Safari/537.36 (compatible; meta-externalagent/1.1 (+https://developers.facebook.com/docs/sharing/webmasters/crawler))"
209.42.27.159 - - [12/Jul/2026:17:36:10 +0000] "POST /wp-admin/admin-ajax.php?action=async_litespeed&nonce=6e6b060d81&litespeed_type=imgoptm HTTP/1.1" 200 5 "-" "WordPress/7.0.1; https://faq.mykoperasi.coop"
209.42.27.159 - - [12/Jul/2026:17:36:11 +0000] "POST /wp-admin/admin-ajax.php?action=as_async_request_queue_runner&nonce=8b4ee0bc88 HTTP/1.1" 200 0 "-" "WordPress/7.0.1; https://faq.mykoperasi.coop"
209.42.27.159 - - [12/Jul/2026:19:18:10 +0000] "POST /wp-cron.php?doing_wp_cron=1783883889.9827489852905273437500 HTTP/1.1" 200 0 "-" "WordPress/7.0.1; https://faq.mykoperasi.coop"
57.141.0.34 - - [12/Jul/2026:19:18:09 +0000] "GET /sitemap_index.xml HTTP/2" 200 1210 "-" "Mozilla/5.0 (Macintosh; Intel Mac OS X 10_15_7) AppleWebKit/537.36 (KHTML, like Gecko) Chrome/145.0.0.0 Safari/537.36 (compatible; meta-externalagent/1.1 (+https://developers.facebook.com/docs/sharing/webmasters/crawler))"
209.42.27.159 - - [12/Jul/2026:19:18:13 +0000] "POST /wp-cron.php?doing_wp_cron=1783883892.8454349040985107421875 HTTP/1.1" 200 0 "-" "WordPress/7.0.1; https://faq.mykoperasi.coop"
209.42.27.159 - - [12/Jul/2026:19:18:12 +0000] "POST /wp-admin/admin-ajax.php?action=async_litespeed&nonce=6e6b060d81&litespeed_type=imgoptm HTTP/1.1" 200 5 "-" "WordPress/7.0.1; https://faq.mykoperasi.coop"
209.42.27.159 - - [12/Jul/2026:19:43:58 +0000] "POST /wp-cron.php?doing_wp_cron=1783885438.7087349891662597656250 HTTP/1.1" 200 0 "-" "WordPress/7.0.1; https://faq.mykoperasi.coop"
74.7.241.131 - - [12/Jul/2026:19:43:57 +0000] "GET /robots.txt HTTP/2" 301 0 "-" "Mozilla/5.0 (Macintosh; Intel Mac OS X 10_15_7) AppleWebKit/537.36 (KHTML, like Gecko) Chrome/131.0.0.0 Safari/537.36; compatible; OAI-SearchBot/1.4; robots.txt; +https://openai.com/searchbot"
74.7.241.131 - - [12/Jul/2026:19:43:59 +0000] "GET /robots.txt HTTP/2" 200 112 "https://www.faq.mykoperasi.coop/robots.txt" "Mozilla/5.0 (Macintosh; Intel Mac OS X 10_15_7) AppleWebKit/537.36 (KHTML, like Gecko) Chrome/131.0.0.0 Safari/537.36; compatible; OAI-SearchBot/1.4; robots.txt; +https://openai.com/searchbot"
209.42.27.159 - - [12/Jul/2026:19:44:01 +0000] "POST /wp-admin/admin-ajax.php?action=async_litespeed&nonce=6e6b060d81&litespeed_type=imgoptm HTTP/1.1" 200 5 "-" "WordPress/7.0.1; https://faq.mykoperasi.coop"
209.42.27.159 - - [12/Jul/2026:20:10:49 +0000] "POST /wp-cron.php?doing_wp_cron=1783887049.1371231079101562500000 HTTP/1.1" 200 0 "-" "WordPress/7.0.1; https://faq.mykoperasi.coop"
216.73.216.94 - - [12/Jul/2026:20:10:48 +0000] "GET /robots.txt HTTP/2" 200 112 "-" "Mozilla/5.0 AppleWebKit/537.36 (KHTML, like Gecko; compatible; ClaudeBot/1.0; +claudebot@anthropic.com)"
216.73.216.94 - - [12/Jul/2026:20:10:51 +0000] "GET /sitemap_index.xml HTTP/2" 200 357 "-" "Mozilla/5.0 AppleWebKit/537.36 (KHTML, like Gecko; compatible; ClaudeBot/1.0; +claudebot@anthropic.com)"
209.42.27.159 - - [12/Jul/2026:20:10:53 +0000] "POST /wp-admin/admin-ajax.php?action=async_litespeed&nonce=6e6b060d81&litespeed_type=imgoptm HTTP/1.1" 200 5 "-" "WordPress/7.0.1; https://faq.mykoperasi.coop"
34.122.16.212 - - [12/Jul/2026:20:58:55 +0000] "POST / HTTP/1.1" 200 0 "https://www.faq.mykoperasi.coop/" "Mozilla/5.0 (Windows NT 10.0; Win64; x64) AppleWebKit/537.36 (KHTML, like Gecko) Chrome/145.0.0.0 Safari/537.36"
34.31.88.250 - - [12/Jul/2026:21:15:18 +0000] "POST / HTTP/1.1" 200 0 "https://www.faq.mykoperasi.coop/" "Mozilla/5.0 (Windows NT 10.0; Win64; x64) AppleWebKit/537.36 (KHTML, like Gecko) Chrome/146.0.0.0 Safari/537.36"
209.42.27.159 - - [12/Jul/2026:22:01:03 +0000] "POST /wp-cron.php?doing_wp_cron=1783893662.9705879688262939453125 HTTP/1.1" 200 0 "-" "WordPress/7.0.1; https://faq.mykoperasi.coop"
57.141.0.42 - - [12/Jul/2026:22:01:02 +0000] "GET /product-sitemap.xml HTTP/2" 200 1400 "-" "Mozilla/5.0 (Windows NT 10.0; Win64; x64) AppleWebKit/537.36 (KHTML, like Gecko) Chrome/145.0.0.0 Safari/537.36 Edg/145.0.0.0 (compatible; meta-externalagent/1.1 (+https://developers.facebook.com/docs/sharing/webmasters/crawler))"
209.42.27.159 - - [12/Jul/2026:22:01:06 +0000] "POST /wp-cron.php?doing_wp_cron=1783893665.9715540409088134765625 HTTP/1.1" 200 0 "-" "WordPress/7.0.1; https://faq.mykoperasi.coop"
209.42.27.159 - - [12/Jul/2026:22:01:05 +0000] "POST /wp-admin/admin-ajax.php?action=async_litespeed&nonce=6e6b060d81&litespeed_type=imgoptm HTTP/1.1" 200 5 "-" "WordPress/7.0.1; https://faq.mykoperasi.coop"
209.42.27.159 - - [12/Jul/2026:22:26:25 +0000] "POST /wp-cron.php?doing_wp_cron=1783895185.3692419528961181640625 HTTP/1.1" 200 0 "-" "WordPress/7.0.1; https://faq.mykoperasi.coop"
57.141.0.71 - - [12/Jul/2026:22:26:24 +0000] "GET /questions/tags/ HTTP/2" 404 146004 "-" "Mozilla/5.0 (Macintosh; Intel Mac OS X 10_15_7) AppleWebKit/537.36 (KHTML, like Gecko) Chrome/145.0.0.0 Safari/537.36 (compatible; meta-externalagent/1.1 (+https://developers.facebook.com/docs/sharing/webmasters/crawler))"
209.42.27.159 - - [12/Jul/2026:22:26:27 +0000] "POST /wp-admin/admin-ajax.php?action=async_litespeed&nonce=6e6b060d81&litespeed_type=imgoptm HTTP/1.1" 200 5 "-" "WordPress/7.0.1; https://faq.mykoperasi.coop"
209.42.27.159 - - [12/Jul/2026:22:43:16 +0000] "POST /wp-cron.php?doing_wp_cron=1783896196.3725159168243408203125 HTTP/1.1" 200 0 "-" "WordPress/7.0.1; https://faq.mykoperasi.coop"
57.141.0.66 - - [12/Jul/2026:22:43:15 +0000] "GET /questions/ HTTP/2" 200 158899 "-" "Mozilla/5.0 (Macintosh; Intel Mac OS X 10_15_7) AppleWebKit/537.36 (KHTML, like Gecko) Chrome/145.0.0.0 Safari/537.36 (compatible; meta-externalagent/1.1 (+https://developers.facebook.com/docs/sharing/webmasters/crawler))"
209.42.27.159 - - [12/Jul/2026:22:43:18 +0000] "POST /wp-admin/admin-ajax.php?action=async_litespeed&nonce=6e6b060d81&litespeed_type=imgoptm HTTP/1.1" 200 5 "-" "WordPress/7.0.1; https://faq.mykoperasi.coop"
209.42.27.159 - - [12/Jul/2026:23:15:59 +0000] "POST /wp-cron.php?doing_wp_cron=1783898158.9808480739593505859375 HTTP/1.1" 200 0 "-" "WordPress/7.0.1; https://faq.mykoperasi.coop"
209.42.27.159 - - [12/Jul/2026:23:15:59 +0000] "POST /wp-cron.php?doing_wp_cron=1783898159.1923420429229736328125 HTTP/1.1" 200 0 "-" "WordPress/7.0.1; https://faq.mykoperasi.coop"
216.73.216.94 - - [12/Jul/2026:23:15:58 +0000] "GET /robots.txt HTTP/2" 200 112 "-" "Mozilla/5.0 AppleWebKit/537.36 (KHTML, like Gecko; compatible; ClaudeBot/1.0; +claudebot@anthropic.com)"
216.73.216.94 - - [12/Jul/2026:23:15:59 +0000] "GET /sitemap_index.xml HTTP/2" 200 357 "-" "Mozilla/5.0 AppleWebKit/537.36 (KHTML, like Gecko; compatible; ClaudeBot/1.0; +claudebot@anthropic.com)"
209.42.27.159 - - [12/Jul/2026:23:16:01 +0000] "POST /wp-admin/admin-ajax.php?action=async_litespeed&nonce=6e6b060d81&litespeed_type=imgoptm HTTP/1.1" 200 5 "-" "WordPress/7.0.1; https://faq.mykoperasi.coop"
52.167.144.196 - - [13/Jul/2026:00:01:58 +0000] "GET /wp-content/plugins/woocommerce/assets/fonts/star.woff HTTP/2" 200 1304 "https://faq.mykoperasi.coop/wp-content/themes/astra/assets/css/minified/compatibility/woocommerce/woocommerce-grid.min.css?ver=4.7.3" "Mozilla/5.0 AppleWebKit/537.36 (KHTML, like Gecko; compatible; bingbot/2.0; +http://www.bing.com/bingbot.htm) Chrome/136.0.0.0 Safari/537.36 AppleWebKit/537.36 (KHTML, like Gecko; compatible; bingbot/2.0; +http://www.bing.com/bingbot.htm) Chrome/116.0.1938.76 Safari/537.36"
52.167.144.216 - - [13/Jul/2026:00:02:02 +0000] "GET /wp-content/plugins/woocommerce/assets/fonts/star.ttf HTTP/2" 200 758 "https://faq.mykoperasi.coop/wp-content/themes/astra/assets/css/minified/compatibility/woocommerce/woocommerce-grid.min.css?ver=4.7.3" "Mozilla/5.0 AppleWebKit/537.36 (KHTML, like Gecko; compatible; bingbot/2.0; +http://www.bing.com/bingbot.htm) Chrome/136.0.0.0 Safari/537.36 AppleWebKit/537.36 (KHTML, like Gecko; compatible; bingbot/2.0; +http://www.bing.com/bingbot.htm) Chrome/116.0.1938.76 Safari/537.36"
209.42.27.159 - - [13/Jul/2026:00:32:03 +0000] "POST /wp-cron.php?doing_wp_cron=1783902723.4608330726623535156250 HTTP/1.1" 200 0 "-" "WordPress/7.0.1; https://faq.mykoperasi.coop"
209.42.27.159 - - [13/Jul/2026:00:32:04 +0000] "POST /wp-cron.php?doing_wp_cron=1783902723.9446890354156494140625 HTTP/1.1" 200 0 "-" "WordPress/7.0.1; https://faq.mykoperasi.coop"
57.141.0.48 - - [13/Jul/2026:00:32:00 +0000] "GET /kedai-online/ HTTP/2" 200 157877 "-" "Mozilla/5.0 (Macintosh; Intel Mac OS X 10_15_7) AppleWebKit/537.36 (KHTML, like Gecko) Chrome/145.0.0.0 Safari/537.36 (compatible; meta-externalagent/1.1 (+https://developers.facebook.com/docs/sharing/webmasters/crawler))"
209.42.27.159 - - [13/Jul/2026:00:32:05 +0000] "POST /wp-admin/admin-ajax.php?action=async_litespeed&nonce=347d8e36ab&litespeed_type=imgoptm HTTP/1.1" 200 5 "-" "WordPress/7.0.1; https://faq.mykoperasi.coop"
209.42.27.159 - - [13/Jul/2026:00:42:40 +0000] "POST /wp-cron.php?doing_wp_cron=1783903360.7542910575866699218750 HTTP/1.1" 200 0 "-" "WordPress/7.0.1; https://faq.mykoperasi.coop"
57.141.0.40 - - [13/Jul/2026:00:42:39 +0000] "GET /checkout/ HTTP/2" 302 0 "-" "Mozilla/5.0 (Macintosh; Intel Mac OS X 10_15_7) AppleWebKit/537.36 (KHTML, like Gecko) Chrome/145.0.0.0 Safari/537.36 (compatible; meta-externalagent/1.1 (+https://developers.facebook.com/docs/sharing/webmasters/crawler))"
209.42.27.159 - - [13/Jul/2026:00:42:43 +0000] "POST /wp-admin/admin-ajax.php?action=async_litespeed&nonce=347d8e36ab&litespeed_type=imgoptm HTTP/1.1" 200 5 "-" "WordPress/7.0.1; https://faq.mykoperasi.coop"
209.42.27.159 - - [13/Jul/2026:00:42:43 +0000] "POST /wp-admin/admin-ajax.php?action=wp_1_wc_privacy_cleanup&nonce=00b128a095 HTTP/1.1" 200 0 "-" "WordPress/7.0.1; https://faq.mykoperasi.coop"
209.42.27.159 - - [13/Jul/2026:01:02:35 +0000] "POST /wp-cron.php?doing_wp_cron=1783904555.8118710517883300781250 HTTP/1.1" 200 0 "-" "WordPress/7.0.1; https://faq.mykoperasi.coop"
57.141.0.49 - - [13/Jul/2026:01:02:33 +0000] "GET /info-portal/ HTTP/2" 200 183247 "-" "Mozilla/5.0 (Windows NT 10.0; Win64; x64) AppleWebKit/537.36 (KHTML, like Gecko) Chrome/145.0.0.0 Safari/537.36 (compatible; meta-externalagent/1.1 (+https://developers.facebook.com/docs/sharing/webmasters/crawler))"
209.42.27.159 - - [13/Jul/2026:01:17:37 +0000] "POST /wp-cron.php?doing_wp_cron=1783905457.2667369842529296875000 HTTP/1.1" 200 0 "-" "WordPress/7.0.1; https://faq.mykoperasi.coop"
57.141.0.13 - - [13/Jul/2026:01:17:35 +0000] "GET /borang-koperasi/ HTTP/2" 200 181456 "-" "Mozilla/5.0 (Windows NT 10.0; Win64; x64) AppleWebKit/537.36 (KHTML, like Gecko) Chrome/145.0.0.0 Safari/537.36 (compatible; meta-externalagent/1.1 (+https://developers.facebook.com/docs/sharing/webmasters/crawler))"
209.42.27.159 - - [13/Jul/2026:01:17:38 +0000] "POST /wp-admin/admin-ajax.php?action=async_litespeed&nonce=347d8e36ab&litespeed_type=imgoptm HTTP/1.1" 200 5 "-" "WordPress/7.0.1; https://faq.mykoperasi.coop"
209.42.27.159 - - [13/Jul/2026:01:23:21 +0000] "POST /wp-cron.php?doing_wp_cron=1783905801.4944100379943847656250 HTTP/1.1" 200 0 "-" "WordPress/7.0.1; https://faq.mykoperasi.coop"
57.141.0.39 - - [13/Jul/2026:01:23:20 +0000] "GET /categories/ HTTP/2" 404 146249 "-" "Mozilla/5.0 (Macintosh; Intel Mac OS X 10_15_7) AppleWebKit/537.36 (KHTML, like Gecko) Chrome/145.0.0.0 Safari/537.36 (compatible; meta-externalagent/1.1 (+https://developers.facebook.com/docs/sharing/webmasters/crawler))"
209.42.27.159 - - [13/Jul/2026:01:23:22 +0000] "POST /wp-admin/admin-ajax.php?action=async_litespeed&nonce=347d8e36ab&litespeed_type=imgoptm HTTP/1.1" 200 5 "-" "WordPress/7.0.1; https://faq.mykoperasi.coop"
209.42.27.159 - - [13/Jul/2026:01:23:22 +0000] "POST /wp-admin/admin-ajax.php?action=as_async_request_queue_runner&nonce=1e33414d9c HTTP/1.1" 200 0 "-" "WordPress/7.0.1; https://faq.mykoperasi.coop"
209.42.27.159 - - [13/Jul/2026:01:30:04 +0000] "POST /wp-cron.php?doing_wp_cron=1783906203.8790490627288818359375 HTTP/1.1" 200 0 "-" "WordPress/7.0.1; https://faq.mykoperasi.coop"
57.141.0.61 - - [13/Jul/2026:01:30:01 +0000] "GET /tags/ HTTP/2" 404 146153 "-" "Mozilla/5.0 (Windows NT 10.0; Win64; x64) AppleWebKit/537.36 (KHTML, like Gecko) Chrome/145.0.0.0 Safari/537.36 (compatible; meta-externalagent/1.1 (+https://developers.facebook.com/docs/sharing/webmasters/crawler))"
209.42.27.159 - - [13/Jul/2026:01:30:05 +0000] "POST /wp-admin/admin-ajax.php?action=async_litespeed&nonce=347d8e36ab&litespeed_type=imgoptm HTTP/1.1" 200 5 "-" "WordPress/7.0.1; https://faq.mykoperasi.coop"
209.42.27.159 - - [13/Jul/2026:01:38:14 +0000] "POST /wp-cron.php?doing_wp_cron=1783906694.0284850597381591796875 HTTP/1.1" 200 0 "-" "WordPress/7.0.1; https://faq.mykoperasi.coop"
209.42.27.159 - - [13/Jul/2026:01:38:14 +0000] "POST /wp-cron.php?doing_wp_cron=1783906694.2366840839385986328125 HTTP/1.1" 200 0 "-" "WordPress/7.0.1; https://faq.mykoperasi.coop"
216.73.217.104 - - [13/Jul/2026:01:38:12 +0000] "GET /robots.txt HTTP/2" 200 112 "-" "Mozilla/5.0 AppleWebKit/537.36 (KHTML, like Gecko; compatible; ClaudeBot/1.0; +claudebot@anthropic.com)"
216.73.217.104 - - [13/Jul/2026:01:38:15 +0000] "GET /sitemap_index.xml HTTP/2" 200 357 "-" "Mozilla/5.0 AppleWebKit/537.36 (KHTML, like Gecko; compatible; ClaudeBot/1.0; +claudebot@anthropic.com)"
209.42.27.159 - - [13/Jul/2026:01:38:15 +0000] "POST /wp-admin/admin-ajax.php?action=async_litespeed&nonce=347d8e36ab&litespeed_type=imgoptm HTTP/1.1" 200 5 "-" "WordPress/7.0.1; https://faq.mykoperasi.coop"
209.42.27.159 - - [13/Jul/2026:03:14:04 +0000] "POST /wp-cron.php?doing_wp_cron=1783912444.5923249721527099609375 HTTP/1.1" 200 0 "-" "WordPress/7.0.1; https://faq.mykoperasi.coop"
209.42.27.159 - - [13/Jul/2026:03:14:04 +0000] "POST /wp-cron.php?doing_wp_cron=1783912444.7852430343627929687500 HTTP/1.1" 200 0 "-" "WordPress/7.0.1; https://faq.mykoperasi.coop"
74.7.241.131 - - [13/Jul/2026:03:14:03 +0000] "GET /robots.txt HTTP/2" 301 0 "http://www.faq.mykoperasi.coop/robots.txt" "Mozilla/5.0 (Macintosh; Intel Mac OS X 10_15_7) AppleWebKit/537.36 (KHTML, like Gecko) Chrome/131.0.0.0 Safari/537.36; compatible; OAI-SearchBot/1.4; robots.txt; +https://openai.com/searchbot"
74.7.241.131 - - [13/Jul/2026:03:14:06 +0000] "GET /robots.txt HTTP/2" 200 112 "https://www.faq.mykoperasi.coop/robots.txt" "Mozilla/5.0 (Macintosh; Intel Mac OS X 10_15_7) AppleWebKit/537.36 (KHTML, like Gecko) Chrome/131.0.0.0 Safari/537.36; compatible; OAI-SearchBot/1.4; robots.txt; +https://openai.com/searchbot"
209.42.27.159 - - [13/Jul/2026:03:14:06 +0000] "POST /wp-admin/admin-ajax.php?action=async_litespeed&nonce=347d8e36ab&litespeed_type=imgoptm HTTP/1.1" 200 5 "-" "WordPress/7.0.1; https://faq.mykoperasi.coop"
74.7.244.58 - - [13/Jul/2026:03:14:08 +0000] "GET /robots.txt HTTP/2" 200 112 "-" "Mozilla/5.0 (Macintosh; Intel Mac OS X 10_15_7) AppleWebKit/537.36 (KHTML, like Gecko) Chrome/131.0.0.0 Safari/537.36; compatible; OAI-SearchBot/1.4; robots.txt; +https://openai.com/searchbot"
209.42.27.159 - - [13/Jul/2026:03:17:41 +0000] "POST /wp-cron.php?doing_wp_cron=1783912661.7441658973693847656250 HTTP/1.1" 200 0 "-" "WordPress/7.0.1; https://faq.mykoperasi.coop"
47.128.49.122 - - [13/Jul/2026:03:17:40 +0000] "GET /robots.txt HTTP/1.1" 200 130 "-" "Mozilla/5.0 (Linux; Android 5.0) AppleWebKit/537.36 (KHTML, like Gecko) Mobile Safari/537.36 (compatible; Bytespider; spider-feedback@bytedance.com)"
209.42.27.159 - - [13/Jul/2026:03:17:42 +0000] "POST /wp-admin/admin-ajax.php?action=async_litespeed&nonce=347d8e36ab&litespeed_type=imgoptm HTTP/1.1" 200 5 "-" "WordPress/7.0.1; https://faq.mykoperasi.coop"